This is the mail archive of the
gcc-testresults@gcc.gnu.org
mailing list for the GCC project.
Results for 3.1 20020510 (prerelease) testsuite on s390x-ibm-linux-gnu
- From: "Ulrich Weigand" <Ulrich dot Weigand at de dot ibm dot com>
- To: gcc-testresults at gcc dot gnu dot org
- Date: Tue, 14 May 2002 16:35:50 +0200
- Subject: Results for 3.1 20020510 (prerelease) testsuite on s390x-ibm-linux-gnu
- Sensitivity:
Native configuration is s390x-ibm-linux-gnu
=== g++ tests ===
Running target unix
=== g++ Summary ===
# of expected passes 7161
# of expected failures 88
# of untested testcases 23
# of unsupported tests 4
/mnt/dasdc1/weigand/fsf/gcc-3.1-20020510-build/gcc/testsuite/../g++ version 3.1 20020510 (prerelease)
=== g77 tests ===
Running target unix
=== g77 Summary ===
# of expected passes 1452
# of unsupported tests 8
/mnt/dasdc1/weigand/fsf/gcc-3.1-20020510-build/gcc/testsuite/../g77 version 3.1 20020510 (prerelease)
=== gcc tests ===
Running target unix
XPASS: gcc.dg/c99-intconst-1.c (test for excess errors)
=== gcc Summary ===
# of expected passes 18251
# of unexpected successes 1
# of expected failures 65
# of unsupported tests 114
/mnt/dasdc1/weigand/fsf/gcc-3.1-20020510-build/gcc/xgcc version 3.1 20020510 (prerelease)
=== objc tests ===
Running target unix
=== objc Summary ===
# of expected passes 1036
# of expected failures 6
/mnt/dasdc1/weigand/fsf/gcc-3.1-20020510-build/gcc/xgcc version 3.1 20020510 (prerelease)
=== libstdc++-v3 tests ===
Running target unix
XPASS: 22_locale/collate_byname.cc execution test
XPASS: 22_locale/collate_members_char.cc execution test
XPASS: 22_locale/collate_members_wchar_t.cc execution test
XPASS: 22_locale/ctype_members_char.cc execution test
XPASS: 22_locale/members.cc execution test
XPASS: 22_locale/messages_byname.cc execution test
XPASS: 22_locale/messages_members_char.cc execution test
XPASS: 22_locale/money_get_members_char.cc execution test
XPASS: 22_locale/money_get_members_wchar_t.cc execution test
XPASS: 22_locale/money_put_members_char.cc execution test
XPASS: 22_locale/money_put_members_wchar_t.cc execution test
XPASS: 22_locale/moneypunct_byname.cc execution test
XPASS: 22_locale/moneypunct_members_char.cc execution test
XPASS: 22_locale/moneypunct_members_wchar_t.cc execution test
XPASS: 22_locale/num_get_members_char.cc execution test
XPASS: 22_locale/num_get_members_wchar_t.cc execution test
XPASS: 22_locale/num_put_members_char.cc execution test
XPASS: 22_locale/num_put_members_wchar_t.cc execution test
XPASS: 22_locale/numpunct_byname.cc execution test
XPASS: 22_locale/numpunct_members_char.cc execution test
XPASS: 22_locale/numpunct_members_wchar_t.cc execution test
XPASS: 22_locale/time_get_members_char.cc execution test
XPASS: 22_locale/time_get_members_wchar_t.cc execution test
XPASS: 22_locale/time_put_members_char.cc execution test
XPASS: 22_locale/time_put_members_wchar_t.cc execution test
FAIL: 26_numerics/c99_classification_macros_c.cc (test for excess errors)
=== libstdc++-v3 Summary ===
# of expected passes 374
# of unexpected failures 1
# of unexpected successes 25
Compiler version: 3.1 20020510 (prerelease)
Platform: s390x-ibm-linux-gnu
configure flags: --host=s390x-ibm-linux --enable-shared --enable-threads --prefix=/home/weigand/fsf/gcc-3.1-20020510-install