This is the mail archive of the
gcc-testresults@gcc.gnu.org
mailing list for the GCC project.
Results for 3.1 20020513 (prerelease) testsuite on i586-redhat-linux-gnu
- From: Gcc k6 testing account <caligula at cam029208 dot student dot utwente dot nl>
- To: gcc-testresults at gcc dot gnu dot org
- Date: Tue, 14 May 2002 10:27:22 +0200
- Subject: Results for 3.1 20020513 (prerelease) testsuite on i586-redhat-linux-gnu
Gcc bootstrap for target k6-redhat-linux-gnu on the following system
====================================================================
Red Hat Linux release 7.0 (Guinness)
Kernel 2.4.17 on an i586
Gnu C 2.96
binutils 2.11.90.0.8
Linux C Library 2.2.4
Dynamic linker (ldd) 2.2.4
RPM versions:
gcc-2.96-97
binutils-2.11.90.0.8-8
glibc-2.2.4-18.7.0.3
dejagnu-1.4.1-3
====================================================================
LAST_UPDATED: Tue May 14 00:15:04 UTC 2002
Native configuration is i586-redhat-linux-gnu
=== g++ tests ===
Running target unix
=== g++ Summary ===
# of expected passes 7184
# of expected failures 88
# of untested testcases 9
# of unsupported tests 3
/mnt/new/projects/cvs-caligula/gcc-3_1-branch/objdir/gcc/testsuite/../g++ version 3.1 20020513 (prerelease)
=== g77 tests ===
Running target unix
=== g77 Summary ===
# of expected passes 1452
# of unsupported tests 8
/mnt/new/projects/cvs-caligula/gcc-3_1-branch/objdir/gcc/testsuite/../g77 version 3.1 20020513 (prerelease)
=== gcc tests ===
Running target unix
FAIL: gcc.c-torture/compile/20001226-1.c, -O1
FAIL: gcc.c-torture/compile/20001226-1.c, -O3 -g
FAIL: gcc.c-torture/execute/20020402-1.c execution, -Os
FAIL: gcc.c-torture/execute/dbra-1.c execution, -O3 -fomit-frame-pointer
FAIL: gcc.c-torture/execute/dbra-1.c execution, -O3 -g
FAIL: gcc.c-torture/execute/loop-2c.c execution, -Os
FAIL: gcc.c-torture/execute/loop-2d.c execution, -Os
FAIL: gcc.c-torture/execute/loop-3c.c execution, -Os
=== gcc Summary ===
# of expected passes 18408
# of unexpected failures 8
# of expected failures 66
# of unsupported tests 43
/mnt/new/projects/cvs-caligula/gcc-3_1-branch/objdir/gcc/xgcc version 3.1 20020513 (prerelease)
=== objc tests ===
Running target unix
=== objc Summary ===
# of expected passes 1036
# of expected failures 6
/mnt/new/projects/cvs-caligula/gcc-3_1-branch/objdir/gcc/xgcc version 3.1 20020513 (prerelease)
=== libjava tests ===
Running target unix
=== libjava Summary ===
# of expected passes 2075
# of expected failures 18
# of untested testcases 14
=== libstdc++-v3 tests ===
Running target unix
XPASS: 22_locale/ctype_members_char.cc execution test
XPASS: 22_locale/members.cc execution test
XPASS: 22_locale/messages_byname.cc execution test
XPASS: 22_locale/messages_members_char.cc execution test
XPASS: 22_locale/money_get_members_char.cc execution test
XPASS: 22_locale/money_get_members_wchar_t.cc execution test
XPASS: 22_locale/money_put_members_char.cc execution test
XPASS: 22_locale/money_put_members_wchar_t.cc execution test
XPASS: 22_locale/moneypunct_byname.cc execution test
XPASS: 22_locale/moneypunct_members_char.cc execution test
XPASS: 22_locale/moneypunct_members_wchar_t.cc execution test
XPASS: 22_locale/num_get_members_char.cc execution test
XPASS: 22_locale/num_get_members_wchar_t.cc execution test
XPASS: 22_locale/num_put_members_char.cc execution test
XPASS: 22_locale/num_put_members_wchar_t.cc execution test
XPASS: 22_locale/numpunct_byname.cc execution test
XPASS: 22_locale/numpunct_members_char.cc execution test
XPASS: 22_locale/numpunct_members_wchar_t.cc execution test
XPASS: 22_locale/time_get_members_char.cc execution test
XPASS: 22_locale/time_get_members_wchar_t.cc execution test
XPASS: 22_locale/time_put_members_char.cc execution test
XPASS: 22_locale/time_put_members_wchar_t.cc execution test
FAIL: 26_numerics/c99_classification_macros_c.cc (test for excess errors)
=== libstdc++-v3 Summary ===
# of expected passes 374
# of unexpected failures 1
# of unexpected successes 22
# of expected failures 3
Compiler version: 3.1 20020513 (prerelease)
Platform: i586-redhat-linux-gnu
configure flags: --prefix=/opt/k6/gcc-3_1-branch --host=k6-redhat-linux-gnu --target=k6-redhat-linux-gnu --enable-languages=c,c++,objc,f77,java --enable-threads=posix