This is the mail archive of the gcc-testresults@gcc.gnu.org mailing list for the GCC project.


Index Nav: [Date Index] [Subject Index] [Author Index] [Thread Index]
Message Nav: [Date Prev] [Date Next] [Thread Prev] [Thread Next]
Other format: [Raw text]

Results for 3.1 20020513 (prerelease) testsuite on i686-pc-linux-gnu


Native configuration is i686-pc-linux-gnu

		=== binutils tests ===


Running target unix

		=== binutils Summary ===

# of expected passes		31
# of expected failures		1
		=== g77 tests ===


Running target unix

		=== g77 Summary ===

# of expected passes		1468
/l/tmp/egcs/gcc/testsuite/../g77 version 3.1 20020513 (prerelease)

		=== gas tests ===


Running target unix

		=== gas Summary ===

# of expected passes		50
		=== gcc tests ===


Running target unix
FAIL: gcc.c-torture/execute/20020307-2.c execution,  -O1 
FAIL: gcc.c-torture/execute/20020307-2.c execution,  -O2 
FAIL: gcc.c-torture/execute/20020307-2.c execution,  -O3 -fomit-frame-pointer 
FAIL: gcc.c-torture/execute/20020307-2.c execution,  -O3 -fomit-frame-pointer -funroll-loops 
FAIL: gcc.c-torture/execute/20020307-2.c execution,  -O3 -fomit-frame-pointer -funroll-all-loops -finline-functions 
FAIL: gcc.c-torture/execute/20020307-2.c execution,  -O3 -g 
FAIL: gcc.c-torture/execute/20020402-1.c execution,  -Os 

		=== gcc Summary ===

# of expected passes		18653
# of unexpected failures	7
# of expected failures		70
# of unsupported tests		43
/l/tmp/egcs/gcc/xgcc version 3.1 20020513 (prerelease)

		=== gdb tests ===


Running target unix
FAIL: gdb.base/all-bin.exp: continuing after dummy()
FAIL: gdb.base/all-bin.exp: print value of v_int+v_char
FAIL: gdb.base/all-bin.exp: print value of v_int+v_short
FAIL: gdb.base/all-bin.exp: print value of v_int+v_signed_char
FAIL: gdb.base/all-bin.exp: print value of v_int+v_unsigned_char
FAIL: gdb.base/all-bin.exp: print value of v_int+v_signed_short
FAIL: gdb.base/all-bin.exp: print value of v_int+v_unsigned_short
FAIL: gdb.base/all-bin.exp: print value of v_int+v_signed_int
FAIL: gdb.base/all-bin.exp: print value of v_int+v_unsigned_int
FAIL: gdb.base/all-bin.exp: print value of v_int+v_long
FAIL: gdb.base/all-bin.exp: print value of v_int+v_signed_long
FAIL: gdb.base/all-bin.exp: print value of v_int+v_unsigned_long
FAIL: gdb.base/all-bin.exp: print value of v_int+v_float
FAIL: gdb.base/all-bin.exp: print value of v_int+v_double
FAIL: gdb.base/all-bin.exp: print value of v_int<=v_short
FAIL: gdb.base/all-bin.exp: print value of v_int<=v_signed_short
FAIL: gdb.base/all-bin.exp: print value of v_int<=v_unsigned_short
FAIL: gdb.base/all-bin.exp: print value of v_int&&v_short
FAIL: gdb.base/all-bin.exp: print value of v_int&&v_signed_char
FAIL: gdb.base/all-bin.exp: print value of v_int&&v_unsigned_char
FAIL: gdb.base/all-bin.exp: print value of v_int&&v_unsigned_short
FAIL: gdb.base/all-bin.exp: print value of v_int&&v_signed_int
FAIL: gdb.base/all-bin.exp: print value of v_int&&v_unsigned_int
FAIL: gdb.base/all-bin.exp: print value of v_int&&v_long
FAIL: gdb.base/all-bin.exp: print value of v_int&&v_signed_long
FAIL: gdb.base/all-bin.exp: print value of v_int&&v_float
FAIL: gdb.base/annota1.exp: breakpoint info
FAIL: gdb.base/annota1.exp: run until main breakpoint
FAIL: gdb.base/annota1.exp: print array
FAIL: gdb.base/annota1.exp: break at 28
FAIL: gdb.base/assign.exp: continuing after dummy()
FAIL: gdb.base/assign.exp: v_int+=v_char
FAIL: gdb.base/assign.exp: v_int+=v_signed_char
FAIL: gdb.base/assign.exp: v_int+=v_unsigned_char
FAIL: gdb.base/assign.exp: v_int+=v_short
FAIL: gdb.base/assign.exp: v_int+=v_signed_short
FAIL: gdb.base/assign.exp: v_int+=v_unsigned_short
FAIL: gdb.base/assign.exp: v_int+=v_signed_int
FAIL: gdb.base/assign.exp: v_int+=v_unsigned_int
FAIL: gdb.base/assign.exp: v_int+=v_long
FAIL: gdb.base/assign.exp: v_int+=v_signed_long
FAIL: gdb.base/assign.exp: v_int+=v_unsigned_long
FAIL: gdb.base/assign.exp: v_int+=v_float
FAIL: gdb.base/assign.exp: v_int+=v_signed_long
FAIL: gdb.base/break.exp: breakpoint at start of multi line while conditional
FAIL: gdb.base/break.exp: breakpoint info
FAIL: gdb.base/break.exp: run until function breakpoint
FAIL: gdb.base/break.exp: Temporary breakpoint info
FAIL: gdb.base/call-ar-st.exp: next to 1237
FAIL: gdb.base/call-ar-st.exp: step into print_long_arg_list
FAIL: gdb.base/call-ar-st.exp: print print_small_structs from print_long_arg_list, pattern 5
UNRESOLVED: gdb.base/call-ar-st.exp: print print_small_structs from print_long_arg_list, pattern 6
UNRESOLVED: gdb.base/call-ar-st.exp: print print_small_structs from print_long_arg_list, pattern 7
UNRESOLVED: gdb.base/call-ar-st.exp: print print_small_structs from print_long_arg_list, pattern 8
UNRESOLVED: gdb.base/call-ar-st.exp: print print_small_structs from print_long_arg_list, pattern 9
UNRESOLVED: gdb.base/call-ar-st.exp: print print_small_structs from print_long_arg_list, pattern 10
UNRESOLVED: gdb.base/call-ar-st.exp: print print_small_structs from print_long_arg_list, pattern 11
UNRESOLVED: gdb.base/call-ar-st.exp: print print_small_structs from print_long_arg_list, pattern 12
UNRESOLVED: gdb.base/call-ar-st.exp: print print_small_structs from print_long_arg_list, pattern 13
UNRESOLVED: gdb.base/call-ar-st.exp: print print_small_structs from print_long_arg_list, pattern 14
UNRESOLVED: gdb.base/call-ar-st.exp: print print_small_structs from print_long_arg_list, pattern 15
UNRESOLVED: gdb.base/call-ar-st.exp: print print_small_structs from print_long_arg_list, pattern 16
UNRESOLVED: gdb.base/call-ar-st.exp: print print_small_structs from print_long_arg_list, pattern 17
UNRESOLVED: gdb.base/call-ar-st.exp: print print_small_structs from print_long_arg_list, pattern 18
UNRESOLVED: gdb.base/call-ar-st.exp: print print_small_structs from print_long_arg_list, pattern 19
UNRESOLVED: gdb.base/call-ar-st.exp: print print_small_structs from print_long_arg_list, pattern 20
UNRESOLVED: gdb.base/call-ar-st.exp: print print_small_structs from print_long_arg_list, pattern 21
UNRESOLVED: gdb.base/call-ar-st.exp: print print_small_structs from print_long_arg_list, pattern 22
UNRESOLVED: gdb.base/call-ar-st.exp: print print_small_structs from print_long_arg_list, pattern 23
UNRESOLVED: gdb.base/call-ar-st.exp: print print_small_structs from print_long_arg_list, pattern 24
UNRESOLVED: gdb.base/call-ar-st.exp: print print_small_structs from print_long_arg_list, pattern 25
UNRESOLVED: gdb.base/call-ar-st.exp: print print_small_structs from print_long_arg_list, pattern 26
UNRESOLVED: gdb.base/call-ar-st.exp: print print_small_structs from print_long_arg_list, pattern 27
UNRESOLVED: gdb.base/call-ar-st.exp: print print_small_structs from print_long_arg_list, pattern 28
UNRESOLVED: gdb.base/call-ar-st.exp: print print_small_structs from print_long_arg_list, pattern 29
UNRESOLVED: gdb.base/call-ar-st.exp: print print_small_structs from print_long_arg_list, pattern 30
UNRESOLVED: gdb.base/call-ar-st.exp: print print_small_structs from print_long_arg_list, pattern 31
UNRESOLVED: gdb.base/call-ar-st.exp: print print_small_structs from print_long_arg_list, pattern 32
UNRESOLVED: gdb.base/call-ar-st.exp: print print_small_structs from print_long_arg_list, pattern 33 + sentinel
FAIL: gdb.base/call-ar-st.exp: step into init_bit_flags_combo
FAIL: gdb.base/call-strs.exp: step after assignment to s
FAIL: gdb.base/call-strs.exp: next over strcpy
FAIL: gdb.base/call-strs.exp: print buf
FAIL: gdb.base/call-strs.exp: print s
FAIL: gdb.base/call-strs.exp: print str_func1(s)
FAIL: gdb.base/call-strs.exp: call str_func1(s)
FAIL: gdb.base/call-strs.exp: print str_func1(buf)
FAIL: gdb.base/call-strs.exp: call str_func1(buf)
FAIL: gdb.base/call-strs.exp: print str_func(s,s,s,s,s,s,s)
FAIL: gdb.base/call-strs.exp: call str_func(s,s,s,s,s,s,s)
FAIL: gdb.base/callfuncs.exp: next to t_double_values
FAIL: gdb.base/callfuncs.exp: next to t_structs_c
FAIL: gdb.base/callfuncs.exp: p t_float_values(3.14159,-2.3765)
FAIL: gdb.base/callfuncs.exp: p t_float_values(float_val1,float_val2)
FAIL: gdb.base/callfuncs.exp: p t_float_values(3.14159,float_val2)
FAIL: gdb.base/callfuncs.exp: p t_float_values(float_val1,-2.3765)
FAIL: gdb.base/callfuncs.exp: backtrace at nested call level 4
FAIL: gdb.base/condbreak.exp: breakpoint info
FAIL: gdb.base/consecutive.exp: stopped at bp, 2nd instr
WARNING: can't generate a core file - core tests suppressed - check ulimit -c
FAIL: gdb.base/dbx.exp: stop in main
FAIL: gdb.base/dbx.exp: status
FAIL: gdb.base/define.exp: use user command: nextwhere
FAIL: gdb.base/define.exp: use hook-stop command
FAIL: gdb.base/ending-run.exp: step out of main (at end 2)
FAIL: gdb.base/ending-run.exp: step to end of run
FAIL: gdb.base/ending-run.exp: don't step after run
FAIL: gdb.base/funcargs.exp: run to call0a
FAIL: gdb.base/funcargs.exp: print c after run to call0a
FAIL: gdb.base/funcargs.exp: print s after run to call0a
FAIL: gdb.base/funcargs.exp: continue to call0b
FAIL: gdb.base/funcargs.exp: continue to call0c
FAIL: gdb.base/funcargs.exp: continue to call0d
FAIL: gdb.base/funcargs.exp: continue to call0e
FAIL: gdb.base/funcargs.exp: run to call1a
FAIL: gdb.base/funcargs.exp: print uc
FAIL: gdb.base/funcargs.exp: print us
FAIL: gdb.base/funcargs.exp: continue to call1b
FAIL: gdb.base/funcargs.exp: continue to call1c
FAIL: gdb.base/funcargs.exp: continue to call1d
FAIL: gdb.base/funcargs.exp: continue to call1e
FAIL: gdb.base/funcargs.exp: run to call2a
FAIL: gdb.base/funcargs.exp: print c after run to call2a
FAIL: gdb.base/funcargs.exp: print f1 after run to call2a
FAIL: gdb.base/funcargs.exp: print s after run to call2a
FAIL: gdb.base/funcargs.exp: print d1 after run to call2a
FAIL: gdb.base/funcargs.exp: print f2 after run to call2a
FAIL: gdb.base/funcargs.exp: print d2 after run to call2a
FAIL: gdb.base/funcargs.exp: continue to call2b
FAIL: gdb.base/funcargs.exp: continue to call2c
FAIL: gdb.base/funcargs.exp: continue to call2d
FAIL: gdb.base/funcargs.exp: continue to call2e
FAIL: gdb.base/funcargs.exp: continue to call2f
FAIL: gdb.base/funcargs.exp: continue to call2g
FAIL: gdb.base/funcargs.exp: continue to call2h
FAIL: gdb.base/funcargs.exp: continue to call2i
FAIL: gdb.base/funcargs.exp: run to call5a
FAIL: gdb.base/funcargs.exp: print st
FAIL: gdb.base/funcargs.exp: backtrace from call6a
FAIL: gdb.base/funcargs.exp: backtrace from call6b, pattern 1
UNRESOLVED: gdb.base/funcargs.exp: backtrace from call6b, pattern 2
UNRESOLVED: gdb.base/funcargs.exp: backtrace from call6b, pattern 3 + sentinel
FAIL: gdb.base/funcargs.exp: backtrace from call6c, pattern 1
UNRESOLVED: gdb.base/funcargs.exp: backtrace from call6c, pattern 2
UNRESOLVED: gdb.base/funcargs.exp: backtrace from call6c, pattern 3
UNRESOLVED: gdb.base/funcargs.exp: backtrace from call6c, pattern 4 + sentinel
FAIL: gdb.base/funcargs.exp: backtrace from call6d, pattern 1
UNRESOLVED: gdb.base/funcargs.exp: backtrace from call6d, pattern 2
UNRESOLVED: gdb.base/funcargs.exp: backtrace from call6d, pattern 3
UNRESOLVED: gdb.base/funcargs.exp: backtrace from call6d, pattern 4
UNRESOLVED: gdb.base/funcargs.exp: backtrace from call6d, pattern 5 + sentinel
FAIL: gdb.base/funcargs.exp: backtrace from call6e, pattern 1
UNRESOLVED: gdb.base/funcargs.exp: backtrace from call6e, pattern 2
UNRESOLVED: gdb.base/funcargs.exp: backtrace from call6e, pattern 3
UNRESOLVED: gdb.base/funcargs.exp: backtrace from call6e, pattern 4
UNRESOLVED: gdb.base/funcargs.exp: backtrace from call6e, pattern 5
UNRESOLVED: gdb.base/funcargs.exp: backtrace from call6e, pattern 6 + sentinel
FAIL: gdb.base/funcargs.exp: backtrace from call6f, pattern 1
UNRESOLVED: gdb.base/funcargs.exp: backtrace from call6f, pattern 2
UNRESOLVED: gdb.base/funcargs.exp: backtrace from call6f, pattern 3
UNRESOLVED: gdb.base/funcargs.exp: backtrace from call6f, pattern 4
UNRESOLVED: gdb.base/funcargs.exp: backtrace from call6f, pattern 5
UNRESOLVED: gdb.base/funcargs.exp: backtrace from call6f, pattern 6
UNRESOLVED: gdb.base/funcargs.exp: backtrace from call6f, pattern 7 + sentinel
FAIL: gdb.base/funcargs.exp: backtrace from call6g, pattern 1
UNRESOLVED: gdb.base/funcargs.exp: backtrace from call6g, pattern 2
UNRESOLVED: gdb.base/funcargs.exp: backtrace from call6g, pattern 3
UNRESOLVED: gdb.base/funcargs.exp: backtrace from call6g, pattern 4
UNRESOLVED: gdb.base/funcargs.exp: backtrace from call6g, pattern 5
UNRESOLVED: gdb.base/funcargs.exp: backtrace from call6g, pattern 6
UNRESOLVED: gdb.base/funcargs.exp: backtrace from call6g, pattern 7
UNRESOLVED: gdb.base/funcargs.exp: backtrace from call6g, pattern 8 + sentinel
FAIL: gdb.base/funcargs.exp: backtrace from call6h, pattern 1
UNRESOLVED: gdb.base/funcargs.exp: backtrace from call6h, pattern 2
UNRESOLVED: gdb.base/funcargs.exp: backtrace from call6h, pattern 3
UNRESOLVED: gdb.base/funcargs.exp: backtrace from call6h, pattern 4
UNRESOLVED: gdb.base/funcargs.exp: backtrace from call6h, pattern 5
UNRESOLVED: gdb.base/funcargs.exp: backtrace from call6h, pattern 6
UNRESOLVED: gdb.base/funcargs.exp: backtrace from call6h, pattern 7
UNRESOLVED: gdb.base/funcargs.exp: backtrace from call6h, pattern 8
UNRESOLVED: gdb.base/funcargs.exp: backtrace from call6h, pattern 9 + sentinel
FAIL: gdb.base/funcargs.exp: backtrace from call7a
FAIL: gdb.base/funcargs.exp: print c after runto localvars_after_alloca
FAIL: gdb.base/funcargs.exp: print s after runto localvars_after_alloca
FAIL: gdb.base/funcargs.exp: print c in call_after_alloca
FAIL: gdb.base/funcargs.exp: print s in call_after_alloca
FAIL: gdb.base/funcargs.exp: backtrace from call_after_alloca_subr
FAIL: gdb.base/funcargs.exp: stepping into indirectly called function
FAIL: gdb.base/funcargs.exp: stepping into function called with trampolines
FAIL: gdb.base/funcargs.exp: backtrace through call with trampolines
FAIL: gdb.base/funcargs.exp: stepping back to main from function called with trampolines
XPASS: gdb.base/interrupt.exp: send end of file
FAIL: gdb.base/long_long.exp: get to known place
FAIL: gdb.base/long_long.exp: decimal print p/x
FAIL: gdb.base/long_long.exp: default print dec
FAIL: gdb.base/long_long.exp: decimal print p/u
FAIL: gdb.base/long_long.exp: decimal print p/d
FAIL: gdb.base/maint.exp: maint info breakpoints
FAIL: gdb.base/pointers.exp: continuing after dummy()
FAIL: gdb.base/pointers.exp: print object pointed to
FAIL: gdb.base/pointers.exp: print object pointed to
FAIL: gdb.base/pointers.exp: pointer assignment and increment
FAIL: gdb.base/pointers.exp: pointer decrement and assignment
FAIL: gdb.base/pointers.exp: print array element through pointer
FAIL: gdb.base/pointers.exp: print array element through pointer
FAIL: gdb.base/pointers.exp: print through ptr to ptr
FAIL: gdb.base/printcmds.exp: ptype &*"foo"
FAIL: gdb.base/restore.exp: run to caller1
FAIL: gdb.base/restore.exp: run to callee2
FAIL: gdb.base/restore.exp: run to callee3
FAIL: gdb.base/restore.exp: run to callee4
FAIL: gdb.base/restore.exp: run to callee5
FAIL: gdb.base/restore.exp: run to caller2
FAIL: gdb.base/restore.exp: run to callee2
FAIL: gdb.base/restore.exp: run to callee3
FAIL: gdb.base/restore.exp: run to callee4
FAIL: gdb.base/restore.exp: run to callee5
FAIL: gdb.base/restore.exp: run to caller3
FAIL: gdb.base/restore.exp: run to callee2
FAIL: gdb.base/restore.exp: run to callee3
FAIL: gdb.base/restore.exp: run to callee4
FAIL: gdb.base/restore.exp: run to callee5
FAIL: gdb.base/restore.exp: run to caller4
FAIL: gdb.base/restore.exp: run to callee2
FAIL: gdb.base/restore.exp: run to callee3
FAIL: gdb.base/restore.exp: run to callee4
FAIL: gdb.base/restore.exp: run to callee5
FAIL: gdb.base/restore.exp: run to caller5
FAIL: gdb.base/restore.exp: run to callee2
FAIL: gdb.base/restore.exp: run to callee3
FAIL: gdb.base/restore.exp: run to callee4
FAIL: gdb.base/restore.exp: run to callee5
XPASS: gdb.base/return.exp: correct value returned double test (known problem with i*86 and sparc solaris
FAIL: gdb.base/scope.exp: next over init0() in main
FAIL: gdb.base/scope.exp: print filelocal_bss
FAIL: gdb.base/scope.exp: print 'scope0.c'::filelocal_bss in test_at_main
FAIL: gdb.base/scope.exp: print 'scope1.c'::filelocal_bss
FAIL: gdb.base/shlib-call.exp: next to shr1
FAIL: gdb.base/shlib-call.exp: print  g
FAIL: gdb.base/shlib-call.exp: next over shr1
FAIL: gdb.base/shlib-call.exp: print  g
FAIL: gdb.base/shlib-call.exp: print shr1(g)
FAIL: gdb.base/shlib-call.exp: step inside shr2 (shlib func)
FAIL: gdb.base/shlib-call.exp: step out of shr2 to main
FAIL: gdb.base/shlib-call.exp: step into mainshr1
FAIL: gdb.base/signals.exp: next over signal (SIGALRM, handler)
FAIL: gdb.base/signals.exp: next over signal (SIGUSR1, handler)
FAIL: gdb.base/signals.exp: next over alarm (1)
FAIL: gdb.base/signals.exp: next to 2nd alarm (1)
FAIL: gdb.base/signals.exp: next to 2nd ++count in signals_tests_1
FAIL: gdb.base/signals.exp: next to signal in signals.exp
FAIL: gdb.base/signals.exp: next to alarm #1 in signals.exp
FAIL: gdb.base/signals.exp: next to ++count #1 in signals.exp
FAIL: gdb.base/signals.exp: p count #1 in signals.exp
FAIL: gdb.base/signals.exp: next to ++count #2 in signals.exp
FAIL: gdb.base/signals.exp: p count #2 in signals.exp
FAIL: gdb.base/sizeof.exp: check sizeof char == 1
FAIL: gdb.base/sizeof.exp: check sizeof short == 2
FAIL: gdb.base/sizeof.exp: check sizeof int == 4
FAIL: gdb.base/sizeof.exp: check sizeof long == 4
FAIL: gdb.base/sizeof.exp: check sizeof long long == 8
FAIL: gdb.base/sizeof.exp: check sizeof void * == 4
FAIL: gdb.base/sizeof.exp: check sizeof void (*)(void) == 4
FAIL: gdb.base/sizeof.exp: check sizeof float == 4
FAIL: gdb.base/sizeof.exp: check sizeof double == 8
FAIL: gdb.base/sizeof.exp: check sizeof long double == 12
FAIL: gdb.base/sizeof.exp: check valueof (int) (char) -1 == -1
FAIL: gdb.base/sizeof.exp: check valueof (int) (signed char) -1 == -1
FAIL: gdb.base/sizeof.exp: check valueof (int) (unsigned char) -1 == 255
FAIL: gdb.base/so-impl-ld.exp: step over solib call
FAIL: gdb.base/so-impl-ld.exp: step into solib call
FAIL: gdb.base/so-impl-ld.exp: step out of solib call
FAIL: gdb.base/step-test.exp: next 1
FAIL: gdb.base/step-test.exp: step 1
FAIL: gdb.base/step-test.exp: next 2
FAIL: gdb.base/step-test.exp: step 3
FAIL: gdb.base/step-test.exp: next 3
FAIL: gdb.base/step-test.exp: next over
FAIL: gdb.base/step-test.exp: step out
FAIL: gdb.base/step-test.exp: stepi to next line
FAIL: gdb.base/step-test.exp: stepi into function
FAIL: gdb.base/step-test.exp: stepi: finish call
FAIL: gdb.base/structs2.exp: structs2 sanity check (PRMS 13536)
FAIL: gdb.base/term.exp: info terminal at breakpoint
FAIL: gdb.base/twice.exp: step
FAIL: gdb.base/watchpoint.exp: until out of loop
FAIL: gdb.base/watchpoint.exp: step to ival2 assignment
FAIL: gdb.c++/annota2.exp: watch triggered on a.x
FAIL: gdb.c++/annota2.exp: annotate-quit
FAIL: gdb.c++/anon-union.exp: next 1
FAIL: gdb.c++/anon-union.exp: print foo 1
FAIL: gdb.c++/anon-union.exp: next 1
FAIL: gdb.c++/anon-union.exp: print foo 2
FAIL: gdb.c++/anon-union.exp: next 2
FAIL: gdb.c++/anon-union.exp: print foo 4
FAIL: gdb.c++/anon-union.exp: print foo 5
FAIL: gdb.c++/anon-union.exp: print foo 6
FAIL: gdb.c++/anon-union.exp: print foo 7
FAIL: gdb.c++/anon-union.exp: print foo 8
FAIL: gdb.c++/anon-union.exp: print foo 9
FAIL: gdb.c++/anon-union.exp: next 3
FAIL: gdb.c++/anon-union.exp: next 4
FAIL: gdb.c++/anon-union.exp: print w 2
FAIL: gdb.c++/anon-union.exp: print z 2
FAIL: gdb.c++/cplusfuncs.exp: print &'hairyfunc5'
FAIL: gdb.c++/cplusfuncs.exp: print &'hairyfunc6'
FAIL: gdb.c++/cplusfuncs.exp: print &'hairyfunc7'
FAIL: gdb.c++/local.exp: ptype Local (gdb/483)
FAIL: gdb.c++/local.exp: ptype InnerLocal::NestedInnerLocal (gdb/482)
FAIL: gdb.c++/namespace.exp: break AAA::xyzq
FAIL: gdb.c++/namespace.exp: break BBB::CCC::xyzq
FAIL: gdb.c++/namespace.exp: break BBB::Class::xyzq
FAIL: gdb.c++/ovldbreak.exp: breakpoint info (after setting one-by-one)
FAIL: gdb.c++/ovldbreak.exp: breakpoint info (after cancel)
FAIL: gdb.c++/ovldbreak.exp: continue to bp overloaded : char
FAIL: gdb.c++/ovldbreak.exp: continue to bp overloaded : signed char
FAIL: gdb.c++/ovldbreak.exp: continue to bp overloaded : unsigned char
FAIL: gdb.c++/ovldbreak.exp: continue to bp overloaded : short
FAIL: gdb.c++/ovldbreak.exp: continue to bp overloaded : unsigned short
FAIL: gdb.c++/ovldbreak.exp: continue to bp overloaded : double
FAIL: gdb.c++/templates.exp: ptype T5<int>
FAIL: gdb.c++/templates.exp: ptype t5i
FAIL: gdb.c++/templates.exp: constructor breakpoint (bad menu choices)
FAIL: gdb.c++/templates.exp: destructor breakpoint
FAIL: gdb.c++/templates.exp: print Foo<volatile char *>::foo
FAIL: gdb.c++/templates.exp: print Garply<Garply<char> >::garply
XPASS: gdb.c++/virtfunc.exp: print pBe->vvb()
ERROR: tcl error sourcing /home/aoliva/src/tool/egcs/gdb/testsuite/gdb.java/jmisc.exp.
ERROR: can't read "target_alias": no such variable
ERROR: tcl error sourcing /home/aoliva/src/tool/egcs/gdb/testsuite/gdb.java/jmisc1.exp.
ERROR: can't read "target_alias": no such variable
ERROR: tcl error sourcing /home/aoliva/src/tool/egcs/gdb/testsuite/gdb.java/jmisc2.exp.
ERROR: can't read "target_alias": no such variable
FAIL: gdb.mi/mi-break.exp: break-insert -t operation
FAIL: gdb.mi/mi-break.exp: list of breakpoints
FAIL: gdb.mi/mi-console.exp: break-insert operation
FAIL: gdb.mi/mi-console.exp: run to main (2)
FAIL: gdb.mi/mi-console.exp: Hello message (timeout)
FAIL: gdb.mi/mi-disassemble.exp: break-insert operation
FAIL: gdb.mi/mi-disassemble.exp: list of breakpoints
FAIL: gdb.mi/mi-disassemble.exp: run to main (2)
ERROR: Got interactive prompt.
UNRESOLVED: gdb.mi/mi-disassemble.exp: data-disassemble file, line assembly mixed
ERROR: Got interactive prompt.
UNRESOLVED: gdb.mi/mi-disassemble.exp: data-disassemble range assembly mixed
ERROR: Got interactive prompt.
UNRESOLVED: gdb.mi/mi-disassemble.exp: data-disassemble bogus filename
ERROR: Got interactive prompt.
UNRESOLVED: gdb.mi/mi-disassemble.exp: data-disassemble file, line, number assembly mixed
ERROR: Got interactive prompt.
UNRESOLVED: gdb.mi/mi-disassemble.exp: data-disassemble file, line, number (zero lines) assembly mixed
ERROR: Got interactive prompt.
UNRESOLVED: gdb.mi/mi-disassemble.exp: data-disassemble file, line, number (more than main lines) assembly mixed
FAIL: gdb.mi/mi-read-memory.exp: do initialization (2)
FAIL: gdb.mi/mi-read-memory.exp: 3x2, one byte
FAIL: gdb.mi/mi-read-memory.exp: 3x2, one byte offset by -6
FAIL: gdb.mi/mi-read-memory.exp: expression in quotes
FAIL: gdb.mi/mi-read-memory.exp: ascii and data
FAIL: gdb.mi/mi-read-memory.exp: decimal
FAIL: gdb.mi/mi-read-memory.exp: octal
FAIL: gdb.mi/mi-simplerun.exp: break-insert operation
FAIL: gdb.mi/mi-simplerun.exp: list of breakpoints
FAIL: gdb.mi/mi-simplerun.exp: run to main (2)
FAIL: gdb.mi/mi-simplerun.exp: next at main (unknown output after running)
FAIL: gdb.mi/mi-simplerun.exp: step at main (unknown output after running)
FAIL: gdb.mi/mi-simplerun.exp: step to callee4 (unknown output after running)
FAIL: gdb.mi/mi-simplerun.exp: exec-finish (unknown output after running)
FAIL: gdb.mi/mi-stack.exp: stack args listing 0
FAIL: gdb.mi/mi-stack.exp: stack args listing 1
FAIL: gdb.mi/mi-stack.exp: stack info-depth
FAIL: gdb.mi/mi-stack.exp: stack info-depth 99
FAIL: gdb.mi/mi-stepi.exp: break-insert operation
FAIL: gdb.mi/mi-stepi.exp: run to main (2)
FAIL: gdb.mi/mi-until.exp: until after while loop (timeout)
FAIL: gdb.mi/mi-var-child.exp: get children of struct_declarations.s2.u2.u1s1
FAIL: gdb.mi/mi-var-child.exp: create local variable weird
FAIL: gdb.mi/mi-var-cmd.exp: next out of subroutine1 (unknown output after running)
FAIL: gdb.mi/mi-var-display.exp: create local variable weird
FAIL: gdb.mi/mi-var-display.exp: get children local variable weird
FAIL: gdb.mi/mi-var-display.exp: break-insert operation
FAIL: gdb.mi/mi-var-display.exp: continue to incr_a (compiler debug info incorrect)
FAIL: gdb.mi/mi0-break.exp: break-insert -t operation
FAIL: gdb.mi/mi0-break.exp: list of breakpoints
FAIL: gdb.mi/mi0-console.exp: break-insert operation
FAIL: gdb.mi/mi0-console.exp: run to main (2)
FAIL: gdb.mi/mi0-console.exp: Hello message (timeout)
FAIL: gdb.mi/mi0-disassemble.exp: break-insert operation
FAIL: gdb.mi/mi0-disassemble.exp: list of breakpoints
FAIL: gdb.mi/mi0-disassemble.exp: run to main (2)
ERROR: Got interactive prompt.
UNRESOLVED: gdb.mi/mi0-disassemble.exp: data-disassemble file, line assembly mixed
ERROR: Got interactive prompt.
UNRESOLVED: gdb.mi/mi0-disassemble.exp: data-disassemble range assembly mixed
ERROR: Got interactive prompt.
UNRESOLVED: gdb.mi/mi0-disassemble.exp: data-disassemble bogus filename
ERROR: Got interactive prompt.
UNRESOLVED: gdb.mi/mi0-disassemble.exp: data-disassemble file, line, number assembly mixed
ERROR: Got interactive prompt.
UNRESOLVED: gdb.mi/mi0-disassemble.exp: data-disassemble file, line, number (zero lines) assembly mixed
ERROR: Got interactive prompt.
UNRESOLVED: gdb.mi/mi0-disassemble.exp: data-disassemble file, line, number (more than main lines) assembly mixed
FAIL: gdb.mi/mi0-read-memory.exp: do initialization (2)
FAIL: gdb.mi/mi0-read-memory.exp: 3x2, one byte
FAIL: gdb.mi/mi0-read-memory.exp: 3x2, one byte offset by -6
FAIL: gdb.mi/mi0-read-memory.exp: expression in quotes
FAIL: gdb.mi/mi0-read-memory.exp: ascii and data
FAIL: gdb.mi/mi0-read-memory.exp: decimal
FAIL: gdb.mi/mi0-read-memory.exp: octal
FAIL: gdb.mi/mi0-simplerun.exp: break-insert operation
FAIL: gdb.mi/mi0-simplerun.exp: list of breakpoints
FAIL: gdb.mi/mi0-simplerun.exp: run to main (2)
FAIL: gdb.mi/mi0-simplerun.exp: next at main (unknown output after running)
FAIL: gdb.mi/mi0-simplerun.exp: step at main (unknown output after running)
FAIL: gdb.mi/mi0-simplerun.exp: step to callee4 (unknown output after running)
FAIL: gdb.mi/mi0-simplerun.exp: exec-finish (unknown output after running)
FAIL: gdb.mi/mi0-stack.exp: stack args listing 0
FAIL: gdb.mi/mi0-stack.exp: stack args listing 1
FAIL: gdb.mi/mi0-stack.exp: stack info-depth
FAIL: gdb.mi/mi0-stack.exp: stack info-depth 99
FAIL: gdb.mi/mi0-stepi.exp: break-insert operation
FAIL: gdb.mi/mi0-stepi.exp: run to main (2)
FAIL: gdb.mi/mi0-until.exp: until after while loop (timeout)
FAIL: gdb.mi/mi0-var-child.exp: get children of struct_declarations.s2.u2.u1s1
FAIL: gdb.mi/mi0-var-child.exp: create local variable weird
FAIL: gdb.mi/mi0-var-cmd.exp: next out of subroutine1 (unknown output after running)
FAIL: gdb.mi/mi0-var-display.exp: create local variable weird
FAIL: gdb.mi/mi0-var-display.exp: get children local variable weird
FAIL: gdb.mi/mi0-var-display.exp: break-insert operation
FAIL: gdb.mi/mi0-var-display.exp: continue to incr_a (compiler debug info incorrect)

		=== gdb Summary ===

# of expected passes		7914
# of unexpected failures	332
# of unexpected successes	3
# of expected failures		71
# of unresolved testcases	75
# of untested testcases		6
/l/tmp/egcs/gdb/testsuite/../../gdb/gdb version  2002-05-14-cvs -nx

		=== g++ tests ===


Running target unix

		=== g++ Summary ===

# of expected passes		7184
# of expected failures		88
# of untested testcases		9
# of unsupported tests		3
/l/tmp/egcs/gcc/testsuite/../g++ version 3.1 20020513 (prerelease)

		=== ld tests ===


Running target unix

		=== ld Summary ===

# of expected passes		133
# of expected failures		13
		=== libjava tests ===


Running target unix
FAIL: TLtest compilation from bytecode
FAIL: TLtest -O compilation from bytecode
FAIL: Compile DejaGNUTestHarness.java

		=== libjava Summary ===

# of expected passes		1995
# of unexpected failures	3
# of expected failures		18
# of untested testcases		94
		=== libstdc++-v3 tests ===


Running target unix
FAIL: 26_numerics/c99_classification_macros_c.cc (test for excess errors)

		=== libstdc++-v3 Summary ===

# of expected passes		374
# of unexpected failures	1
# of expected failures		25
		=== objc tests ===


Running target unix

		=== objc Summary ===

# of expected passes		1036
# of expected failures		6
/l/tmp/egcs/gcc/xgcc version 3.1 20020513 (prerelease)


Compiler version: 3.1 20020513 (prerelease) 
Platform: i686-pc-linux-gnu

BOOT_CFLAGS: -g -O9 -W -Wall

Counting all warnings,
there are 55 warnings in stage3 of this bootstrap.

Number of warnings per file:
     23	gcc/combine.c
     10	gcc/regclass.c
      4	gcc/optabs.c
      4	gcc/gcc.c
      2	gcc/java/javaop.def
      2	gcc/fold-const.c
      2	gcc/ada/a-except.adb
      1	gcc/reload.c
      1	gcc/profile.c
      1	gcc/objc/lang-specs.h
      1	gcc/java/jvspec.c
      1	gcc/function.c
      1	gcc/emit-rtl.c
      1	gcc/cp/lang-specs.h
      1	gcc/config/i386/i386.c

Number of warning types:
     38	comparison between signed and unsigned
      7	string length `???' is greater than the length `???' ISO C89 compilers are required to support
      5	signed and unsigned type in conditional expression
      2	operation on `???' may be undefined
      2	`???' might be used uninitialized in this function
      1	pointer targets in passing arg ??? of `???' differ in signedness


Index Nav: [Date Index] [Subject Index] [Author Index] [Thread Index]
Message Nav: [Date Prev] [Date Next] [Thread Prev] [Thread Next]