This is the mail archive of the
gcc-testresults@gcc.gnu.org
mailing list for the GCC project.
Results for 3.2 20020513 (experimental) testsuite on alphaev6-unknown-linux-gnu
- From: Richard Henderson <rth at castro dot sfbay dot redhat dot com>
- To: gcc-testresults at gcc dot gnu dot org
- Date: Mon, 13 May 2002 16:02:26 -0700
- Subject: Results for 3.2 20020513 (experimental) testsuite on alphaev6-unknown-linux-gnu
LAST_UPDATED: Mon May 13 22:58:39 UTC 2002
Native configuration is alphaev6-unknown-linux-gnu
=== libjava tests ===
Running target unix
FAIL: PR295 compilation from source
FAIL: PR295 -O compilation from source
FAIL: Statics compilation from source
FAIL: Statics compilation from bytecode
FAIL: Statics -O compilation from source
FAIL: Statics -O compilation from bytecode
FAIL: Class_1 compilation from source
FAIL: Class_1 compilation from bytecode
FAIL: Class_1 -O compilation from source
FAIL: Class_1 -O compilation from bytecode
FAIL: Invoke_1 execution from source compiled test
FAIL: Invoke_1 execution from bytecode->native test
FAIL: Invoke_1 -O execution from source compiled test
FAIL: Invoke_1 -O execution from bytecode->native test
FAIL: PR218 output from source compiled test
FAIL: PR218 output from bytecode->native test
FAIL: PR218 -O output from source compiled test
FAIL: PR218 -O output from bytecode->native test
FAIL: Throw_2 execution from source compiled test
FAIL: Throw_2 execution from bytecode->native test
FAIL: Throw_2 -O execution from source compiled test
FAIL: Throw_2 -O execution from bytecode->native test
FAIL: pr179 compilation from source
FAIL: pr179 compilation from bytecode
FAIL: pr179 -O compilation from source
FAIL: pr179 -O compilation from bytecode
FAIL: KeepInline output from source compiled test
FAIL: KeepInline output from bytecode->native test
FAIL: KeepInline -O output from source compiled test
FAIL: KeepInline -O output from bytecode->native test
FAIL: Array_3 execution from source compiled test
FAIL: Array_3 execution from bytecode->native test
FAIL: Array_3 -O execution from source compiled test
FAIL: Array_3 -O execution from bytecode->native test
=== libjava Summary ===
# of expected passes 2069
# of unexpected failures 34
# of expected failures 18
# of untested testcases 42
=== libstdc++-v3 tests ===
Running target unix
XPASS: 22_locale/ctype_members_char.cc execution test
XPASS: 22_locale/ctype_scan_wchar_t.cc execution test
XPASS: 22_locale/members.cc execution test
XPASS: 22_locale/messages_byname.cc execution test
XPASS: 22_locale/messages_members_char.cc execution test
XPASS: 22_locale/money_get_members_char.cc execution test
XPASS: 22_locale/money_put_members_char.cc execution test
XPASS: 22_locale/moneypunct_byname.cc execution test
XPASS: 22_locale/moneypunct_members_char.cc execution test
XPASS: 22_locale/moneypunct_members_wchar_t.cc execution test
XPASS: 22_locale/num_get_members_char.cc execution test
XPASS: 22_locale/num_get_members_wchar_t.cc execution test
XPASS: 22_locale/num_put_members_char.cc execution test
XPASS: 22_locale/num_put_members_wchar_t.cc execution test
XPASS: 22_locale/numpunct_byname.cc execution test
XPASS: 22_locale/numpunct_members_char.cc execution test
XPASS: 22_locale/numpunct_members_wchar_t.cc execution test
XPASS: 22_locale/time_get_members_char.cc execution test
XPASS: 22_locale/time_get_members_wchar_t.cc execution test
XPASS: 22_locale/time_put_members_char.cc execution test
XPASS: 22_locale/time_put_members_wchar_t.cc execution test
FAIL: 26_numerics/c99_classification_macros_c.cc (test for excess errors)
=== libstdc++-v3 Summary ===
# of expected passes 377
# of unexpected failures 1
# of unexpected successes 21
# of expected failures 5
=== g++ tests ===
Running target unix
FAIL: g++.dg/template/typename2.C (test for excess errors)
FAIL: g++.dg/warn/Wunused-2.C (test for warnings, line 5)
=== g++ Summary ===
# of expected passes 7321
# of unexpected failures 2
# of expected failures 87
# of untested testcases 22
# of unsupported tests 4
/castro/street/rth/gcc/build/axp/gcc/testsuite/../g++ version 3.2 20020513 (experimental)
=== g77 tests ===
Running target unix
FAIL: g77.f-torture/execute/6367.f execution, -O0
FAIL: g77.f-torture/execute/6367.f execution, -O1
FAIL: g77.f-torture/execute/6367.f execution, -O2
FAIL: g77.f-torture/execute/6367.f execution, -O3 -fomit-frame-pointer
FAIL: g77.f-torture/execute/6367.f execution, -O3 -fomit-frame-pointer -funroll-loops
FAIL: g77.f-torture/execute/6367.f execution, -O3 -fomit-frame-pointer -funroll-all-loops -finline-functions
FAIL: g77.f-torture/execute/6367.f execution, -O3 -g
FAIL: g77.f-torture/execute/6367.f execution, -Os
=== g77 Summary ===
# of expected passes 1618
# of unexpected failures 8
# of unsupported tests 8
/castro/street/rth/gcc/build/axp/gcc/testsuite/../g77 version 3.2 20020513 (experimental)
=== gcc tests ===
Running target unix
FAIL: cmdlne-dM-M.c: #define line not printed
XPASS: gcc.dg/c99-intconst-1.c (test for excess errors)
FAIL: gcc.dg/gnu89-init-1.c (test for excess errors)
FAIL: gcc.dg/weak-5.c (test for excess errors)
ERROR: gcc.dg/weak-5.c: error executing dg-final: couldn't open "weak-5.s": no such file or directory
UNRESOLVED: gcc.dg/weak-5.c: error executing dg-final: couldn't open "weak-5.s": no such file or directory
=== gcc Summary ===
# of expected passes 18519
# of unexpected failures 3
# of unexpected successes 1
# of expected failures 75
# of unresolved testcases 1
# of unsupported tests 116
/castro/street/rth/gcc/build/axp/gcc/xgcc version 3.2 20020513 (experimental)
=== objc tests ===
Running target unix
=== objc Summary ===
# of expected passes 1036
# of expected failures 6
/castro/street/rth/gcc/build/axp/gcc/xgcc version 3.2 20020513 (experimental)
Compiler version: 3.2 20020513 (experimental)
Platform: alphaev6-unknown-linux-gnu
configure flags: --host=alphaev6-unknown-linux-gnu --prefix=/castro/street/H-alpha-linux --enable-threads