This is the mail archive of the gcc-testresults@gcc.gnu.org mailing list for the GCC project.


Index Nav: [Date Index] [Subject Index] [Author Index] [Thread Index]
Message Nav: [Date Prev] [Date Next] [Thread Prev] [Thread Next]
Other format: [Raw text]

Results for 3.2 20020512 (experimental) testsuite on mmix-knuth-mmixware


LAST_UPDATED: Sun May 12 10:53:13 UTC 2002

Target is mmix-knuth-mmixware
Host   is i686-pc-linux-gnu

		=== g++ tests ===


Running target mmixware-sim
FAIL: g++.dg/template/typename2.C (test for excess errors)
FAIL: g++.dg/warn/Wunused-2.C  (test for warnings, line 5)

		=== g++ Summary ===

# of expected passes		7094
# of unexpected failures	2
# of expected failures		87
# of untested testcases		32
# of unsupported tests		7
/mmix/mmix/build/gcc/testsuite/../g++ version 3.2 20020512 (experimental)

Host   is i686-pc-linux-gnu

		=== g77 tests ===


Running target mmixware-sim
FAIL: g77.dg/f77-edit-apostrophe-out.f output pattern test, is abcde
FAIL: g77.dg/f77-edit-apostrophe-out.f output pattern test, is abcde
FAIL: g77.dg/f77-edit-apostrophe-out.f output pattern test, is abcde
FAIL: g77.dg/f77-edit-apostrophe-out.f output pattern test, is abcde
FAIL: g77.dg/f77-edit-apostrophe-out.f output pattern test, is abcde
FAIL: g77.dg/f77-edit-apostrophe-out.f output pattern test, is abcde
FAIL: g77.dg/f77-edit-colon-out.f output pattern test, is 123
FAIL: g77.dg/f77-edit-colon-out.f output pattern test, is 123
FAIL: g77.dg/f77-edit-colon-out.f output pattern test, is 123
FAIL: g77.dg/f77-edit-colon-out.f output pattern test, is 123
FAIL: g77.dg/f77-edit-colon-out.f output pattern test, is 123
FAIL: g77.dg/f77-edit-colon-out.f output pattern test, is 123
FAIL: g77.dg/f77-edit-h-out.f output pattern test, is 1
FAIL: g77.dg/f77-edit-h-out.f output pattern test, is 1
FAIL: g77.dg/f77-edit-h-out.f output pattern test, is 1
FAIL: g77.dg/f77-edit-h-out.f output pattern test, is 1
FAIL: g77.dg/f77-edit-h-out.f output pattern test, is 1
FAIL: g77.dg/f77-edit-h-out.f output pattern test, is 1
FAIL: g77.dg/f77-edit-s-out.f output pattern test, is +10  20
FAIL: g77.dg/f77-edit-s-out.f output pattern test, is +10  20
FAIL: g77.dg/f77-edit-s-out.f output pattern test, is +10  20
FAIL: g77.dg/f77-edit-s-out.f output pattern test, is +10  20
FAIL: g77.dg/f77-edit-s-out.f output pattern test, is +10  20
FAIL: g77.dg/f77-edit-s-out.f output pattern test, is +10  20
FAIL: g77.dg/f77-edit-slash-out.f output pattern test, is 123
FAIL: g77.dg/f77-edit-slash-out.f output pattern test, is 123
FAIL: g77.dg/f77-edit-slash-out.f output pattern test, is 123
FAIL: g77.dg/f77-edit-slash-out.f output pattern test, is 123
FAIL: g77.dg/f77-edit-slash-out.f output pattern test, is 123
FAIL: g77.dg/f77-edit-slash-out.f output pattern test, is 123
FAIL: g77.dg/f77-edit-x-out.f output pattern test, is 1 2  3
FAIL: g77.dg/f77-edit-x-out.f output pattern test, is 1 2  3
FAIL: g77.dg/f77-edit-x-out.f output pattern test, is 1 2  3
FAIL: g77.dg/f77-edit-x-out.f output pattern test, is 1 2  3
FAIL: g77.dg/f77-edit-x-out.f output pattern test, is 1 2  3
FAIL: g77.dg/f77-edit-x-out.f output pattern test, is 1 2  3
FAIL: g77.f-torture/execute/970625-2.f compilation,  -O1 

		=== g77 Summary ===

# of expected passes		1429
# of unexpected failures	37
# of expected failures		80
# of untested testcases		49
# of unsupported tests		9
/mmix/mmix/build/gcc/testsuite/../g77 version 3.2 20020512 (experimental)

Host   is i686-pc-linux-gnu

		=== gcc tests ===


Running target mmixware-sim
WARNING: program timed out.
FAIL: gcc.c-torture/compile/20001226-1.c,  -Os  
FAIL: cmdlne-dM-M.c: #define line not printed
WARNING: program timed out.
FAIL: gcc.dg/format/c99-scanf-1.c %hhd sign (test for warnings, line 143)
FAIL: gcc.dg/format/c99-scanf-1.c %hhu sign (test for warnings, line 144)
FAIL: gcc.dg/format/c99-scanf-1.c (test for excess errors)
FAIL: gcc.dg/format/ext-1.c printf_unlocked (test for warnings, line 125)
FAIL: gcc.dg/format/ext-1.c (test for excess errors)
FAIL: gcc.dg/format/ext-1.c printf_unlocked (test for warnings, line 125)
FAIL: gcc.dg/format/ext-1.c (test for excess errors)

		=== gcc Summary ===

# of expected passes		18098
# of unexpected failures	9
# of expected failures		74
# of unsupported tests		131
/mmix/mmix/build/gcc/xgcc version 3.2 20020512 (experimental)

Host   is i686-pc-linux-gnu

		=== objc tests ===


Running target mmixware-sim

		=== objc Summary ===

# of expected passes		1036
# of expected failures		6
/mmix/mmix/build/gcc/xgcc version 3.2 20020512 (experimental)


Compiler version: 3.2 20020512 (experimental) 
Platform: mmix-knuth-mmixware
configure flags: --host=i686-pc-linux-gnu --target=mmix --prefix=/mmix/mmix/install --disable-nls


Index Nav: [Date Index] [Subject Index] [Author Index] [Thread Index]
Message Nav: [Date Prev] [Date Next] [Thread Prev] [Thread Next]