This is the mail archive of the gcc-testresults@gcc.gnu.org mailing list for the GCC project.


Index Nav: [Date Index] [Subject Index] [Author Index] [Thread Index]
Message Nav: [Date Prev] [Date Next] [Thread Prev] [Thread Next]
Other format: [Raw text]

Results for 3.1 20020510 (prerelease) testsuite on i686-pc-cygwin


This was on a Windows XP/cygwin P4 system with these packages:

binutils  2.11.92 20011001  (cygwin ver. 20011002-1)
cygwin    1.3.10-1
dejagnu   1.4.2.x       (cygwin ver. 20010117-1 + cvs 20020428 on top)
gcc       2.95.3-5


LAST_UPDATED: Fri May 10 19:43:03  2002

Native configuration is i686-pc-cygwin

		=== g++ tests ===


Running target unix
FAIL: g++.dg/ext/instantiate3.C scan-assembler-not 
FAIL: g++.dg/special/conpr-1.C execution test
FAIL: g++.dg/special/conpr-2.C execution test
FAIL: g++.dg/special/conpr-3.C execution test
FAIL: g++.dg/special/conpr-3.C execution test
FAIL: g++.dg/special/initp1.C execution test
FAIL: g++.eh/badalloc1.C  Execution test
XPASS: g++.ext/attrib5.C  Execution test
XPASS: g++.jason/template18.C (test for excess errors)
XPASS: g++.jason/template18.C  Execution test

		=== g++ Summary ===

# of expected passes		7167
# of unexpected failures	7
# of unexpected successes	3
# of expected failures		87
# of untested testcases		15
# of unsupported tests		3
/usr/local/src/gcc-rel/objdir/gcc/testsuite/../g++ version 3.1 20020510
(prerelease)

		=== g77 tests ===


Running target unix
FAIL: g77.dg/f77-edit-i-in.f execution test
FAIL: g77.dg/f77-edit-i-in.f execution test
FAIL: g77.dg/f77-edit-i-in.f execution test
FAIL: g77.dg/f77-edit-i-in.f execution test
FAIL: g77.dg/f77-edit-i-in.f execution test
FAIL: g77.dg/f77-edit-i-in.f execution test
FAIL: g77.f-torture/execute/20001201.f execution,  -O0 
FAIL: g77.f-torture/execute/20001201.f execution,  -O1 
FAIL: g77.f-torture/execute/20001201.f execution,  -O2 
FAIL: g77.f-torture/execute/20001201.f execution,  -O3
-fomit-frame-pointer 
FAIL: g77.f-torture/execute/20001201.f execution,  -O3 -g 
FAIL: g77.f-torture/execute/20001201.f execution,  -Os 
FAIL: g77.f-torture/execute/io0.f execution,  -O0 
FAIL: g77.f-torture/execute/io0.f execution,  -O1 
FAIL: g77.f-torture/execute/io0.f execution,  -O2 
FAIL: g77.f-torture/execute/io0.f execution,  -O3 -fomit-frame-pointer 
FAIL: g77.f-torture/execute/io0.f execution,  -O3 -g 
FAIL: g77.f-torture/execute/io0.f execution,  -Os 
FAIL: g77.f-torture/execute/io1.f execution,  -O0 
FAIL: g77.f-torture/execute/io1.f execution,  -O1 
FAIL: g77.f-torture/execute/io1.f execution,  -O2 
FAIL: g77.f-torture/execute/io1.f execution,  -O3 -fomit-frame-pointer 
FAIL: g77.f-torture/execute/io1.f execution,  -O3 -g 
FAIL: g77.f-torture/execute/io1.f execution,  -Os 

		=== g77 Summary ===

# of expected passes		1444
# of unexpected failures	24
/usr/local/src/gcc-rel/objdir/gcc/testsuite/../g77 version 3.1 20020510
(prerelease)

		=== gcc tests ===


Running target unix
FAIL: gcc.c-torture/execute/20020307-2.c execution,  -O1 
FAIL: gcc.c-torture/execute/20020307-2.c execution,  -O2 
FAIL: gcc.c-torture/execute/20020307-2.c execution,  -O3
-fomit-frame-pointer 
FAIL: gcc.c-torture/execute/20020307-2.c execution,  -O3
-fomit-frame-pointer -funroll-loops 
FAIL: gcc.c-torture/execute/20020307-2.c execution,  -O3
-fomit-frame-pointer -funroll-all-loops -finline-functions 
FAIL: gcc.c-torture/execute/20020307-2.c execution,  -O3 -g 
FAIL: gcc.c-torture/execute/20020402-1.c execution,  -Os 
XPASS: gcc.c-torture/execute/loop-2e.c execution,  -Os 
FAIL: gcc.dg/weak-2.c applying #pragma weak (test for warnings, line 33)
FAIL: gcc.dg/weak-3.c (test for excess errors)
FAIL: gcc.dg/weak-4.c applying #pragma weak (test for warnings, line 41)
FAIL: gcc.dg/weak-4.c applying #pragma weak (test for warnings, line 73)
FAIL: gcc.dg/weak-5.c (test for excess errors)
FAIL: gcc.dg/weak-6.c  (test for errors, line 4)
FAIL: gcc.dg/weak-7.c (test for excess errors)

		=== gcc Summary ===

# of expected passes		18598
# of unexpected failures	14
# of unexpected successes	1
# of expected failures		69
# of unsupported tests		48
/usr/local/src/gcc-rel/objdir/gcc/xgcc version 3.1 20020510 (prerelease)

		=== objc tests ===


Running target unix

		=== objc Summary ===

# of expected passes		1036
# of expected failures		6
/usr/local/src/gcc-rel/objdir/gcc/xgcc version 3.1 20020510 (prerelease)

		=== libstdc++-v3 tests ===


Running target unix
XPASS: 22_locale/collate_members_wchar_t.cc execution test
XPASS: 22_locale/money_get_members_wchar_t.cc execution test
XPASS: 22_locale/money_put_members_wchar_t.cc execution test
XPASS: 22_locale/moneypunct_members_wchar_t.cc execution test
XPASS: 22_locale/num_get_members_wchar_t.cc execution test
XPASS: 22_locale/num_put_members_wchar_t.cc execution test
XPASS: 22_locale/numpunct_members_wchar_t.cc execution test
XPASS: 22_locale/time_get_members_wchar_t.cc execution test
XPASS: 22_locale/time_put_members_wchar_t.cc execution test
FAIL: 27_io/filebuf_members.cc execution test
FAIL: 27_io/ios_base_storage.cc execution test

		=== libstdc++-v3 Summary ===

# of expected passes		373
# of unexpected failures	2
# of unexpected successes	9
# of expected failures		16

Compiler version: 3.1 20020510 (prerelease) 
Platform: i686-pc-cygwin
configure flags: --host=i686-pc-cygwin --prefix=/usr
--enable-threads=posix --enable-languages=c,c++,f77,objc
--with-system-zlib --enable-nls --without-included-gettext
--disable-shared
Counting all warnings,
there are 266 warnings in stage0 of this bootstrap.

Number of warnings per file:
     94	libiberty/md5.c
     51	cc1plus.exe
     41	libiberty/regex.c
     27	include/i686-pc-cygwin/bits/gthr-default.h
     10	cxa_demangle.c
      8	dyn-string.c
      6	include/libiberty.h
      6	include/alloca.h
      6	cc1.exe
      4	libiberty/getopt.c
      3	gcc/unwind-pe.h
      2	libtool
      2	libiberty/strsignal.c
      1	libsupc++/eh_terminate.cc
      1	libstdc++-v3/src/localename.cc
      1	libf2c/libI77/open.c
      1	include/xregex2.h
      1	configure
      1	config.h

Number of warning types:
     53	-ffunction-sections may affect debugging on some targets
     49	integer constant is unsigned in ANSI C, signed with -traditional
     32	traditional C rejects string concatenation
     27	ignoring
     16	implicit declaration of function \`???'
     16	function-like macro \`FI' must be used with arguments in
traditional C
     16	function-like macro \`FH' must be used with arguments in
traditional C
     16	function-like macro \`FG' must be used with arguments in
traditional C
      7	this is the location of the previous definition
      6	unused parameter \`???'
      6	\`???' redefined
      4	signed and unsigned type in conditional expression
      2	undefined symbols not allowed in i686-pc-cygwin shared libraries
      2	ignoring command line option '-fno-implicit-templates'
      2	control reaches end of non-void 
      2	comparison between signed and unsigned
      2	(it is valid for C++ but not the selected language)
      1	wchar_t support disabled.
      1	assignment makes pointer from integer without a cast
      1	\`noreturn' 
      1	\`_XOPEN_SOURCE' redefined
      1	\`???' might be 
      1	\`???' defined but not used
      1	\`
      1	ISO C89 does not support \`static' or type qualifiers in
parameter array declarators
Counting all warnings,
there are 60 warnings in stage3 of this bootstrap.

Number of warnings per file:
     23	gcc/combine.c
     10	gcc/regclass.c
     10	gcc/gcc.c
      4	gcc/optabs.c
      3	gcc/cp/lang-specs.h
      2	gcc/fold-const.c
      1	gcc/varasm.c
      1	gcc/unwind-pe.h
      1	gcc/sdbout.c
      1	gcc/reload.c
      1	gcc/objc/lang-specs.h
      1	gcc/function.c
      1	gcc/emit-rtl.c
      1	gcc/config/i386/i386.c

Number of warning types:
     38	comparison between signed and unsigned
      8	string length \`???' is greater than the length \`???' ISO C89
compilers are required to support
      4	traditional C rejects string concatenation
      4	signed and unsigned type in conditional expression
      2	assignment of read-only location
      1	unused variable \`???'
      1	pointer targets in passing arg ??? of \`???' differ in
signedness
      1	assignment discards qualifiers from pointer target type
      1	\`???' defined but not used



Index Nav: [Date Index] [Subject Index] [Author Index] [Thread Index]
Message Nav: [Date Prev] [Date Next] [Thread Prev] [Thread Next]