This is the mail archive of the gcc-testresults@gcc.gnu.org mailing list for the GCC project.


Index Nav: [Date Index] [Subject Index] [Author Index] [Thread Index]
Message Nav: [Date Prev] [Date Next] [Thread Prev] [Thread Next]
Other format: [Raw text]

Results for 3.1 20020510 (prerelease) testsuite on i686-pc-linux-gnu


LAST_UPDATED: 
Native configuration is i686-pc-linux-gnu

		=== g77 tests ===


Running target unix

		=== g77 Summary ===

# of expected passes		1468
/home/davem/src/GCC/cvs/3.1/build-i386-linux/gcc/testsuite/../g77 version 3.1 20020510 (prerelease)

		=== gcc tests ===


Running target unix
FAIL: gcc.c-torture/execute/20020307-2.c execution,  -O1 
FAIL: gcc.c-torture/execute/20020307-2.c execution,  -O2 
FAIL: gcc.c-torture/execute/20020307-2.c execution,  -O3 -fomit-frame-pointer 
FAIL: gcc.c-torture/execute/20020307-2.c execution,  -O3 -fomit-frame-pointer -funroll-loops 
FAIL: gcc.c-torture/execute/20020307-2.c execution,  -O3 -fomit-frame-pointer -funroll-all-loops -finline-functions 
FAIL: gcc.c-torture/execute/20020307-2.c execution,  -O3 -g 
FAIL: gcc.c-torture/execute/20020402-1.c execution,  -Os 

		=== gcc Summary ===

# of expected passes		18405
# of unexpected failures	7
# of expected failures		70
# of unsupported tests		43
/home/davem/src/GCC/cvs/3.1/build-i386-linux/gcc/xgcc version 3.1 20020510 (prerelease)

		=== g++ tests ===


Running target unix

		=== g++ Summary ===

# of expected passes		7184
# of expected failures		88
# of untested testcases		9
# of unsupported tests		3
/home/davem/src/GCC/cvs/3.1/build-i386-linux/gcc/testsuite/../g++ version 3.1 20020510 (prerelease)

		=== objc tests ===


Running target unix

		=== objc Summary ===

# of expected passes		1036
# of expected failures		6
/home/davem/src/GCC/cvs/3.1/build-i386-linux/gcc/xgcc version 3.1 20020510 (prerelease)

		=== libjava tests ===


Running target unix
FAIL: cxxtest run
WARNING: program timed out.
FAIL: inner4 -O execution from bytecode->native test

		=== libjava Summary ===

# of expected passes		2072
# of unexpected failures	2
# of expected failures		18
# of untested testcases		16
		=== libstdc++-v3 tests ===


Running target unix
XPASS: 22_locale/ctype_members_char.cc execution test
XPASS: 22_locale/members.cc execution test
XPASS: 22_locale/messages_byname.cc execution test
XPASS: 22_locale/messages_members_char.cc execution test
XPASS: 22_locale/money_get_members_char.cc execution test
XPASS: 22_locale/money_get_members_wchar_t.cc execution test
XPASS: 22_locale/money_put_members_char.cc execution test
XPASS: 22_locale/money_put_members_wchar_t.cc execution test
XPASS: 22_locale/moneypunct_byname.cc execution test
XPASS: 22_locale/moneypunct_members_char.cc execution test
XPASS: 22_locale/moneypunct_members_wchar_t.cc execution test
XPASS: 22_locale/num_get_members_char.cc execution test
XPASS: 22_locale/num_get_members_wchar_t.cc execution test
XPASS: 22_locale/num_put_members_char.cc execution test
XPASS: 22_locale/num_put_members_wchar_t.cc execution test
XPASS: 22_locale/numpunct_byname.cc execution test
XPASS: 22_locale/numpunct_members_char.cc execution test
XPASS: 22_locale/numpunct_members_wchar_t.cc execution test
XPASS: 22_locale/time_get_members_char.cc execution test
XPASS: 22_locale/time_get_members_wchar_t.cc execution test
XPASS: 22_locale/time_put_members_char.cc execution test
XPASS: 22_locale/time_put_members_wchar_t.cc execution test
FAIL: 26_numerics/c99_classification_macros_c.cc (test for excess errors)

		=== libstdc++-v3 Summary ===

# of expected passes		374
# of unexpected failures	1
# of unexpected successes	22
# of expected failures		3

Compiler version: 3.1 20020510 (prerelease) 
Platform: i686-pc-linux-gnu
configure flags: --host=i686-pc-linux-gnu --prefix=/usr/local --enable-shared --enable-threads


Index Nav: [Date Index] [Subject Index] [Author Index] [Thread Index]
Message Nav: [Date Prev] [Date Next] [Thread Prev] [Thread Next]