This is the mail archive of the gcc-testresults@gcc.gnu.org mailing list for the GCC project.


Index Nav: [Date Index] [Subject Index] [Author Index] [Thread Index]
Message Nav: [Date Prev] [Date Next] [Thread Prev] [Thread Next]
Other format: [Raw text]

Results for 3.2 20020509 (experimental) testsuite on mips-sgi-irix6.2


LAST_UPDATED: 
Native configuration is mips-sgi-irix6.2

		=== g++ tests ===


Running target unix/-mabi=64
FAIL: g++.dg/bprob/bprob-1.C execution,    -g  -fprofile-arcs
UNRESOLVED: g++.dg/bprob/bprob-1.C compilation,  -g  -fbranch-probabilities
UNRESOLVED: g++.dg/bprob/bprob-1.C execution,    -g  -fbranch-probabilities
FAIL: g++.dg/bprob/bprob-1.C execution,    -O0  -fprofile-arcs
UNRESOLVED: g++.dg/bprob/bprob-1.C compilation,  -O0  -fbranch-probabilities
UNRESOLVED: g++.dg/bprob/bprob-1.C execution,    -O0  -fbranch-probabilities
FAIL: g++.dg/bprob/bprob-1.C execution,    -O1  -fprofile-arcs
UNRESOLVED: g++.dg/bprob/bprob-1.C compilation,  -O1  -fbranch-probabilities
UNRESOLVED: g++.dg/bprob/bprob-1.C execution,    -O1  -fbranch-probabilities
FAIL: g++.dg/bprob/bprob-1.C compilation,  -O2  -fprofile-arcs
UNRESOLVED: g++.dg/bprob/bprob-1.C execution,    -O2  -fprofile-arcs
UNRESOLVED: g++.dg/bprob/bprob-1.C compilation,  -O2  -fbranch-probabilities
UNRESOLVED: g++.dg/bprob/bprob-1.C execution,    -O2  -fbranch-probabilities
FAIL: g++.dg/bprob/bprob-1.C compilation,  -O3  -fprofile-arcs
UNRESOLVED: g++.dg/bprob/bprob-1.C execution,    -O3  -fprofile-arcs
UNRESOLVED: g++.dg/bprob/bprob-1.C compilation,  -O3  -fbranch-probabilities
UNRESOLVED: g++.dg/bprob/bprob-1.C execution,    -O3  -fbranch-probabilities
FAIL: g++.dg/bprob/bprob-1.C compilation,  -O3 -g  -fprofile-arcs
UNRESOLVED: g++.dg/bprob/bprob-1.C execution,    -O3 -g  -fprofile-arcs
UNRESOLVED: g++.dg/bprob/bprob-1.C compilation,  -O3 -g  -fbranch-probabilities
UNRESOLVED: g++.dg/bprob/bprob-1.C execution,    -O3 -g  -fbranch-probabilities
FAIL: g++.dg/bprob/bprob-1.C compilation,  -Os  -fprofile-arcs
UNRESOLVED: g++.dg/bprob/bprob-1.C execution,    -Os  -fprofile-arcs
UNRESOLVED: g++.dg/bprob/bprob-1.C compilation,  -Os  -fbranch-probabilities
UNRESOLVED: g++.dg/bprob/bprob-1.C execution,    -Os  -fbranch-probabilities
FAIL: g++.dg/ext/instantiate2.C scan-assembler 
FAIL: g++.dg/template/typename2.C (test for excess errors)
FAIL: g++.dg/warn/Wunused-2.C  (test for warnings, line 5)
FAIL: g++.dg/gcov/gcov-1.C execution test
FAIL: g++.dg/gcov/gcov-1.C gcov failed: Could not open data file gcov-1.da.
FAIL: g++.dg/gcov/gcov-2.C execution test
FAIL: g++.dg/gcov/gcov-2.C gcov failed: Could not open data file gcov-2.da.
FAIL: g++.dg/gcov/gcov-3.C execution test
FAIL: g++.dg/gcov/gcov-3.C gcov failed: Could not open data file gcov-3.da.
FAIL: g++.benjamin/p12475.C  (test for warnings, line 14)
FAIL: g++.jason/rfg10.C enum overflow (test for errors, line 9)
FAIL: g++.jason/rfg10.C (test for excess errors)
FAIL: g++.robertl/eb83.C  Execution test

		=== g++ Summary for unix/-mabi=64 ===

# of expected passes		7086
# of unexpected failures	20
# of expected failures		95
# of unresolved testcases	18
# of untested testcases		23
# of unsupported tests		4

Running target unix/-mips4
FAIL: g++.dg/bprob/bprob-1.C compilation,  -O2  -fprofile-arcs
UNRESOLVED: g++.dg/bprob/bprob-1.C execution,    -O2  -fprofile-arcs
UNRESOLVED: g++.dg/bprob/bprob-1.C compilation,  -O2  -fbranch-probabilities
UNRESOLVED: g++.dg/bprob/bprob-1.C execution,    -O2  -fbranch-probabilities
FAIL: g++.dg/bprob/bprob-1.C compilation,  -O3  -fprofile-arcs
UNRESOLVED: g++.dg/bprob/bprob-1.C execution,    -O3  -fprofile-arcs
UNRESOLVED: g++.dg/bprob/bprob-1.C compilation,  -O3  -fbranch-probabilities
UNRESOLVED: g++.dg/bprob/bprob-1.C execution,    -O3  -fbranch-probabilities
FAIL: g++.dg/bprob/bprob-1.C compilation,  -O3 -g  -fprofile-arcs
UNRESOLVED: g++.dg/bprob/bprob-1.C execution,    -O3 -g  -fprofile-arcs
UNRESOLVED: g++.dg/bprob/bprob-1.C compilation,  -O3 -g  -fbranch-probabilities
UNRESOLVED: g++.dg/bprob/bprob-1.C execution,    -O3 -g  -fbranch-probabilities
FAIL: g++.dg/bprob/bprob-1.C compilation,  -Os  -fprofile-arcs
UNRESOLVED: g++.dg/bprob/bprob-1.C execution,    -Os  -fprofile-arcs
UNRESOLVED: g++.dg/bprob/bprob-1.C compilation,  -Os  -fbranch-probabilities
UNRESOLVED: g++.dg/bprob/bprob-1.C execution,    -Os  -fbranch-probabilities
FAIL: g++.dg/ext/instantiate2.C scan-assembler 
FAIL: g++.dg/template/typename2.C (test for excess errors)
FAIL: g++.dg/warn/Wunused-2.C  (test for warnings, line 5)

		=== g++ Summary for unix/-mips4 ===

# of expected passes		7105
# of unexpected failures	7
# of expected failures		95
# of unresolved testcases	12
# of untested testcases		23
# of unsupported tests		4

Running target unix
FAIL: g++.dg/bprob/bprob-1.C compilation,  -O2  -fprofile-arcs
UNRESOLVED: g++.dg/bprob/bprob-1.C execution,    -O2  -fprofile-arcs
UNRESOLVED: g++.dg/bprob/bprob-1.C compilation,  -O2  -fbranch-probabilities
UNRESOLVED: g++.dg/bprob/bprob-1.C execution,    -O2  -fbranch-probabilities
FAIL: g++.dg/bprob/bprob-1.C compilation,  -O3  -fprofile-arcs
UNRESOLVED: g++.dg/bprob/bprob-1.C execution,    -O3  -fprofile-arcs
UNRESOLVED: g++.dg/bprob/bprob-1.C compilation,  -O3  -fbranch-probabilities
UNRESOLVED: g++.dg/bprob/bprob-1.C execution,    -O3  -fbranch-probabilities
FAIL: g++.dg/bprob/bprob-1.C compilation,  -O3 -g  -fprofile-arcs
UNRESOLVED: g++.dg/bprob/bprob-1.C execution,    -O3 -g  -fprofile-arcs
UNRESOLVED: g++.dg/bprob/bprob-1.C compilation,  -O3 -g  -fbranch-probabilities
UNRESOLVED: g++.dg/bprob/bprob-1.C execution,    -O3 -g  -fbranch-probabilities
FAIL: g++.dg/bprob/bprob-1.C compilation,  -Os  -fprofile-arcs
UNRESOLVED: g++.dg/bprob/bprob-1.C execution,    -Os  -fprofile-arcs
UNRESOLVED: g++.dg/bprob/bprob-1.C compilation,  -Os  -fbranch-probabilities
UNRESOLVED: g++.dg/bprob/bprob-1.C execution,    -Os  -fbranch-probabilities
FAIL: g++.dg/ext/instantiate2.C scan-assembler 
FAIL: g++.dg/template/typename2.C (test for excess errors)
FAIL: g++.dg/warn/Wunused-2.C  (test for warnings, line 5)

		=== g++ Summary for unix ===

# of expected passes		7105
# of unexpected failures	7
# of expected failures		95
# of unresolved testcases	12
# of untested testcases		23
# of unsupported tests		4

		=== g++ Summary ===

# of expected passes		21296
# of unexpected failures	34
# of expected failures		285
# of unresolved testcases	42
# of untested testcases		69
# of unsupported tests		12
/caip/u99/ghazi/gcc-testing/build/gcc/testsuite/../g++ version 3.2 20020509 (experimental)

		=== g77 tests ===


Running target unix/-mabi=64
FAIL: g77.dg/bprob/bprob-1.f execution,    -g  -fprofile-arcs
UNRESOLVED: g77.dg/bprob/bprob-1.f compilation,  -g  -fbranch-probabilities
UNRESOLVED: g77.dg/bprob/bprob-1.f execution,    -g  -fbranch-probabilities
FAIL: g77.dg/bprob/bprob-1.f execution,    -O0  -fprofile-arcs
UNRESOLVED: g77.dg/bprob/bprob-1.f compilation,  -O0  -fbranch-probabilities
UNRESOLVED: g77.dg/bprob/bprob-1.f execution,    -O0  -fbranch-probabilities
FAIL: g77.dg/bprob/bprob-1.f execution,    -O1  -fprofile-arcs
UNRESOLVED: g77.dg/bprob/bprob-1.f compilation,  -O1  -fbranch-probabilities
UNRESOLVED: g77.dg/bprob/bprob-1.f execution,    -O1  -fbranch-probabilities
FAIL: g77.dg/bprob/bprob-1.f execution,    -O2  -fprofile-arcs
UNRESOLVED: g77.dg/bprob/bprob-1.f compilation,  -O2  -fbranch-probabilities
UNRESOLVED: g77.dg/bprob/bprob-1.f execution,    -O2  -fbranch-probabilities
FAIL: g77.dg/bprob/bprob-1.f execution,    -O3  -fprofile-arcs
UNRESOLVED: g77.dg/bprob/bprob-1.f compilation,  -O3  -fbranch-probabilities
UNRESOLVED: g77.dg/bprob/bprob-1.f execution,    -O3  -fbranch-probabilities
FAIL: g77.dg/bprob/bprob-1.f execution,    -O3 -g  -fprofile-arcs
UNRESOLVED: g77.dg/bprob/bprob-1.f compilation,  -O3 -g  -fbranch-probabilities
UNRESOLVED: g77.dg/bprob/bprob-1.f execution,    -O3 -g  -fbranch-probabilities
FAIL: g77.dg/bprob/bprob-1.f execution,    -Os  -fprofile-arcs
UNRESOLVED: g77.dg/bprob/bprob-1.f compilation,  -Os  -fbranch-probabilities
UNRESOLVED: g77.dg/bprob/bprob-1.f execution,    -Os  -fbranch-probabilities
FAIL: g77.dg/gcov/gcov-1.f execution test
FAIL: g77.dg/gcov/gcov-1.f gcov failed: Could not open data file gcov-1.da.
FAIL: g77.f-torture/execute/6367.f execution,  -O0 
FAIL: g77.f-torture/execute/6367.f execution,  -O1 
FAIL: g77.f-torture/execute/6367.f execution,  -O2 
FAIL: g77.f-torture/execute/6367.f execution,  -O3 -fomit-frame-pointer 
FAIL: g77.f-torture/execute/6367.f execution,  -O3 -fomit-frame-pointer -funroll-loops 
FAIL: g77.f-torture/execute/6367.f execution,  -O3 -fomit-frame-pointer -funroll-all-loops -finline-functions 
FAIL: g77.f-torture/execute/6367.f execution,  -O3 -g 
FAIL: g77.f-torture/execute/6367.f execution,  -Os 

		=== g77 Summary for unix/-mabi=64 ===

# of expected passes		1595
# of unexpected failures	17
# of unresolved testcases	14
# of unsupported tests		8

Running target unix/-mips4
FAIL: g77.f-torture/execute/6367.f execution,  -O0 
FAIL: g77.f-torture/execute/6367.f execution,  -O1 
FAIL: g77.f-torture/execute/6367.f execution,  -O2 
FAIL: g77.f-torture/execute/6367.f execution,  -O3 -fomit-frame-pointer 
FAIL: g77.f-torture/execute/6367.f execution,  -O3 -fomit-frame-pointer -funroll-loops 
FAIL: g77.f-torture/execute/6367.f execution,  -O3 -fomit-frame-pointer -funroll-all-loops -finline-functions 
FAIL: g77.f-torture/execute/6367.f execution,  -O3 -g 
FAIL: g77.f-torture/execute/6367.f execution,  -Os 
FAIL: g77.f-torture/execute/intrinsic77.f compilation,  -O3 -fomit-frame-pointer 
FAIL: g77.f-torture/execute/intrinsic77.f compilation,  -O3 -g 

		=== g77 Summary for unix/-mips4 ===

# of expected passes		1614
# of unexpected failures	10
# of untested testcases		2
# of unsupported tests		8

Running target unix
FAIL: g77.f-torture/execute/6367.f execution,  -O0 
FAIL: g77.f-torture/execute/6367.f execution,  -O1 
FAIL: g77.f-torture/execute/6367.f execution,  -O2 
FAIL: g77.f-torture/execute/6367.f execution,  -O3 -fomit-frame-pointer 
FAIL: g77.f-torture/execute/6367.f execution,  -O3 -fomit-frame-pointer -funroll-loops 
FAIL: g77.f-torture/execute/6367.f execution,  -O3 -fomit-frame-pointer -funroll-all-loops -finline-functions 
FAIL: g77.f-torture/execute/6367.f execution,  -O3 -g 
FAIL: g77.f-torture/execute/6367.f execution,  -Os 

		=== g77 Summary for unix ===

# of expected passes		1618
# of unexpected failures	8
# of unsupported tests		8

		=== g77 Summary ===

# of expected passes		4827
# of unexpected failures	35
# of unresolved testcases	14
# of untested testcases		2
# of unsupported tests		24
/caip/u99/ghazi/gcc-testing/build/gcc/testsuite/../g77 version 3.2 20020509 (experimental)

		=== gcc tests ===


Running target unix/-mabi=64
WARNING: program timed out.
FAIL: gcc.c-torture/compile/20001226-1.c,  -O3 -g  
WARNING: program timed out.
FAIL: gcc.c-torture/compile/20001226-1.c,  -Os  
FAIL: gcc.c-torture/compile/mipscop-4.c,  -O0  
FAIL: gcc.c-torture/compile/mipscop-4.c,  -O1  
FAIL: gcc.c-torture/compile/mipscop-4.c,  -O2  
FAIL: gcc.c-torture/compile/mipscop-4.c,  -O3 -fomit-frame-pointer  
FAIL: gcc.c-torture/compile/mipscop-4.c,  -O3 -g  
FAIL: gcc.c-torture/compile/mipscop-4.c,  -Os  
FAIL: gcc.c-torture/compile/mipscop-2.c,  -O0  
FAIL: gcc.c-torture/compile/mipscop-2.c,  -O1  
FAIL: gcc.c-torture/compile/mipscop-2.c,  -O2  
FAIL: gcc.c-torture/compile/mipscop-2.c,  -O3 -fomit-frame-pointer  
FAIL: gcc.c-torture/compile/mipscop-2.c,  -O3 -g  
FAIL: gcc.c-torture/compile/mipscop-2.c,  -Os  
FAIL: gcc.c-torture/compile/mipscop-3.c,  -O0  
FAIL: gcc.c-torture/compile/mipscop-3.c,  -O1  
FAIL: gcc.c-torture/compile/mipscop-3.c,  -O2  
FAIL: gcc.c-torture/compile/mipscop-3.c,  -O3 -fomit-frame-pointer  
FAIL: gcc.c-torture/compile/mipscop-3.c,  -O3 -g  
FAIL: gcc.c-torture/compile/mipscop-3.c,  -Os  
FAIL: gcc.c-torture/compile/mipscop-1.c,  -O0  
FAIL: gcc.c-torture/compile/mipscop-1.c,  -O1  
FAIL: gcc.c-torture/compile/mipscop-1.c,  -O2  
FAIL: gcc.c-torture/compile/mipscop-1.c,  -O3 -fomit-frame-pointer  
FAIL: gcc.c-torture/compile/mipscop-1.c,  -O3 -g  
FAIL: gcc.c-torture/compile/mipscop-1.c,  -Os  
FAIL: gcc.c-torture/execute/20020412-1.c execution,  -O0 
FAIL: gcc.c-torture/execute/20020412-1.c execution,  -O1 
FAIL: gcc.c-torture/execute/20020412-1.c execution,  -O2 
FAIL: gcc.c-torture/execute/20020412-1.c execution,  -O3 -fomit-frame-pointer 
FAIL: gcc.c-torture/execute/20020412-1.c execution,  -O3 -fomit-frame-pointer -funroll-loops 
FAIL: gcc.c-torture/execute/20020412-1.c execution,  -O3 -fomit-frame-pointer -funroll-all-loops -finline-functions 
FAIL: gcc.c-torture/execute/20020412-1.c execution,  -O3 -g 
FAIL: gcc.c-torture/execute/20020412-1.c execution,  -Os 
FAIL: gcc.c-torture/execute/930921-1.c execution,  -O3 -fomit-frame-pointer 
FAIL: gcc.c-torture/execute/930921-1.c execution,  -O3 -fomit-frame-pointer -funroll-loops 
FAIL: gcc.c-torture/execute/930921-1.c execution,  -O3 -fomit-frame-pointer -funroll-all-loops -finline-functions 
FAIL: gcc.c-torture/execute/930921-1.c execution,  -O3 -g 
FAIL: gcc.c-torture/execute/builtin-abs-1.c execution,  -O0 
FAIL: gcc.c-torture/execute/builtin-abs-1.c compilation,  -O1 
UNRESOLVED: gcc.c-torture/execute/builtin-abs-1.c execution,  -O1 
FAIL: gcc.c-torture/execute/builtin-abs-1.c compilation,  -O2 
UNRESOLVED: gcc.c-torture/execute/builtin-abs-1.c execution,  -O2 
FAIL: gcc.c-torture/execute/builtin-abs-1.c compilation,  -O3 -fomit-frame-pointer 
UNRESOLVED: gcc.c-torture/execute/builtin-abs-1.c execution,  -O3 -fomit-frame-pointer 
FAIL: gcc.c-torture/execute/builtin-abs-1.c compilation,  -O3 -g 
UNRESOLVED: gcc.c-torture/execute/builtin-abs-1.c execution,  -O3 -g 
FAIL: gcc.c-torture/execute/builtin-abs-1.c compilation,  -Os 
UNRESOLVED: gcc.c-torture/execute/builtin-abs-1.c execution,  -Os 
FAIL: cmdlne-dM-M.c: #define line not printed
FAIL: gcc.dg/20020201-1.c execution test
FAIL: gcc.dg/c90-intconst-1.c unsigned decimal no suffix (test for warnings, line 432)
FAIL: gcc.dg/c90-intconst-1.c unsigned decimal long suffix (test for warnings, line 433)
FAIL: gcc.dg/c90-intconst-1.c unsigned decimal long suffix (test for warnings, line 434)
FAIL: gcc.dg/c90-intconst-1.c (test for excess errors)
FAIL: gcc.dg/weak-5.c (test for excess errors)
FAIL: gcc.misc-tests/bprob-1.c execution,    -g  -fprofile-arcs
UNRESOLVED: gcc.misc-tests/bprob-1.c compilation,  -g  -fbranch-probabilities
UNRESOLVED: gcc.misc-tests/bprob-1.c execution,    -g  -fbranch-probabilities
FAIL: gcc.misc-tests/bprob-1.c execution,    -O0  -fprofile-arcs
UNRESOLVED: gcc.misc-tests/bprob-1.c compilation,  -O0  -fbranch-probabilities
UNRESOLVED: gcc.misc-tests/bprob-1.c execution,    -O0  -fbranch-probabilities
FAIL: gcc.misc-tests/bprob-1.c execution,    -O1  -fprofile-arcs
UNRESOLVED: gcc.misc-tests/bprob-1.c compilation,  -O1  -fbranch-probabilities
UNRESOLVED: gcc.misc-tests/bprob-1.c execution,    -O1  -fbranch-probabilities
FAIL: gcc.misc-tests/bprob-1.c execution,    -O2 -DPERFTIME  -fprofile-arcs
UNRESOLVED: gcc.misc-tests/bprob-1.c compilation,  -O2 -DPERFTIME  -fbranch-probabilities
UNRESOLVED: gcc.misc-tests/bprob-1.c execution,    -O2 -DPERFTIME  -fbranch-probabilities
FAIL: gcc.misc-tests/bprob-1.c execution,    -O3 -DPERFTIME  -fprofile-arcs
UNRESOLVED: gcc.misc-tests/bprob-1.c compilation,  -O3 -DPERFTIME  -fbranch-probabilities
UNRESOLVED: gcc.misc-tests/bprob-1.c execution,    -O3 -DPERFTIME  -fbranch-probabilities
FAIL: gcc.misc-tests/bprob-1.c execution,    -O3 -g -DPERFTIME  -fprofile-arcs
UNRESOLVED: gcc.misc-tests/bprob-1.c compilation,  -O3 -g -DPERFTIME  -fbranch-probabilities
UNRESOLVED: gcc.misc-tests/bprob-1.c execution,    -O3 -g -DPERFTIME  -fbranch-probabilities
FAIL: gcc.misc-tests/bprob-1.c execution,    -Os  -fprofile-arcs
UNRESOLVED: gcc.misc-tests/bprob-1.c compilation,  -Os  -fbranch-probabilities
UNRESOLVED: gcc.misc-tests/bprob-1.c execution,    -Os  -fbranch-probabilities
FAIL: gcc.misc-tests/bprob-2.c execution,    -g  -fprofile-arcs
UNRESOLVED: gcc.misc-tests/bprob-2.c compilation,  -g  -fbranch-probabilities
UNRESOLVED: gcc.misc-tests/bprob-2.c execution,    -g  -fbranch-probabilities
FAIL: gcc.misc-tests/bprob-2.c execution,    -O0  -fprofile-arcs
UNRESOLVED: gcc.misc-tests/bprob-2.c compilation,  -O0  -fbranch-probabilities
UNRESOLVED: gcc.misc-tests/bprob-2.c execution,    -O0  -fbranch-probabilities
FAIL: gcc.misc-tests/bprob-2.c execution,    -O1  -fprofile-arcs
UNRESOLVED: gcc.misc-tests/bprob-2.c compilation,  -O1  -fbranch-probabilities
UNRESOLVED: gcc.misc-tests/bprob-2.c execution,    -O1  -fbranch-probabilities
FAIL: gcc.misc-tests/bprob-2.c execution,    -O2 -DPERFTIME  -fprofile-arcs
UNRESOLVED: gcc.misc-tests/bprob-2.c compilation,  -O2 -DPERFTIME  -fbranch-probabilities
UNRESOLVED: gcc.misc-tests/bprob-2.c execution,    -O2 -DPERFTIME  -fbranch-probabilities
FAIL: gcc.misc-tests/bprob-2.c execution,    -O3 -DPERFTIME  -fprofile-arcs
UNRESOLVED: gcc.misc-tests/bprob-2.c compilation,  -O3 -DPERFTIME  -fbranch-probabilities
UNRESOLVED: gcc.misc-tests/bprob-2.c execution,    -O3 -DPERFTIME  -fbranch-probabilities
FAIL: gcc.misc-tests/bprob-2.c execution,    -O3 -g -DPERFTIME  -fprofile-arcs
UNRESOLVED: gcc.misc-tests/bprob-2.c compilation,  -O3 -g -DPERFTIME  -fbranch-probabilities
UNRESOLVED: gcc.misc-tests/bprob-2.c execution,    -O3 -g -DPERFTIME  -fbranch-probabilities
FAIL: gcc.misc-tests/bprob-2.c execution,    -Os  -fprofile-arcs
UNRESOLVED: gcc.misc-tests/bprob-2.c compilation,  -Os  -fbranch-probabilities
UNRESOLVED: gcc.misc-tests/bprob-2.c execution,    -Os  -fbranch-probabilities
FAIL: gcc.misc-tests/gcov-1.c execution test
FAIL: gcc.misc-tests/gcov-1.c gcov failed: Could not open data file gcov-1.da.
FAIL: gcc.misc-tests/gcov-2.c execution test
FAIL: gcc.misc-tests/gcov-2.c gcov failed: Could not open data file gcov-2.da.
FAIL: gcc.misc-tests/gcov-3.c execution test
FAIL: gcc.misc-tests/gcov-3.c gcov failed: Could not open data file gcov-3.da.
FAIL: gcc.misc-tests/gcov-4.c execution test
FAIL: gcc.misc-tests/gcov-4.c gcov failed: Could not open data file gcov-4.da.
FAIL: gcc.misc-tests/gcov-4b.c execution test
FAIL: gcc.misc-tests/gcov-4b.c gcov failed: Could not open data file gcov-4b.da.
FAIL: gcc.misc-tests/gcov-5b.c execution test
FAIL: gcc.misc-tests/gcov-5b.c gcov failed: Could not open data file gcov-5b.da.
FAIL: gcc.misc-tests/gcov-6.c execution test
FAIL: gcc.misc-tests/gcov-6.c gcov failed: Could not open data file gcov-6.da.
FAIL: gcc.misc-tests/gcov-7.c execution test
FAIL: gcc.misc-tests/gcov-7.c gcov failed: Could not open data file gcov-7.da.

		=== gcc Summary for unix/-mabi=64 ===

# of expected passes		18058
# of unexpected failures	81
# of expected failures		93
# of unresolved testcases	33
# of unsupported tests		128

Running target unix/-mips4
WARNING: program timed out.
FAIL: gcc.c-torture/compile/20001226-1.c,  -O3 -g  
WARNING: program timed out.
FAIL: gcc.c-torture/compile/20001226-1.c,  -Os  
FAIL: gcc.c-torture/compile/920501-4.c,  -O1  
FAIL: gcc.c-torture/compile/mipscop-4.c,  -O0  
FAIL: gcc.c-torture/compile/mipscop-4.c,  -O1  
FAIL: gcc.c-torture/compile/mipscop-4.c,  -O2  
FAIL: gcc.c-torture/compile/mipscop-4.c,  -O3 -fomit-frame-pointer  
FAIL: gcc.c-torture/compile/mipscop-4.c,  -O3 -g  
FAIL: gcc.c-torture/compile/mipscop-4.c,  -Os  
FAIL: gcc.c-torture/compile/mipscop-2.c,  -O0  
FAIL: gcc.c-torture/compile/mipscop-2.c,  -O1  
FAIL: gcc.c-torture/compile/mipscop-2.c,  -O2  
FAIL: gcc.c-torture/compile/mipscop-2.c,  -O3 -fomit-frame-pointer  
FAIL: gcc.c-torture/compile/mipscop-2.c,  -O3 -g  
FAIL: gcc.c-torture/compile/mipscop-2.c,  -Os  
FAIL: gcc.c-torture/compile/mipscop-3.c,  -O0  
FAIL: gcc.c-torture/compile/mipscop-3.c,  -O1  
FAIL: gcc.c-torture/compile/mipscop-3.c,  -O2  
FAIL: gcc.c-torture/compile/mipscop-3.c,  -O3 -fomit-frame-pointer  
FAIL: gcc.c-torture/compile/mipscop-3.c,  -O3 -g  
FAIL: gcc.c-torture/compile/mipscop-3.c,  -Os  
FAIL: gcc.c-torture/compile/mipscop-1.c,  -O0  
FAIL: gcc.c-torture/compile/mipscop-1.c,  -O1  
FAIL: gcc.c-torture/compile/mipscop-1.c,  -O2  
FAIL: gcc.c-torture/compile/mipscop-1.c,  -O3 -fomit-frame-pointer  
FAIL: gcc.c-torture/compile/mipscop-1.c,  -O3 -g  
FAIL: gcc.c-torture/compile/mipscop-1.c,  -Os  
FAIL: gcc.c-torture/execute/20020412-1.c execution,  -O0 
FAIL: gcc.c-torture/execute/20020412-1.c execution,  -O1 
FAIL: gcc.c-torture/execute/20020412-1.c execution,  -O2 
FAIL: gcc.c-torture/execute/20020412-1.c execution,  -O3 -fomit-frame-pointer 
FAIL: gcc.c-torture/execute/20020412-1.c execution,  -O3 -fomit-frame-pointer -funroll-loops 
FAIL: gcc.c-torture/execute/20020412-1.c execution,  -O3 -fomit-frame-pointer -funroll-all-loops -finline-functions 
FAIL: gcc.c-torture/execute/20020412-1.c execution,  -O3 -g 
FAIL: gcc.c-torture/execute/20020412-1.c execution,  -Os 
FAIL: gcc.c-torture/execute/930921-1.c execution,  -O3 -fomit-frame-pointer 
FAIL: gcc.c-torture/execute/930921-1.c execution,  -O3 -fomit-frame-pointer -funroll-loops 
FAIL: gcc.c-torture/execute/930921-1.c execution,  -O3 -fomit-frame-pointer -funroll-all-loops -finline-functions 
FAIL: gcc.c-torture/execute/930921-1.c execution,  -O3 -g 
FAIL: gcc.c-torture/execute/gofast.c compilation,  -O3 -fomit-frame-pointer 
UNRESOLVED: gcc.c-torture/execute/gofast.c execution,  -O3 -fomit-frame-pointer 
FAIL: gcc.c-torture/execute/gofast.c compilation,  -O3 -g 
UNRESOLVED: gcc.c-torture/execute/gofast.c execution,  -O3 -g 
FAIL: gcc.c-torture/unsorted/conv_tst.c,  -O3 -fomit-frame-pointer  
FAIL: gcc.c-torture/unsorted/conv_tst.c,  -O3 -g  
FAIL: cmdlne-dM-M.c: #define line not printed
FAIL: gcc.dg/weak-5.c (test for excess errors)

		=== gcc Summary for unix/-mips4 ===

# of expected passes		18125
# of unexpected failures	45
# of expected failures		93
# of unresolved testcases	2
# of unsupported tests		128

Running target unix
WARNING: program timed out.
FAIL: gcc.c-torture/compile/20001226-1.c,  -O3 -g  
WARNING: program timed out.
FAIL: gcc.c-torture/compile/20001226-1.c,  -Os  
FAIL: gcc.c-torture/compile/mipscop-4.c,  -O0  
FAIL: gcc.c-torture/compile/mipscop-4.c,  -O1  
FAIL: gcc.c-torture/compile/mipscop-4.c,  -O2  
FAIL: gcc.c-torture/compile/mipscop-4.c,  -O3 -fomit-frame-pointer  
FAIL: gcc.c-torture/compile/mipscop-4.c,  -O3 -g  
FAIL: gcc.c-torture/compile/mipscop-4.c,  -Os  
FAIL: gcc.c-torture/compile/mipscop-2.c,  -O0  
FAIL: gcc.c-torture/compile/mipscop-2.c,  -O1  
FAIL: gcc.c-torture/compile/mipscop-2.c,  -O2  
FAIL: gcc.c-torture/compile/mipscop-2.c,  -O3 -fomit-frame-pointer  
FAIL: gcc.c-torture/compile/mipscop-2.c,  -O3 -g  
FAIL: gcc.c-torture/compile/mipscop-2.c,  -Os  
FAIL: gcc.c-torture/compile/mipscop-3.c,  -O0  
FAIL: gcc.c-torture/compile/mipscop-3.c,  -O1  
FAIL: gcc.c-torture/compile/mipscop-3.c,  -O2  
FAIL: gcc.c-torture/compile/mipscop-3.c,  -O3 -fomit-frame-pointer  
FAIL: gcc.c-torture/compile/mipscop-3.c,  -O3 -g  
FAIL: gcc.c-torture/compile/mipscop-3.c,  -Os  
FAIL: gcc.c-torture/compile/mipscop-1.c,  -O0  
FAIL: gcc.c-torture/compile/mipscop-1.c,  -O1  
FAIL: gcc.c-torture/compile/mipscop-1.c,  -O2  
FAIL: gcc.c-torture/compile/mipscop-1.c,  -O3 -fomit-frame-pointer  
FAIL: gcc.c-torture/compile/mipscop-1.c,  -O3 -g  
FAIL: gcc.c-torture/compile/mipscop-1.c,  -Os  
FAIL: gcc.c-torture/execute/20020412-1.c execution,  -O0 
FAIL: gcc.c-torture/execute/20020412-1.c execution,  -O1 
FAIL: gcc.c-torture/execute/20020412-1.c execution,  -O2 
FAIL: gcc.c-torture/execute/20020412-1.c execution,  -O3 -fomit-frame-pointer 
FAIL: gcc.c-torture/execute/20020412-1.c execution,  -O3 -fomit-frame-pointer -funroll-loops 
FAIL: gcc.c-torture/execute/20020412-1.c execution,  -O3 -fomit-frame-pointer -funroll-all-loops -finline-functions 
FAIL: gcc.c-torture/execute/20020412-1.c execution,  -O3 -g 
FAIL: gcc.c-torture/execute/20020412-1.c execution,  -Os 
FAIL: gcc.c-torture/execute/930921-1.c execution,  -O3 -fomit-frame-pointer 
FAIL: gcc.c-torture/execute/930921-1.c execution,  -O3 -fomit-frame-pointer -funroll-loops 
FAIL: gcc.c-torture/execute/930921-1.c execution,  -O3 -fomit-frame-pointer -funroll-all-loops -finline-functions 
FAIL: gcc.c-torture/execute/930921-1.c execution,  -O3 -g 
FAIL: cmdlne-dM-M.c: #define line not printed
FAIL: gcc.dg/weak-5.c (test for excess errors)

		=== gcc Summary for unix ===

# of expected passes		18132
# of unexpected failures	40
# of expected failures		93
# of unsupported tests		128

		=== gcc Summary ===

# of expected passes		54315
# of unexpected failures	166
# of expected failures		279
# of unresolved testcases	35
# of unsupported tests		384
/caip/u99/ghazi/gcc-testing/build/gcc/xgcc version 3.2 20020509 (experimental)

		=== objc tests ===


Running target unix/-mabi=64

		=== objc Summary for unix/-mabi=64 ===

# of expected passes		1036
# of expected failures		6

Running target unix/-mips4

		=== objc Summary for unix/-mips4 ===

# of expected passes		1036
# of expected failures		6

Running target unix

		=== objc Summary for unix ===

# of expected passes		1036
# of expected failures		6

		=== objc Summary ===

# of expected passes		3108
# of expected failures		18
/caip/u99/ghazi/gcc-testing/build/gcc/xgcc version 3.2 20020509 (experimental)

		=== libstdc++-v3 tests ===


Running target unix/-mabi=64
FAIL: 21_strings/ctor_copy_dtor.cc execution test
FAIL: 21_strings/insert.cc execution test
FAIL: 22_locale/codecvt_members_char_char.cc execution test
XPASS: 22_locale/collate_members_wchar_t.cc execution test
XPASS: 22_locale/money_get_members_wchar_t.cc execution test
XPASS: 22_locale/money_put_members_wchar_t.cc execution test
XPASS: 22_locale/moneypunct_members_wchar_t.cc execution test
XPASS: 22_locale/num_get_members_wchar_t.cc execution test
XPASS: 22_locale/num_put_members_wchar_t.cc execution test
XPASS: 22_locale/numpunct_members_wchar_t.cc execution test
XPASS: 22_locale/time_get_members_wchar_t.cc execution test
XPASS: 22_locale/time_put_members_wchar_t.cc execution test
FAIL: 27_io/ostream_inserter_arith.cc execution test

		=== libstdc++-v3 Summary for unix/-mabi=64 ===

# of expected passes		359
# of unexpected failures	4
# of unexpected successes	9
# of expected failures		16
# of unsupported tests		6

Running target unix/-mips4
FAIL: 21_strings/ctor_copy_dtor.cc execution test
FAIL: 21_strings/insert.cc execution test
FAIL: 22_locale/codecvt_members_char_char.cc execution test
XPASS: 22_locale/collate_members_wchar_t.cc execution test
XPASS: 22_locale/money_get_members_wchar_t.cc execution test
XPASS: 22_locale/money_put_members_wchar_t.cc execution test
XPASS: 22_locale/moneypunct_members_wchar_t.cc execution test
XPASS: 22_locale/num_get_members_wchar_t.cc execution test
XPASS: 22_locale/num_put_members_wchar_t.cc execution test
XPASS: 22_locale/numpunct_members_wchar_t.cc execution test
XPASS: 22_locale/time_get_members_wchar_t.cc execution test
XPASS: 22_locale/time_put_members_wchar_t.cc execution test
FAIL: 27_io/ios_base_storage.cc execution test
FAIL: 27_io/ostream_inserter_arith.cc execution test

		=== libstdc++-v3 Summary for unix/-mips4 ===

# of expected passes		358
# of unexpected failures	5
# of unexpected successes	9
# of expected failures		16
# of unsupported tests		6

Running target unix
FAIL: 21_strings/ctor_copy_dtor.cc execution test
FAIL: 21_strings/insert.cc execution test
FAIL: 22_locale/codecvt_members_char_char.cc execution test
XPASS: 22_locale/collate_members_wchar_t.cc execution test
XPASS: 22_locale/money_get_members_wchar_t.cc execution test
XPASS: 22_locale/money_put_members_wchar_t.cc execution test
XPASS: 22_locale/moneypunct_members_wchar_t.cc execution test
XPASS: 22_locale/num_get_members_wchar_t.cc execution test
XPASS: 22_locale/num_put_members_wchar_t.cc execution test
XPASS: 22_locale/numpunct_members_wchar_t.cc execution test
XPASS: 22_locale/time_get_members_wchar_t.cc execution test
XPASS: 22_locale/time_put_members_wchar_t.cc execution test
FAIL: 27_io/ios_base_storage.cc execution test
FAIL: 27_io/ostream_inserter_arith.cc execution test

		=== libstdc++-v3 Summary for unix ===

# of expected passes		358
# of unexpected failures	5
# of unexpected successes	9
# of expected failures		16
# of unsupported tests		6

		=== libstdc++-v3 Summary ===

# of expected passes		1075
# of unexpected failures	14
# of unexpected successes	27
# of expected failures		48
# of unsupported tests		18

Compiler version: 3.2 20020509 (experimental) 
Platform: mips-sgi-irix6.2
configure flags: --host=mips-sgi-irix6.2 --verbose --enable-languages=c,objc,c++,f77 --disable-checking


Index Nav: [Date Index] [Subject Index] [Author Index] [Thread Index]
Message Nav: [Date Prev] [Date Next] [Thread Prev] [Thread Next]