This is the mail archive of the gcc-testresults@gcc.gnu.org mailing list for the GCC project.


Index Nav: [Date Index] [Subject Index] [Author Index] [Thread Index]
Message Nav: [Date Prev] [Date Next] [Thread Prev] [Thread Next]
Other format: [Raw text]

Results for 3.2 20020510 (experimental) testsuite on sparc-unknown-linux-gnu


LAST_UPDATED: Fri May 10 12:21:34 UTC 2002

Native configuration is sparc-unknown-linux-gnu

		=== g++ tests ===


Running target unix
FAIL: g++.dg/bprob/bprob-1.C compilation,  -O2  -fprofile-arcs
UNRESOLVED: g++.dg/bprob/bprob-1.C execution,    -O2  -fprofile-arcs
UNRESOLVED: g++.dg/bprob/bprob-1.C compilation,  -O2  -fbranch-probabilities
UNRESOLVED: g++.dg/bprob/bprob-1.C execution,    -O2  -fbranch-probabilities
FAIL: g++.dg/bprob/bprob-1.C compilation,  -O3  -fprofile-arcs
UNRESOLVED: g++.dg/bprob/bprob-1.C execution,    -O3  -fprofile-arcs
UNRESOLVED: g++.dg/bprob/bprob-1.C compilation,  -O3  -fbranch-probabilities
UNRESOLVED: g++.dg/bprob/bprob-1.C execution,    -O3  -fbranch-probabilities
FAIL: g++.dg/bprob/bprob-1.C compilation,  -O3 -g  -fprofile-arcs
UNRESOLVED: g++.dg/bprob/bprob-1.C execution,    -O3 -g  -fprofile-arcs
UNRESOLVED: g++.dg/bprob/bprob-1.C compilation,  -O3 -g  -fbranch-probabilities
UNRESOLVED: g++.dg/bprob/bprob-1.C execution,    -O3 -g  -fbranch-probabilities
FAIL: g++.dg/bprob/bprob-1.C compilation,  -Os  -fprofile-arcs
UNRESOLVED: g++.dg/bprob/bprob-1.C execution,    -Os  -fprofile-arcs
UNRESOLVED: g++.dg/bprob/bprob-1.C compilation,  -Os  -fbranch-probabilities
UNRESOLVED: g++.dg/bprob/bprob-1.C execution,    -Os  -fbranch-probabilities
FAIL: g++.dg/template/typename2.C (test for excess errors)
FAIL: g++.dg/warn/Wunused-2.C  (test for warnings, line 5)
FAIL: g++.jason/typeid1.C  Execution test
FAIL: g++.law/arg8.C  Execution test
FAIL: g++.mike/eh2.C  Execution test
FAIL: g++.mike/net34.C  Execution test
FAIL: g++.other/unchanging1.C  Execution test
FAIL: g++.robertl/eb118.C  Execution test
FAIL: g++.robertl/eb27.C  Execution test
FAIL: g++.robertl/eb41.C  Execution test
FAIL: g++.robertl/eb77.C  Execution test

		=== g++ Summary ===

# of expected passes		7293
# of unexpected failures	15
# of expected failures		87
# of unresolved testcases	12
# of untested testcases		22
# of unsupported tests		4
/disk1/davem/GCC/cvs/mainline/build-sparc-linux/gcc/testsuite/../g++ version 3.2 20020510 (experimental)

		=== gcc tests ===


Running target unix
FAIL: gcc.c-torture/execute/strncmp-1.c execution,  -O0 
FAIL: gcc.c-torture/execute/strncmp-1.c execution,  -O1 
FAIL: gcc.c-torture/execute/strncmp-1.c execution,  -O2 
FAIL: gcc.c-torture/execute/strncmp-1.c execution,  -O3 -fomit-frame-pointer 
FAIL: gcc.c-torture/execute/strncmp-1.c execution,  -O3 -fomit-frame-pointer -funroll-loops 
FAIL: gcc.c-torture/execute/strncmp-1.c execution,  -O3 -fomit-frame-pointer -funroll-all-loops -finline-functions 
FAIL: gcc.c-torture/execute/strncmp-1.c execution,  -O3 -g 
FAIL: gcc.c-torture/execute/strncmp-1.c execution,  -Os 
FAIL: cmdlne-dM-M.c: #define line not printed

		=== gcc Summary ===

# of expected passes		18527
# of unexpected failures	9
# of expected failures		66
# of unsupported tests		114
/disk1/davem/GCC/cvs/mainline/build-sparc-linux/gcc/xgcc version 3.2 20020510 (experimental)

		=== objc tests ===


Running target unix

		=== objc Summary ===

# of expected passes		1036
# of expected failures		6
/disk1/davem/GCC/cvs/mainline/build-sparc-linux/gcc/xgcc version 3.2 20020510 (experimental)

		=== libstdc++-v3 tests ===


Running target unix
FAIL: 21_strings/char_traits_requirements.cc execution test
FAIL: 21_strings/inserters_extractors.cc execution test
FAIL: 22_locale/ctype_members_wchar_t.cc execution test
XPASS: 22_locale/members.cc execution test
XPASS: 22_locale/messages_byname.cc execution test
XPASS: 22_locale/messages_members_char.cc execution test
XPASS: 22_locale/moneypunct_byname.cc execution test
XPASS: 22_locale/moneypunct_members_char.cc execution test
XPASS: 22_locale/moneypunct_members_wchar_t.cc execution test
XPASS: 22_locale/num_get_members_char.cc execution test
XPASS: 22_locale/num_get_members_wchar_t.cc execution test
XPASS: 22_locale/numpunct_byname.cc execution test
XPASS: 22_locale/numpunct_members_char.cc execution test
XPASS: 22_locale/numpunct_members_wchar_t.cc execution test
XPASS: 22_locale/time_get_members_char.cc execution test
XPASS: 22_locale/time_get_members_wchar_t.cc execution test
FAIL: 23_containers/multiset.cc execution test
FAIL: 26_numerics/binary_closure.cc execution test
FAIL: 26_numerics/c99_classification_macros_c.cc (test for excess errors)
FAIL: 26_numerics/complex_inserters_extractors.cc execution test
FAIL: 27_io/ios_base_members_static.cc execution test
FAIL: 27_io/ios_manip_basefield.cc execution test
FAIL: 27_io/ios_manip_fmtflags.cc execution test
FAIL: 27_io/istream_extractor_arith.cc execution test
FAIL: 27_io/istream_extractor_char.cc execution test
FAIL: 27_io/istream_seeks.cc execution test
FAIL: 27_io/narrow_stream_objects.cc execution test
FAIL: 27_io/ostream_inserter_arith.cc execution test
FAIL: 27_io/ostream_inserter_char.cc execution test
FAIL: 27_io/ostream_manip.cc execution test
FAIL: 27_io/ostream_unformatted.cc execution test
FAIL: 27_io/streambuf.cc execution test
FAIL: 27_io/stringbuf.cc execution test
FAIL: 27_io/stringstream.cc execution test
FAIL: 27_io/wide_stream_objects.cc execution test

		=== libstdc++-v3 Summary ===

# of expected passes		353
# of unexpected failures	22
# of unexpected successes	13
# of expected failures		12

Compiler version: 3.2 20020510 (experimental) 
Platform: sparc-unknown-linux-gnu
configure flags: --host=sparc-unknown-linux-gnu --prefix=/usr/local --enable-shared --enable-threads --enable-languages=c,objc,c++,g77


Index Nav: [Date Index] [Subject Index] [Author Index] [Thread Index]
Message Nav: [Date Prev] [Date Next] [Thread Prev] [Thread Next]