This is the mail archive of the
gcc-testresults@gcc.gnu.org
mailing list for the GCC project.
Results for 3.1 20020508 (prerelease) testsuite on mips-sgi-irix6.2
- From: "Kaveh R. Ghazi" <ghazi at caip dot rutgers dot edu>
- To: gcc-testresults at gcc dot gnu dot org
- Date: Thu, 9 May 2002 13:45:28 -0400 (EDT)
- Subject: Results for 3.1 20020508 (prerelease) testsuite on mips-sgi-irix6.2
LAST_UPDATED:
Native configuration is mips-sgi-irix6.2
=== g++ tests ===
Running target unix/-mabi=64
=== g++ Summary for unix/-mabi=64 ===
# of expected passes 7021
# of expected failures 96
# of untested testcases 23
# of unsupported tests 4
Running target unix/-mips4
=== g++ Summary for unix/-mips4 ===
# of expected passes 7021
# of expected failures 96
# of untested testcases 23
# of unsupported tests 4
Running target unix
=== g++ Summary for unix ===
# of expected passes 7021
# of expected failures 96
# of untested testcases 23
# of unsupported tests 4
=== g++ Summary ===
# of expected passes 21063
# of expected failures 288
# of untested testcases 69
# of unsupported tests 12
/caip/u99/ghazi/gcc-testing/build/gcc/testsuite/../g++ version 3.1 20020508 (prerelease)
=== g77 tests ===
Running target unix/-mabi=64
=== g77 Summary for unix/-mabi=64 ===
# of expected passes 1452
# of unsupported tests 8
Running target unix/-mips4
=== g77 Summary for unix/-mips4 ===
# of expected passes 1452
# of unsupported tests 8
Running target unix
=== g77 Summary for unix ===
# of expected passes 1452
# of unsupported tests 8
=== g77 Summary ===
# of expected passes 4356
# of unsupported tests 24
/caip/u99/ghazi/gcc-testing/build/gcc/testsuite/../g77 version 3.1 20020508 (prerelease)
=== gcc tests ===
Running target unix/-mabi=64
WARNING: program timed out.
FAIL: gcc.c-torture/compile/20001226-1.c, -O2
WARNING: program timed out.
FAIL: gcc.c-torture/compile/20001226-1.c, -O3 -fomit-frame-pointer
WARNING: program timed out.
FAIL: gcc.c-torture/compile/20001226-1.c, -O3 -g
WARNING: program timed out.
FAIL: gcc.c-torture/compile/20001226-1.c, -Os
FAIL: gcc.c-torture/execute/20020307-2.c execution, -O0
FAIL: gcc.c-torture/execute/20020307-2.c execution, -O1
FAIL: gcc.c-torture/execute/20020307-2.c execution, -O2
FAIL: gcc.c-torture/execute/20020307-2.c execution, -O3 -fomit-frame-pointer
FAIL: gcc.c-torture/execute/20020307-2.c execution, -O3 -fomit-frame-pointer -funroll-loops
FAIL: gcc.c-torture/execute/20020307-2.c execution, -O3 -fomit-frame-pointer -funroll-all-loops -finline-functions
FAIL: gcc.c-torture/execute/20020307-2.c execution, -O3 -g
FAIL: gcc.c-torture/execute/20020307-2.c execution, -Os
XPASS: gcc.dg/c99-intconst-1.c (test for excess errors)
FAIL: gcc.dg/weak-5.c (test for excess errors)
=== gcc Summary for unix/-mabi=64 ===
# of expected passes 17856
# of unexpected failures 13
# of unexpected successes 1
# of expected failures 100
# of unsupported tests 121
Running target unix/-mips4
WARNING: program timed out.
FAIL: gcc.c-torture/compile/20001226-1.c, -O2
WARNING: program timed out.
FAIL: gcc.c-torture/compile/20001226-1.c, -O3 -fomit-frame-pointer
WARNING: program timed out.
FAIL: gcc.c-torture/compile/20001226-1.c, -O3 -g
WARNING: program timed out.
FAIL: gcc.c-torture/compile/20001226-1.c, -Os
FAIL: gcc.c-torture/compile/920501-4.c, -O1
FAIL: gcc.c-torture/execute/20020307-2.c execution, -O0
FAIL: gcc.c-torture/execute/20020307-2.c execution, -O1
FAIL: gcc.c-torture/execute/20020307-2.c execution, -O2
FAIL: gcc.c-torture/execute/20020307-2.c execution, -O3 -fomit-frame-pointer
FAIL: gcc.c-torture/execute/20020307-2.c execution, -O3 -fomit-frame-pointer -funroll-loops
FAIL: gcc.c-torture/execute/20020307-2.c execution, -O3 -fomit-frame-pointer -funroll-all-loops -finline-functions
FAIL: gcc.c-torture/execute/20020307-2.c execution, -O3 -g
FAIL: gcc.c-torture/execute/20020307-2.c execution, -Os
FAIL: gcc.dg/weak-5.c (test for excess errors)
=== gcc Summary for unix/-mips4 ===
# of expected passes 17855
# of unexpected failures 14
# of expected failures 101
# of unsupported tests 121
Running target unix
WARNING: program timed out.
FAIL: gcc.c-torture/compile/20001226-1.c, -O2
WARNING: program timed out.
FAIL: gcc.c-torture/compile/20001226-1.c, -O3 -fomit-frame-pointer
WARNING: program timed out.
FAIL: gcc.c-torture/compile/20001226-1.c, -O3 -g
WARNING: program timed out.
FAIL: gcc.c-torture/compile/20001226-1.c, -Os
FAIL: gcc.c-torture/execute/20020307-2.c execution, -O0
FAIL: gcc.c-torture/execute/20020307-2.c execution, -O1
FAIL: gcc.c-torture/execute/20020307-2.c execution, -O2
FAIL: gcc.c-torture/execute/20020307-2.c execution, -O3 -fomit-frame-pointer
FAIL: gcc.c-torture/execute/20020307-2.c execution, -O3 -fomit-frame-pointer -funroll-loops
FAIL: gcc.c-torture/execute/20020307-2.c execution, -O3 -fomit-frame-pointer -funroll-all-loops -finline-functions
FAIL: gcc.c-torture/execute/20020307-2.c execution, -O3 -g
FAIL: gcc.c-torture/execute/20020307-2.c execution, -Os
FAIL: gcc.dg/weak-5.c (test for excess errors)
=== gcc Summary for unix ===
# of expected passes 17856
# of unexpected failures 13
# of expected failures 101
# of unsupported tests 121
=== gcc Summary ===
# of expected passes 53567
# of unexpected failures 40
# of unexpected successes 1
# of expected failures 302
# of unsupported tests 363
/caip/u99/ghazi/gcc-testing/build/gcc/xgcc version 3.1 20020508 (prerelease)
=== objc tests ===
Running target unix/-mabi=64
=== objc Summary for unix/-mabi=64 ===
# of expected passes 1036
# of expected failures 6
Running target unix/-mips4
=== objc Summary for unix/-mips4 ===
# of expected passes 1036
# of expected failures 6
Running target unix
=== objc Summary for unix ===
# of expected passes 1036
# of expected failures 6
=== objc Summary ===
# of expected passes 3108
# of expected failures 18
/caip/u99/ghazi/gcc-testing/build/gcc/xgcc version 3.1 20020508 (prerelease)
=== libstdc++-v3 tests ===
Running target unix/-mabi=64
FAIL: 21_strings/ctor_copy_dtor.cc execution test
FAIL: 21_strings/insert.cc execution test
XPASS: 22_locale/collate_members_wchar_t.cc execution test
XPASS: 22_locale/money_get_members_wchar_t.cc execution test
XPASS: 22_locale/money_put_members_wchar_t.cc execution test
XPASS: 22_locale/moneypunct_members_wchar_t.cc execution test
XPASS: 22_locale/num_get_members_wchar_t.cc execution test
XPASS: 22_locale/num_put_members_wchar_t.cc execution test
XPASS: 22_locale/numpunct_members_wchar_t.cc execution test
XPASS: 22_locale/time_get_members_wchar_t.cc execution test
XPASS: 22_locale/time_put_members_wchar_t.cc execution test
FAIL: 27_io/ostream_inserter_arith.cc execution test
=== libstdc++-v3 Summary for unix/-mabi=64 ===
# of expected passes 360
# of unexpected failures 3
# of unexpected successes 9
# of expected failures 16
# of unsupported tests 6
Running target unix/-mips4
FAIL: 21_strings/ctor_copy_dtor.cc execution test
FAIL: 21_strings/insert.cc execution test
XPASS: 22_locale/collate_members_wchar_t.cc execution test
XPASS: 22_locale/money_get_members_wchar_t.cc execution test
XPASS: 22_locale/money_put_members_wchar_t.cc execution test
XPASS: 22_locale/moneypunct_members_wchar_t.cc execution test
XPASS: 22_locale/num_get_members_wchar_t.cc execution test
XPASS: 22_locale/num_put_members_wchar_t.cc execution test
XPASS: 22_locale/numpunct_members_wchar_t.cc execution test
XPASS: 22_locale/time_get_members_wchar_t.cc execution test
XPASS: 22_locale/time_put_members_wchar_t.cc execution test
FAIL: 27_io/ios_base_storage.cc execution test
FAIL: 27_io/ostream_inserter_arith.cc execution test
=== libstdc++-v3 Summary for unix/-mips4 ===
# of expected passes 359
# of unexpected failures 4
# of unexpected successes 9
# of expected failures 16
# of unsupported tests 6
Running target unix
FAIL: 21_strings/ctor_copy_dtor.cc execution test
FAIL: 21_strings/insert.cc execution test
XPASS: 22_locale/collate_members_wchar_t.cc execution test
XPASS: 22_locale/money_get_members_wchar_t.cc execution test
XPASS: 22_locale/money_put_members_wchar_t.cc execution test
XPASS: 22_locale/moneypunct_members_wchar_t.cc execution test
XPASS: 22_locale/num_get_members_wchar_t.cc execution test
XPASS: 22_locale/num_put_members_wchar_t.cc execution test
XPASS: 22_locale/numpunct_members_wchar_t.cc execution test
XPASS: 22_locale/time_get_members_wchar_t.cc execution test
XPASS: 22_locale/time_put_members_wchar_t.cc execution test
FAIL: 27_io/ios_base_storage.cc execution test
FAIL: 27_io/ostream_inserter_arith.cc execution test
=== libstdc++-v3 Summary for unix ===
# of expected passes 359
# of unexpected failures 4
# of unexpected successes 9
# of expected failures 16
# of unsupported tests 6
=== libstdc++-v3 Summary ===
# of expected passes 1078
# of unexpected failures 11
# of unexpected successes 27
# of expected failures 48
# of unsupported tests 18
Compiler version: 3.1 20020508 (prerelease)
Platform: mips-sgi-irix6.2
configure flags: --host=mips-sgi-irix6.2 --verbose --enable-checking=misc,tree,rtl,gc --enable-languages=c,objc,c++,f77