This is the mail archive of the gcc-testresults@gcc.gnu.org mailing list for the GCC project.
Index Nav: | [Date Index] [Subject Index] [Author Index] [Thread Index] | |
---|---|---|
Message Nav: | [Date Prev] [Date Next] | [Thread Prev] [Thread Next] |
Other format: | [Raw text] |
LAST_UPDATED: Thu May 9 02:35:44 UTC 2002 Native configuration is powerpc-unknown-linux-gnu === g++ tests === Running target unix === g++ Summary === # of expected passes 7161 # of expected failures 88 # of untested testcases 23 # of unsupported tests 4 /usr/local/mirror/mmitchel/gcc_auto_build/gcc/powerpc-unknown-linux-gnu/gcc/testsuite/../g++ version 3.1 20020508 (prerelease) === g77 tests === Running target unix === g77 Summary === # of expected passes 1452 # of unsupported tests 8 /usr/local/mirror/mmitchel/gcc_auto_build/gcc/powerpc-unknown-linux-gnu/gcc/testsuite/../g77 version 3.1 20020508 (prerelease) === gcc tests === Running target unix FAIL: gcc.dg/20020103-1.c scan-assembler-not LC FAIL: gcc.dg/20020118-1.c execution test === gcc Summary === # of expected passes 18268 # of unexpected failures 2 # of expected failures 66 # of unsupported tests 104 /usr/local/mirror/mmitchel/gcc_auto_build/gcc/powerpc-unknown-linux-gnu/gcc/xgcc version 3.1 20020508 (prerelease) === objc tests === Running target unix === objc Summary === # of expected passes 1036 # of expected failures 6 /usr/local/mirror/mmitchel/gcc_auto_build/gcc/powerpc-unknown-linux-gnu/gcc/xgcc version 3.1 20020508 (prerelease) === libjava tests === Running target unix FAIL: Array_3 execution from source compiled test FAIL: Array_3 execution from bytecode->native test FAIL: Array_3 -O execution from source compiled test FAIL: Array_3 -O execution from bytecode->native test FAIL: TLtest compilation from bytecode FAIL: TLtest -O compilation from bytecode === libjava Summary === # of expected passes 1985 # of unexpected failures 6 # of expected failures 18 # of untested testcases 98 === libstdc++-v3 tests === Running target unix XPASS: 22_locale/collate_byname.cc execution test XPASS: 22_locale/collate_members_char.cc execution test XPASS: 22_locale/collate_members_wchar_t.cc execution test XPASS: 22_locale/ctype_members_char.cc execution test XPASS: 22_locale/members.cc execution test XPASS: 22_locale/messages_byname.cc execution test XPASS: 22_locale/messages_members_char.cc execution test XPASS: 22_locale/moneypunct_byname.cc execution test XPASS: 22_locale/moneypunct_members_char.cc execution test XPASS: 22_locale/moneypunct_members_wchar_t.cc execution test XPASS: 22_locale/num_get_members_char.cc execution test XPASS: 22_locale/num_get_members_wchar_t.cc execution test XPASS: 22_locale/num_put_members_char.cc execution test XPASS: 22_locale/num_put_members_wchar_t.cc execution test XPASS: 22_locale/numpunct_byname.cc execution test XPASS: 22_locale/numpunct_members_char.cc execution test XPASS: 22_locale/numpunct_members_wchar_t.cc execution test XPASS: 22_locale/time_get_members_char.cc execution test XPASS: 22_locale/time_get_members_wchar_t.cc execution test XPASS: 22_locale/time_put_members_char.cc execution test XPASS: 22_locale/time_put_members_wchar_t.cc execution test FAIL: 26_numerics/c99_classification_macros_c.cc (test for excess errors) === libstdc++-v3 Summary === # of expected passes 374 # of unexpected failures 1 # of unexpected successes 21 # of expected failures 4 Compiler version: 3.1 20020508 (prerelease) Platform: powerpc-unknown-linux-gnu configure flags: --host=powerpc-unknown-linux-gnu --prefix=/usr/local/mirror/mmitchel/gcc_auto_build/install/powerpc-unknown-linux-gnu
Index Nav: | [Date Index] [Subject Index] [Author Index] [Thread Index] | |
---|---|---|
Message Nav: | [Date Prev] [Date Next] | [Thread Prev] [Thread Next] |