This is the mail archive of the
gcc-testresults@gcc.gnu.org
mailing list for the GCC project.
Results for 3.1 20020508 (prerelease) testsuite on sparc-sun-solaris2.8
- From: Brad Lucier <lucier at math dot purdue dot edu>
- To: gcc-testresults at gcc dot gnu dot org
- Date: Wed, 8 May 2002 17:32:49 -0500 (EST)
- Subject: Results for 3.1 20020508 (prerelease) testsuite on sparc-sun-solaris2.8
LAST_UPDATED: Wed May 8 16:24:00 UTC 2002
Native configuration is sparc-sun-solaris2.8
=== g++ tests ===
Running target unix
FAIL: g++.dg/special/conpr-2.C execution test
FAIL: g++.dg/special/conpr-3.C execution test
FAIL: g++.dg/special/initp1.C execution test
=== g++ Summary ===
# of expected passes 7166
# of unexpected failures 3
# of expected failures 88
# of untested testcases 21
# of unsupported tests 3
/export/u3/lucier/programs/gcc/gcc-3.1/objdir-sparc/gcc/testsuite/../g++ version 3.1 20020508 (prerelease)
=== g77 tests ===
Running target unix
=== g77 Summary ===
# of expected passes 1452
# of unsupported tests 8
/export/u3/lucier/programs/gcc/gcc-3.1/objdir-sparc/gcc/testsuite/../g77 version 3.1 20020508 (prerelease)
=== gcc tests ===
Running target unix
UNRESOLVED: weak-1.c
UNRESOLVED: weak-2.c
UNRESOLVED: wkali-1.c
UNRESOLVED: wkali-2.c
=== gcc Summary ===
# of expected passes 18256
# of expected failures 66
# of unresolved testcases 4
# of unsupported tests 108
/export/u3/lucier/programs/gcc/gcc-3.1/objdir-sparc/gcc/xgcc version 3.1 20020508 (prerelease)
=== objc tests ===
Running target unix
=== objc Summary ===
# of expected passes 1036
# of expected failures 6
/export/u3/lucier/programs/gcc/gcc-3.1/objdir-sparc/gcc/xgcc version 3.1 20020508 (prerelease)
=== libjava tests ===
Running target unix
FAIL: FileHandleGcTest execution from source compiled test
FAIL: FileHandleGcTest execution from bytecode->native test
FAIL: FileHandleGcTest -O execution from source compiled test
FAIL: FileHandleGcTest -O execution from bytecode->native test
FAIL: Throw_2 execution from source compiled test
FAIL: Throw_2 execution from bytecode->native test
FAIL: Throw_2 -O execution from source compiled test
FAIL: Throw_2 -O execution from bytecode->native test
=== libjava Summary ===
# of expected passes 2059
# of unexpected failures 8
# of expected failures 18
# of untested testcases 22
=== libstdc++-v3 tests ===
Running target unix
XPASS: 22_locale/collate_members_wchar_t.cc execution test
XPASS: 22_locale/money_get_members_wchar_t.cc execution test
XPASS: 22_locale/money_put_members_wchar_t.cc execution test
XPASS: 22_locale/moneypunct_members_wchar_t.cc execution test
XPASS: 22_locale/num_get_members_wchar_t.cc execution test
XPASS: 22_locale/num_put_members_wchar_t.cc execution test
XPASS: 22_locale/numpunct_members_wchar_t.cc execution test
XPASS: 22_locale/time_get_members_wchar_t.cc execution test
XPASS: 22_locale/time_put_members_wchar_t.cc execution test
FAIL: 27_io/istream_extractor_arith.cc execution test
=== libstdc++-v3 Summary ===
# of expected passes 374
# of unexpected failures 1
# of unexpected successes 9
# of expected failures 16
Compiler version: 3.1 20020508 (prerelease)
Platform: sparc-sun-solaris2.8
configure flags: --host=sparc-sun-solaris2.8 --prefix=/pkgs/gcc-3.1
Counting all warnings,
there are 57 warnings in stage3 of this bootstrap.
Number of warnings per file:
18 gcc/combine.c
10 gcc/regclass.c
10 gcc/gcc.c
4 gcc/unwind-dw2.c
4 gcc/optabs.c
2 gcc/libgcc2.c
2 gcc/java/javaop.def
2 gcc/fold-const.c
1 gcc/reload.c
1 gcc/objc/lang-specs.h
1 gcc/java/jvspec.c
1 gcc/emit-rtl.c
1 gcc/cp/lang-specs.h
Number of warning types:
32 comparison between signed and unsigned
11 string length \`???' is greater than the length \`???' ISO C89 compilers are required to support
3 signed and unsigned type in conditional expression
2 traditional C rejects string concatenation
2 operation on \`???' may be undefined
2 missing braces around initializer
2 implicit declaration of function \`???'
2 (near initialization for \`???')
1 pointer targets in passing arg ??? of \`???' differ in signedness