This is the mail archive of the gcc-testresults@gcc.gnu.org mailing list for the GCC project.


Index Nav: [Date Index] [Subject Index] [Author Index] [Thread Index]
Message Nav: [Date Prev] [Date Next] [Thread Prev] [Thread Next]
Other format: [Raw text]

Results for 3.1 20020507 (prerelease) testsuite on sparc-sun-solaris2.8


LAST_UPDATED: 
Native configuration is sparc-sun-solaris2.8

		=== g++ tests ===


Running target unix

		=== g++ Summary ===

# of expected passes		7169
# of expected failures		88
# of untested testcases		21
# of unsupported tests		3
/caip/u22/davem/src/GCC/cvs/3.1/build-sparc-solaris2.8/gcc/testsuite/../g++ version 3.1 20020507 (prerelease)

		=== g77 tests ===


Running target unix

		=== g77 Summary ===

# of expected passes		1452
# of unsupported tests		8
/caip/u22/davem/src/GCC/cvs/3.1/build-sparc-solaris2.8/gcc/testsuite/../g77 version 3.1 20020507 (prerelease)

		=== gcc tests ===


Running target unix

		=== gcc Summary ===

# of expected passes		18265
# of expected failures		66
# of unsupported tests		107
/caip/u22/davem/src/GCC/cvs/3.1/build-sparc-solaris2.8/gcc/xgcc version 3.1 20020507 (prerelease)

		=== objc tests ===


Running target unix

		=== objc Summary ===

# of expected passes		1036
# of expected failures		6
/caip/u22/davem/src/GCC/cvs/3.1/build-sparc-solaris2.8/gcc/xgcc version 3.1 20020507 (prerelease)

		=== libjava tests ===


Running target unix
FAIL: FileHandleGcTest execution from source compiled test
FAIL: FileHandleGcTest execution from bytecode->native test
FAIL: FileHandleGcTest -O execution from source compiled test
FAIL: FileHandleGcTest -O execution from bytecode->native test
FAIL: Throw_2 execution from source compiled test
FAIL: Throw_2 execution from bytecode->native test
FAIL: Throw_2 -O execution from source compiled test
FAIL: Throw_2 -O execution from bytecode->native test

		=== libjava Summary ===

# of expected passes		2059
# of unexpected failures	8
# of expected failures		18
# of untested testcases		22
		=== libstdc++-v3 tests ===


Running target unix
XPASS: 22_locale/collate_members_wchar_t.cc execution test
XPASS: 22_locale/money_get_members_wchar_t.cc execution test
XPASS: 22_locale/money_put_members_wchar_t.cc execution test
XPASS: 22_locale/moneypunct_members_wchar_t.cc execution test
XPASS: 22_locale/num_get_members_wchar_t.cc execution test
XPASS: 22_locale/num_put_members_wchar_t.cc execution test
XPASS: 22_locale/numpunct_members_wchar_t.cc execution test
XPASS: 22_locale/time_get_members_wchar_t.cc execution test
XPASS: 22_locale/time_put_members_wchar_t.cc execution test
FAIL: 26_numerics/c_math.cc (test for excess errors)
WARNING: 26_numerics/c_math.cc compilation failed to produce executable
FAIL: 27_io/istream_extractor_arith.cc execution test

		=== libstdc++-v3 Summary ===

# of expected passes		372
# of unexpected failures	2
# of unexpected successes	9
# of expected failures		16

Compiler version: 3.1 20020507 (prerelease) 
Platform: sparc-sun-solaris2.8
configure flags: --host=sparc-sun-solaris2.8 --prefix=/caip/u22/davem/opt --enable-shared --enable-threads --with-gnu-ld --with-ld=/caip/u22/davem/opt/bin/ld --with-gnu-as --with-as=/caip/u22/davem/opt/bin/as


Index Nav: [Date Index] [Subject Index] [Author Index] [Thread Index]
Message Nav: [Date Prev] [Date Next] [Thread Prev] [Thread Next]