This is the mail archive of the gcc-testresults@gcc.gnu.org mailing list for the GCC project.


Index Nav: [Date Index] [Subject Index] [Author Index] [Thread Index]
Message Nav: [Date Prev] [Date Next] [Thread Prev] [Thread Next]
Other format: [Raw text]

Results for 3.1 20020506 (prerelease) testsuite on i386-unknown-freebsd2.2.7


Native configuration is i386-unknown-freebsd2.2.7

		=== g++ tests ===


Running target unix
FAIL: g++.dg/ext/asm1.C (test for excess errors)

		=== g++ Summary ===

# of expected passes		304
# of unexpected failures	1
# of expected failures		3
# of unresolved testcases	1
# of unsupported tests		1
/q/oliva/test/log/marker/.tmp/egcs/gcc/testsuite/../g++ version 3.1 20020506 (prerelease)

		=== g77 tests ===


Running target unix
FAIL: g77.dg/bprob/bprob-1.f compilation,  -g  -fprofile-arcs
FAIL: g77.dg/bprob/bprob-1.f compilation,  -O0  -fprofile-arcs
FAIL: g77.dg/bprob/bprob-1.f compilation,  -O1  -fprofile-arcs
FAIL: g77.dg/bprob/bprob-1.f compilation,  -O2  -fprofile-arcs
FAIL: g77.dg/bprob/bprob-1.f compilation,  -O3  -fprofile-arcs
FAIL: g77.dg/bprob/bprob-1.f compilation,  -O3 -g  -fprofile-arcs
FAIL: g77.dg/bprob/bprob-1.f compilation,  -Os  -fprofile-arcs
FAIL: g77.dg/f77-edit-apostrophe-out.f (test for excess errors)
FAIL: g77.dg/f77-edit-apostrophe-out.f execution test
FAIL: g77.dg/f77-edit-apostrophe-out.f (test for excess errors)
FAIL: g77.dg/f77-edit-apostrophe-out.f execution test
FAIL: g77.dg/f77-edit-apostrophe-out.f (test for excess errors)
FAIL: g77.dg/f77-edit-apostrophe-out.f execution test
FAIL: g77.dg/f77-edit-apostrophe-out.f (test for excess errors)
FAIL: g77.dg/f77-edit-apostrophe-out.f execution test
FAIL: g77.dg/f77-edit-apostrophe-out.f (test for excess errors)
FAIL: g77.dg/f77-edit-apostrophe-out.f execution test
FAIL: g77.dg/f77-edit-apostrophe-out.f (test for excess errors)
FAIL: g77.dg/f77-edit-apostrophe-out.f execution test
FAIL: g77.dg/f77-edit-colon-out.f (test for excess errors)
FAIL: g77.dg/f77-edit-colon-out.f execution test
FAIL: g77.dg/f77-edit-colon-out.f (test for excess errors)
FAIL: g77.dg/f77-edit-colon-out.f execution test
FAIL: g77.dg/f77-edit-colon-out.f (test for excess errors)
FAIL: g77.dg/f77-edit-colon-out.f execution test
FAIL: g77.dg/f77-edit-colon-out.f (test for excess errors)
FAIL: g77.dg/f77-edit-colon-out.f execution test
FAIL: g77.dg/f77-edit-colon-out.f (test for excess errors)
FAIL: g77.dg/f77-edit-colon-out.f execution test
FAIL: g77.dg/f77-edit-colon-out.f (test for excess errors)
FAIL: g77.dg/f77-edit-colon-out.f execution test
FAIL: g77.dg/f77-edit-h-out.f (test for excess errors)
FAIL: g77.dg/f77-edit-h-out.f execution test
FAIL: g77.dg/f77-edit-h-out.f (test for excess errors)
FAIL: g77.dg/f77-edit-h-out.f execution test
FAIL: g77.dg/f77-edit-h-out.f (test for excess errors)
FAIL: g77.dg/f77-edit-h-out.f execution test
FAIL: g77.dg/f77-edit-h-out.f (test for excess errors)
FAIL: g77.dg/f77-edit-h-out.f execution test
FAIL: g77.dg/f77-edit-h-out.f (test for excess errors)
FAIL: g77.dg/f77-edit-h-out.f execution test
FAIL: g77.dg/f77-edit-h-out.f (test for excess errors)
FAIL: g77.dg/f77-edit-h-out.f execution test
FAIL: g77.dg/f77-edit-i-in.f (test for excess errors)
FAIL: g77.dg/f77-edit-i-in.f execution test
FAIL: g77.dg/f77-edit-i-in.f (test for excess errors)
FAIL: g77.dg/f77-edit-i-in.f execution test
FAIL: g77.dg/f77-edit-i-in.f (test for excess errors)
FAIL: g77.dg/f77-edit-i-in.f execution test
FAIL: g77.dg/f77-edit-i-in.f (test for excess errors)
FAIL: g77.dg/f77-edit-i-in.f execution test
FAIL: g77.dg/f77-edit-i-in.f (test for excess errors)
FAIL: g77.dg/f77-edit-i-in.f execution test
FAIL: g77.dg/f77-edit-i-in.f (test for excess errors)
FAIL: g77.dg/f77-edit-i-in.f execution test
FAIL: g77.dg/f77-edit-i-out.f (test for excess errors)
FAIL: g77.dg/f77-edit-i-out.f execution test
FAIL: g77.dg/f77-edit-i-out.f (test for excess errors)
FAIL: g77.dg/f77-edit-i-out.f execution test
FAIL: g77.dg/f77-edit-i-out.f (test for excess errors)
FAIL: g77.dg/f77-edit-i-out.f execution test
FAIL: g77.dg/f77-edit-i-out.f (test for excess errors)
FAIL: g77.dg/f77-edit-i-out.f execution test
FAIL: g77.dg/f77-edit-i-out.f (test for excess errors)
FAIL: g77.dg/f77-edit-i-out.f execution test
FAIL: g77.dg/f77-edit-i-out.f (test for excess errors)
FAIL: g77.dg/f77-edit-i-out.f execution test
FAIL: g77.dg/f77-edit-s-out.f (test for excess errors)
FAIL: g77.dg/f77-edit-s-out.f execution test
FAIL: g77.dg/f77-edit-s-out.f (test for excess errors)
FAIL: g77.dg/f77-edit-s-out.f execution test
FAIL: g77.dg/f77-edit-s-out.f (test for excess errors)
FAIL: g77.dg/f77-edit-s-out.f execution test
FAIL: g77.dg/f77-edit-s-out.f (test for excess errors)
FAIL: g77.dg/f77-edit-s-out.f execution test
FAIL: g77.dg/f77-edit-s-out.f (test for excess errors)
FAIL: g77.dg/f77-edit-s-out.f execution test
FAIL: g77.dg/f77-edit-s-out.f (test for excess errors)
FAIL: g77.dg/f77-edit-s-out.f execution test
FAIL: g77.dg/f77-edit-slash-out.f (test for excess errors)
FAIL: g77.dg/f77-edit-slash-out.f execution test
FAIL: g77.dg/f77-edit-slash-out.f (test for excess errors)
FAIL: g77.dg/f77-edit-slash-out.f execution test
FAIL: g77.dg/f77-edit-slash-out.f (test for excess errors)
FAIL: g77.dg/f77-edit-slash-out.f execution test
FAIL: g77.dg/f77-edit-slash-out.f (test for excess errors)
FAIL: g77.dg/f77-edit-slash-out.f execution test
FAIL: g77.dg/f77-edit-slash-out.f (test for excess errors)
FAIL: g77.dg/f77-edit-slash-out.f execution test
FAIL: g77.dg/f77-edit-slash-out.f (test for excess errors)
FAIL: g77.dg/f77-edit-slash-out.f execution test
FAIL: g77.dg/f77-edit-t-in.f (test for excess errors)
FAIL: g77.dg/f77-edit-t-in.f execution test
FAIL: g77.dg/f77-edit-t-in.f (test for excess errors)
FAIL: g77.dg/f77-edit-t-in.f execution test
FAIL: g77.dg/f77-edit-t-in.f (test for excess errors)
FAIL: g77.dg/f77-edit-t-in.f execution test
FAIL: g77.dg/f77-edit-t-in.f (test for excess errors)
FAIL: g77.dg/f77-edit-t-in.f execution test
FAIL: g77.dg/f77-edit-t-in.f (test for excess errors)
FAIL: g77.dg/f77-edit-t-in.f execution test
FAIL: g77.dg/f77-edit-t-in.f (test for excess errors)
FAIL: g77.dg/f77-edit-t-in.f execution test
FAIL: g77.dg/f77-edit-t-out.f (test for excess errors)
FAIL: g77.dg/f77-edit-t-out.f execution test
FAIL: g77.dg/f77-edit-t-out.f (test for excess errors)
FAIL: g77.dg/f77-edit-t-out.f execution test
FAIL: g77.dg/f77-edit-t-out.f (test for excess errors)
FAIL: g77.dg/f77-edit-t-out.f execution test
FAIL: g77.dg/f77-edit-t-out.f (test for excess errors)
FAIL: g77.dg/f77-edit-t-out.f execution test
FAIL: g77.dg/f77-edit-t-out.f (test for excess errors)
FAIL: g77.dg/f77-edit-t-out.f execution test
FAIL: g77.dg/f77-edit-t-out.f (test for excess errors)
FAIL: g77.dg/f77-edit-t-out.f execution test
FAIL: g77.dg/f77-edit-x-out.f (test for excess errors)
FAIL: g77.dg/f77-edit-x-out.f execution test
FAIL: g77.dg/f77-edit-x-out.f (test for excess errors)
FAIL: g77.dg/f77-edit-x-out.f execution test
FAIL: g77.dg/f77-edit-x-out.f (test for excess errors)
FAIL: g77.dg/f77-edit-x-out.f execution test
FAIL: g77.dg/f77-edit-x-out.f (test for excess errors)
FAIL: g77.dg/f77-edit-x-out.f execution test
FAIL: g77.dg/f77-edit-x-out.f (test for excess errors)
FAIL: g77.dg/f77-edit-x-out.f execution test
FAIL: g77.dg/f77-edit-x-out.f (test for excess errors)
FAIL: g77.dg/f77-edit-x-out.f execution test
FAIL: g77.dg/fbackslash.f (test for excess errors)
FAIL: g77.dg/fbackslash.f execution test
FAIL: g77.dg/fbackslash.f (test for excess errors)
FAIL: g77.dg/fbackslash.f execution test
FAIL: g77.dg/fbackslash.f (test for excess errors)
FAIL: g77.dg/fbackslash.f execution test
FAIL: g77.dg/fbackslash.f (test for excess errors)
FAIL: g77.dg/fbackslash.f execution test
FAIL: g77.dg/fbackslash.f (test for excess errors)
FAIL: g77.dg/fbackslash.f execution test
FAIL: g77.dg/fbackslash.f (test for excess errors)
FAIL: g77.dg/fbackslash.f execution test
FAIL: g77.dg/fcase-preserve.f (test for excess errors)
FAIL: g77.dg/fcase-preserve.f execution test
FAIL: g77.dg/fcase-preserve.f (test for excess errors)
FAIL: g77.dg/fcase-preserve.f execution test
FAIL: g77.dg/fcase-preserve.f (test for excess errors)
FAIL: g77.dg/fcase-preserve.f execution test
FAIL: g77.dg/fcase-preserve.f (test for excess errors)
FAIL: g77.dg/fcase-preserve.f execution test
FAIL: g77.dg/fcase-preserve.f (test for excess errors)
FAIL: g77.dg/fcase-preserve.f execution test
FAIL: g77.dg/fcase-preserve.f (test for excess errors)
FAIL: g77.dg/fcase-preserve.f execution test
FAIL: g77.dg/ff90-1.f (test for excess errors)
FAIL: g77.dg/ff90-1.f execution test
FAIL: g77.dg/ff90-1.f (test for excess errors)
FAIL: g77.dg/ff90-1.f execution test
FAIL: g77.dg/ff90-1.f (test for excess errors)
FAIL: g77.dg/ff90-1.f execution test
FAIL: g77.dg/ff90-1.f (test for excess errors)
FAIL: g77.dg/ff90-1.f execution test
FAIL: g77.dg/ff90-1.f (test for excess errors)
FAIL: g77.dg/ff90-1.f execution test
FAIL: g77.dg/ff90-1.f (test for excess errors)
FAIL: g77.dg/ff90-1.f execution test
FAIL: g77.dg/fno-backslash.f (test for excess errors)
FAIL: g77.dg/fno-backslash.f execution test
FAIL: g77.dg/fno-backslash.f (test for excess errors)
FAIL: g77.dg/fno-backslash.f execution test
FAIL: g77.dg/fno-backslash.f (test for excess errors)
FAIL: g77.dg/fno-backslash.f execution test
FAIL: g77.dg/fno-backslash.f (test for excess errors)
FAIL: g77.dg/fno-backslash.f execution test
FAIL: g77.dg/fno-backslash.f (test for excess errors)
FAIL: g77.dg/fno-backslash.f execution test
FAIL: g77.dg/fno-backslash.f (test for excess errors)
FAIL: g77.dg/fno-backslash.f execution test
FAIL: g77.dg/fno-f90-1.f (test for excess errors)
FAIL: g77.dg/fno-f90-1.f execution test
FAIL: g77.dg/fno-f90-1.f (test for excess errors)
FAIL: g77.dg/fno-f90-1.f execution test
FAIL: g77.dg/fno-f90-1.f (test for excess errors)
FAIL: g77.dg/fno-f90-1.f execution test
FAIL: g77.dg/fno-f90-1.f (test for excess errors)
FAIL: g77.dg/fno-f90-1.f execution test
FAIL: g77.dg/fno-f90-1.f (test for excess errors)
FAIL: g77.dg/fno-f90-1.f execution test
FAIL: g77.dg/fno-f90-1.f (test for excess errors)
FAIL: g77.dg/fno-f90-1.f execution test
FAIL: g77.dg/fno-onetrip.f (test for excess errors)
FAIL: g77.dg/fno-onetrip.f execution test
FAIL: g77.dg/fno-onetrip.f (test for excess errors)
FAIL: g77.dg/fno-onetrip.f execution test
FAIL: g77.dg/fno-onetrip.f (test for excess errors)
FAIL: g77.dg/fno-onetrip.f execution test
FAIL: g77.dg/fno-onetrip.f (test for excess errors)
FAIL: g77.dg/fno-onetrip.f execution test
FAIL: g77.dg/fno-onetrip.f (test for excess errors)
FAIL: g77.dg/fno-onetrip.f execution test
FAIL: g77.dg/fno-onetrip.f (test for excess errors)
FAIL: g77.dg/fno-onetrip.f execution test
FAIL: g77.dg/fno-onetrip.f (test for excess errors)
FAIL: g77.dg/fno-onetrip.f execution test
FAIL: g77.dg/fno-onetrip.f (test for excess errors)
FAIL: g77.dg/fno-onetrip.f execution test
FAIL: g77.dg/fno-typeless-boz.f (test for excess errors)
FAIL: g77.dg/fno-typeless-boz.f execution test
FAIL: g77.dg/fno-typeless-boz.f (test for excess errors)
FAIL: g77.dg/fno-typeless-boz.f execution test
FAIL: g77.dg/fno-typeless-boz.f (test for excess errors)
FAIL: g77.dg/fno-typeless-boz.f execution test
FAIL: g77.dg/fno-typeless-boz.f (test for excess errors)
FAIL: g77.dg/fno-typeless-boz.f execution test
FAIL: g77.dg/fno-typeless-boz.f (test for excess errors)
FAIL: g77.dg/fno-typeless-boz.f execution test
FAIL: g77.dg/fno-typeless-boz.f (test for excess errors)
FAIL: g77.dg/fno-typeless-boz.f execution test
FAIL: g77.dg/fno-vxt-1.f (test for excess errors)
FAIL: g77.dg/fno-vxt-1.f execution test
FAIL: g77.dg/fno-vxt-1.f (test for excess errors)
FAIL: g77.dg/fno-vxt-1.f execution test
FAIL: g77.dg/fno-vxt-1.f (test for excess errors)
FAIL: g77.dg/fno-vxt-1.f execution test
FAIL: g77.dg/fno-vxt-1.f (test for excess errors)
FAIL: g77.dg/fno-vxt-1.f execution test
FAIL: g77.dg/fno-vxt-1.f (test for excess errors)
FAIL: g77.dg/fno-vxt-1.f execution test
FAIL: g77.dg/fno-vxt-1.f (test for excess errors)
FAIL: g77.dg/fno-vxt-1.f execution test
FAIL: g77.dg/fonetrip.f (test for excess errors)
FAIL: g77.dg/fonetrip.f execution test
FAIL: g77.dg/fonetrip.f (test for excess errors)
FAIL: g77.dg/fonetrip.f execution test
FAIL: g77.dg/fonetrip.f (test for excess errors)
FAIL: g77.dg/fonetrip.f execution test
FAIL: g77.dg/fonetrip.f (test for excess errors)
FAIL: g77.dg/fonetrip.f execution test
FAIL: g77.dg/fonetrip.f (test for excess errors)
FAIL: g77.dg/fonetrip.f execution test
FAIL: g77.dg/fonetrip.f (test for excess errors)
FAIL: g77.dg/fonetrip.f execution test
FAIL: g77.dg/fonetrip.f (test for excess errors)
FAIL: g77.dg/fonetrip.f execution test
FAIL: g77.dg/fonetrip.f (test for excess errors)
FAIL: g77.dg/fonetrip.f execution test
FAIL: g77.dg/ftypeless-boz.f (test for excess errors)
FAIL: g77.dg/ftypeless-boz.f execution test
FAIL: g77.dg/ftypeless-boz.f (test for excess errors)
FAIL: g77.dg/ftypeless-boz.f execution test
FAIL: g77.dg/ftypeless-boz.f (test for excess errors)
FAIL: g77.dg/ftypeless-boz.f execution test
FAIL: g77.dg/ftypeless-boz.f (test for excess errors)
FAIL: g77.dg/ftypeless-boz.f execution test
FAIL: g77.dg/ftypeless-boz.f (test for excess errors)
FAIL: g77.dg/ftypeless-boz.f execution test
FAIL: g77.dg/ftypeless-boz.f (test for excess errors)
FAIL: g77.dg/ftypeless-boz.f execution test
FAIL: g77.dg/fvxt-1.f (test for excess errors)
FAIL: g77.dg/fvxt-1.f execution test
FAIL: g77.dg/fvxt-1.f (test for excess errors)
FAIL: g77.dg/fvxt-1.f execution test
FAIL: g77.dg/fvxt-1.f (test for excess errors)
FAIL: g77.dg/fvxt-1.f execution test
FAIL: g77.dg/fvxt-1.f (test for excess errors)
FAIL: g77.dg/fvxt-1.f execution test
FAIL: g77.dg/fvxt-1.f (test for excess errors)
FAIL: g77.dg/fvxt-1.f execution test
FAIL: g77.dg/fvxt-1.f (test for excess errors)
FAIL: g77.dg/fvxt-1.f execution test
FAIL: g77.dg/pr3743-1.f (test for excess errors)
FAIL: g77.dg/pr3743-1.f (test for excess errors)
FAIL: g77.dg/pr3743-1.f (test for excess errors)
FAIL: g77.dg/pr3743-1.f (test for excess errors)
FAIL: g77.dg/pr3743-1.f (test for excess errors)
FAIL: g77.dg/pr3743-1.f (test for excess errors)
FAIL: g77.dg/pr3743-2.f (test for excess errors)
FAIL: g77.dg/pr3743-2.f (test for excess errors)
FAIL: g77.dg/pr3743-2.f (test for excess errors)
FAIL: g77.dg/pr3743-2.f (test for excess errors)
FAIL: g77.dg/pr3743-2.f (test for excess errors)
FAIL: g77.dg/pr3743-2.f (test for excess errors)
FAIL: g77.dg/pr3743-3.f (test for excess errors)
FAIL: g77.dg/pr3743-3.f (test for excess errors)
FAIL: g77.dg/pr3743-3.f (test for excess errors)
FAIL: g77.dg/pr3743-3.f (test for excess errors)
FAIL: g77.dg/pr3743-3.f (test for excess errors)
FAIL: g77.dg/pr3743-3.f (test for excess errors)
FAIL: g77.dg/pr3743-4.f (test for excess errors)
FAIL: g77.dg/pr3743-4.f (test for excess errors)
FAIL: g77.dg/pr3743-4.f (test for excess errors)
FAIL: g77.dg/pr3743-4.f (test for excess errors)
FAIL: g77.dg/pr3743-4.f (test for excess errors)
FAIL: g77.dg/pr3743-4.f (test for excess errors)
FAIL: g77.dg/strlen0.f (test for excess errors)
FAIL: g77.dg/strlen0.f execution test
FAIL: g77.dg/strlen0.f (test for excess errors)
FAIL: g77.dg/strlen0.f execution test
FAIL: g77.dg/strlen0.f (test for excess errors)
FAIL: g77.dg/strlen0.f execution test
FAIL: g77.dg/strlen0.f (test for excess errors)
FAIL: g77.dg/strlen0.f execution test
FAIL: g77.dg/strlen0.f (test for excess errors)
FAIL: g77.dg/strlen0.f execution test
FAIL: g77.dg/strlen0.f (test for excess errors)
FAIL: g77.dg/strlen0.f execution test
FAIL: g77.dg/gcov/gcov-1.f (test for excess errors)
FAIL: g77.dg/gcov/gcov-1.f execution test
FAIL: g77.dg/gcov/gcov-1.f gcov: 118 failures in line counts, 32 in branch percentages, 24 in return percentages
FAIL: g77.f-torture/execute/19981119-0.f execution,  -O0 
FAIL: g77.f-torture/execute/19981119-0.f execution,  -O1 
FAIL: g77.f-torture/execute/19981119-0.f execution,  -O2 
FAIL: g77.f-torture/execute/19981119-0.f execution,  -O3 -fomit-frame-pointer 
FAIL: g77.f-torture/execute/19981119-0.f execution,  -O3 -g 
FAIL: g77.f-torture/execute/19981119-0.f execution,  -Os 
FAIL: g77.f-torture/execute/19990313-0.f execution,  -O0 
FAIL: g77.f-torture/execute/19990313-0.f execution,  -O1 
FAIL: g77.f-torture/execute/19990313-0.f execution,  -O2 
FAIL: g77.f-torture/execute/19990313-0.f execution,  -O3 -fomit-frame-pointer 
FAIL: g77.f-torture/execute/19990313-0.f execution,  -O3 -g 
FAIL: g77.f-torture/execute/19990313-0.f execution,  -Os 
FAIL: g77.f-torture/execute/19990313-1.f execution,  -O0 
FAIL: g77.f-torture/execute/19990313-1.f execution,  -O1 
FAIL: g77.f-torture/execute/19990313-1.f execution,  -O2 
FAIL: g77.f-torture/execute/19990313-1.f execution,  -O3 -fomit-frame-pointer 
FAIL: g77.f-torture/execute/19990313-1.f execution,  -O3 -g 
FAIL: g77.f-torture/execute/19990313-1.f execution,  -Os 
FAIL: g77.f-torture/execute/19990313-2.f execution,  -O0 
FAIL: g77.f-torture/execute/19990313-2.f execution,  -O1 
FAIL: g77.f-torture/execute/19990313-2.f execution,  -O2 
FAIL: g77.f-torture/execute/19990313-2.f execution,  -O3 -fomit-frame-pointer 
FAIL: g77.f-torture/execute/19990313-2.f execution,  -O3 -g 
FAIL: g77.f-torture/execute/19990313-2.f execution,  -Os 
FAIL: g77.f-torture/execute/19990313-3.f execution,  -O0 
FAIL: g77.f-torture/execute/19990313-3.f execution,  -O1 
FAIL: g77.f-torture/execute/19990313-3.f execution,  -O2 
FAIL: g77.f-torture/execute/19990313-3.f execution,  -O3 -fomit-frame-pointer 
FAIL: g77.f-torture/execute/19990313-3.f execution,  -O3 -g 
FAIL: g77.f-torture/execute/19990313-3.f execution,  -Os 
FAIL: g77.f-torture/execute/19990325-0.f execution,  -O0 
FAIL: g77.f-torture/execute/19990325-0.f execution,  -O1 
FAIL: g77.f-torture/execute/19990325-0.f execution,  -O2 
FAIL: g77.f-torture/execute/19990325-0.f execution,  -O3 -fomit-frame-pointer 
FAIL: g77.f-torture/execute/19990325-0.f execution,  -O3 -g 
FAIL: g77.f-torture/execute/19990325-0.f execution,  -Os 
FAIL: g77.f-torture/execute/19990325-1.f execution,  -O0 
FAIL: g77.f-torture/execute/19990325-1.f execution,  -O1 
FAIL: g77.f-torture/execute/19990325-1.f execution,  -O2 
FAIL: g77.f-torture/execute/19990325-1.f execution,  -O3 -fomit-frame-pointer 
FAIL: g77.f-torture/execute/19990325-1.f execution,  -O3 -g 
FAIL: g77.f-torture/execute/19990325-1.f execution,  -Os 
FAIL: g77.f-torture/execute/19990419-1.f execution,  -O0 
FAIL: g77.f-torture/execute/19990419-1.f execution,  -O1 
FAIL: g77.f-torture/execute/19990419-1.f execution,  -O2 
FAIL: g77.f-torture/execute/19990419-1.f execution,  -O3 -fomit-frame-pointer 
FAIL: g77.f-torture/execute/19990419-1.f execution,  -O3 -fomit-frame-pointer -funroll-loops 
FAIL: g77.f-torture/execute/19990419-1.f execution,  -O3 -fomit-frame-pointer -funroll-all-loops -finline-functions 
FAIL: g77.f-torture/execute/19990419-1.f execution,  -O3 -g 
FAIL: g77.f-torture/execute/19990419-1.f execution,  -Os 
FAIL: g77.f-torture/execute/19990826-0.f execution,  -O0 
FAIL: g77.f-torture/execute/19990826-0.f execution,  -O1 
FAIL: g77.f-torture/execute/19990826-0.f execution,  -O2 
FAIL: g77.f-torture/execute/19990826-0.f execution,  -O3 -fomit-frame-pointer 
FAIL: g77.f-torture/execute/19990826-0.f execution,  -O3 -g 
FAIL: g77.f-torture/execute/19990826-0.f execution,  -Os 
FAIL: g77.f-torture/execute/19990826-2.f execution,  -O0 
FAIL: g77.f-torture/execute/19990826-2.f execution,  -O1 
FAIL: g77.f-torture/execute/19990826-2.f execution,  -O2 
FAIL: g77.f-torture/execute/19990826-2.f execution,  -O3 -fomit-frame-pointer 
FAIL: g77.f-torture/execute/19990826-2.f execution,  -O3 -g 
FAIL: g77.f-torture/execute/19990826-2.f execution,  -Os 
FAIL: g77.f-torture/execute/20000503-1.f execution,  -O0 
FAIL: g77.f-torture/execute/20000503-1.f execution,  -O1 
FAIL: g77.f-torture/execute/20000503-1.f execution,  -O2 
FAIL: g77.f-torture/execute/20000503-1.f execution,  -O3 -fomit-frame-pointer 
FAIL: g77.f-torture/execute/20000503-1.f execution,  -O3 -fomit-frame-pointer -funroll-loops 
FAIL: g77.f-torture/execute/20000503-1.f execution,  -O3 -fomit-frame-pointer -funroll-all-loops -finline-functions 
FAIL: g77.f-torture/execute/20000503-1.f execution,  -O3 -g 
FAIL: g77.f-torture/execute/20000503-1.f execution,  -Os 
FAIL: g77.f-torture/execute/20001111.f execution,  -O0 
FAIL: g77.f-torture/execute/20001111.f execution,  -O1 
FAIL: g77.f-torture/execute/20001111.f execution,  -O2 
FAIL: g77.f-torture/execute/20001111.f execution,  -O3 -fomit-frame-pointer 
FAIL: g77.f-torture/execute/20001111.f execution,  -O3 -fomit-frame-pointer -funroll-loops 
FAIL: g77.f-torture/execute/20001111.f execution,  -O3 -fomit-frame-pointer -funroll-all-loops -finline-functions 
FAIL: g77.f-torture/execute/20001111.f execution,  -O3 -g 
FAIL: g77.f-torture/execute/20001111.f execution,  -Os 
FAIL: g77.f-torture/execute/20001201.f execution,  -O0 
FAIL: g77.f-torture/execute/20001201.f execution,  -O1 
FAIL: g77.f-torture/execute/20001201.f execution,  -O2 
FAIL: g77.f-torture/execute/20001201.f execution,  -O3 -fomit-frame-pointer 
FAIL: g77.f-torture/execute/20001201.f execution,  -O3 -g 
FAIL: g77.f-torture/execute/20001201.f execution,  -Os 
FAIL: g77.f-torture/execute/20010116.f execution,  -O0 
FAIL: g77.f-torture/execute/20010116.f execution,  -O1 
FAIL: g77.f-torture/execute/20010116.f execution,  -O2 
FAIL: g77.f-torture/execute/20010116.f execution,  -O3 -fomit-frame-pointer 
FAIL: g77.f-torture/execute/20010116.f execution,  -O3 -fomit-frame-pointer -funroll-loops 
FAIL: g77.f-torture/execute/20010116.f execution,  -O3 -fomit-frame-pointer -funroll-all-loops -finline-functions 
FAIL: g77.f-torture/execute/20010116.f execution,  -O3 -g 
FAIL: g77.f-torture/execute/20010116.f execution,  -Os 
FAIL: g77.f-torture/execute/20010426.f execution,  -O0 
FAIL: g77.f-torture/execute/20010426.f execution,  -O1 
FAIL: g77.f-torture/execute/20010426.f execution,  -O2 
FAIL: g77.f-torture/execute/20010426.f execution,  -O3 -fomit-frame-pointer 
FAIL: g77.f-torture/execute/20010426.f execution,  -O3 -g 
FAIL: g77.f-torture/execute/20010426.f execution,  -Os 
FAIL: g77.f-torture/execute/20010430.f execution,  -O0 
FAIL: g77.f-torture/execute/20010430.f execution,  -O1 
FAIL: g77.f-torture/execute/20010430.f execution,  -O2 
FAIL: g77.f-torture/execute/20010430.f execution,  -O3 -fomit-frame-pointer 
FAIL: g77.f-torture/execute/20010430.f execution,  -O3 -fomit-frame-pointer -funroll-loops 
FAIL: g77.f-torture/execute/20010430.f execution,  -O3 -fomit-frame-pointer -funroll-all-loops -finline-functions 
FAIL: g77.f-torture/execute/20010430.f execution,  -O3 -g 
FAIL: g77.f-torture/execute/20010430.f execution,  -Os 
FAIL: g77.f-torture/execute/20010610.f execution,  -O0 
FAIL: g77.f-torture/execute/20010610.f execution,  -O1 
FAIL: g77.f-torture/execute/20010610.f execution,  -O2 
FAIL: g77.f-torture/execute/20010610.f execution,  -O3 -fomit-frame-pointer 
FAIL: g77.f-torture/execute/20010610.f execution,  -O3 -fomit-frame-pointer -funroll-loops 
FAIL: g77.f-torture/execute/20010610.f execution,  -O3 -fomit-frame-pointer -funroll-all-loops -finline-functions 
FAIL: g77.f-torture/execute/20010610.f execution,  -O3 -g 
FAIL: g77.f-torture/execute/20010610.f execution,  -Os 
FAIL: g77.f-torture/execute/5122.f execution,  -O0 
FAIL: g77.f-torture/execute/5122.f execution,  -O1 
FAIL: g77.f-torture/execute/5122.f execution,  -O2 
FAIL: g77.f-torture/execute/5122.f execution,  -O3 -fomit-frame-pointer 
FAIL: g77.f-torture/execute/5122.f execution,  -O3 -g 
FAIL: g77.f-torture/execute/5122.f execution,  -Os 
FAIL: g77.f-torture/execute/6177.f execution,  -O0 
FAIL: g77.f-torture/execute/6177.f execution,  -O1 
FAIL: g77.f-torture/execute/6177.f execution,  -O2 
FAIL: g77.f-torture/execute/6177.f execution,  -O3 -fomit-frame-pointer 
FAIL: g77.f-torture/execute/6177.f execution,  -O3 -g 
FAIL: g77.f-torture/execute/6177.f execution,  -Os 
FAIL: g77.f-torture/execute/6367.f execution,  -O0 
FAIL: g77.f-torture/execute/6367.f execution,  -O1 
FAIL: g77.f-torture/execute/6367.f execution,  -O2 
FAIL: g77.f-torture/execute/6367.f execution,  -O3 -fomit-frame-pointer 
FAIL: g77.f-torture/execute/6367.f execution,  -O3 -fomit-frame-pointer -funroll-loops 
FAIL: g77.f-torture/execute/6367.f execution,  -O3 -fomit-frame-pointer -funroll-all-loops -finline-functions 
FAIL: g77.f-torture/execute/6367.f execution,  -O3 -g 
FAIL: g77.f-torture/execute/6367.f execution,  -Os 
FAIL: g77.f-torture/execute/947.f execution,  -O0 
FAIL: g77.f-torture/execute/947.f execution,  -O1 
FAIL: g77.f-torture/execute/947.f execution,  -O2 
FAIL: g77.f-torture/execute/947.f execution,  -O3 -fomit-frame-pointer 
FAIL: g77.f-torture/execute/947.f execution,  -O3 -g 
FAIL: g77.f-torture/execute/947.f execution,  -Os 
FAIL: g77.f-torture/execute/970625-2.f execution,  -O0 
FAIL: g77.f-torture/execute/970625-2.f execution,  -O1 
FAIL: g77.f-torture/execute/970625-2.f execution,  -O2 
FAIL: g77.f-torture/execute/970625-2.f execution,  -O3 -fomit-frame-pointer 
FAIL: g77.f-torture/execute/970625-2.f execution,  -O3 -fomit-frame-pointer -funroll-loops 
FAIL: g77.f-torture/execute/970625-2.f execution,  -O3 -fomit-frame-pointer -funroll-all-loops -finline-functions 
FAIL: g77.f-torture/execute/970625-2.f execution,  -O3 -g 
FAIL: g77.f-torture/execute/970625-2.f execution,  -Os 
FAIL: g77.f-torture/execute/970816-3.f execution,  -O0 
FAIL: g77.f-torture/execute/970816-3.f execution,  -O1 
FAIL: g77.f-torture/execute/970816-3.f execution,  -O2 
FAIL: g77.f-torture/execute/970816-3.f execution,  -O3 -fomit-frame-pointer 
FAIL: g77.f-torture/execute/970816-3.f execution,  -O3 -g 
FAIL: g77.f-torture/execute/970816-3.f execution,  -Os 
FAIL: g77.f-torture/execute/971102-1.f execution,  -O0 
FAIL: g77.f-torture/execute/971102-1.f execution,  -O1 
FAIL: g77.f-torture/execute/971102-1.f execution,  -O2 
FAIL: g77.f-torture/execute/971102-1.f execution,  -O3 -fomit-frame-pointer 
FAIL: g77.f-torture/execute/971102-1.f execution,  -O3 -fomit-frame-pointer -funroll-loops 
FAIL: g77.f-torture/execute/971102-1.f execution,  -O3 -fomit-frame-pointer -funroll-all-loops -finline-functions 
FAIL: g77.f-torture/execute/971102-1.f execution,  -O3 -g 
FAIL: g77.f-torture/execute/971102-1.f execution,  -Os 
FAIL: g77.f-torture/execute/980520-1.f execution,  -O0 
FAIL: g77.f-torture/execute/980520-1.f execution,  -O1 
FAIL: g77.f-torture/execute/980520-1.f execution,  -O2 
FAIL: g77.f-torture/execute/980520-1.f execution,  -O3 -fomit-frame-pointer 
FAIL: g77.f-torture/execute/980520-1.f execution,  -O3 -g 
FAIL: g77.f-torture/execute/980520-1.f execution,  -Os 
FAIL: g77.f-torture/execute/980628-0.f execution,  -O0 
FAIL: g77.f-torture/execute/980628-0.f execution,  -O1 
FAIL: g77.f-torture/execute/980628-0.f execution,  -O2 
FAIL: g77.f-torture/execute/980628-0.f execution,  -O3 -fomit-frame-pointer 
FAIL: g77.f-torture/execute/980628-0.f execution,  -O3 -g 
FAIL: g77.f-torture/execute/980628-0.f execution,  -Os 
FAIL: g77.f-torture/execute/980628-1.f execution,  -O0 
FAIL: g77.f-torture/execute/980628-1.f execution,  -O1 
FAIL: g77.f-torture/execute/980628-1.f execution,  -O2 
FAIL: g77.f-torture/execute/980628-1.f execution,  -O3 -fomit-frame-pointer 
FAIL: g77.f-torture/execute/980628-1.f execution,  -O3 -g 
FAIL: g77.f-torture/execute/980628-1.f execution,  -Os 
FAIL: g77.f-torture/execute/980628-10.f execution,  -O0 
FAIL: g77.f-torture/execute/980628-10.f execution,  -O1 
FAIL: g77.f-torture/execute/980628-10.f execution,  -O2 
FAIL: g77.f-torture/execute/980628-10.f execution,  -O3 -fomit-frame-pointer 
FAIL: g77.f-torture/execute/980628-10.f execution,  -O3 -g 
FAIL: g77.f-torture/execute/980628-10.f execution,  -Os 
FAIL: g77.f-torture/execute/980628-2.f execution,  -O0 
FAIL: g77.f-torture/execute/980628-2.f execution,  -O1 
FAIL: g77.f-torture/execute/980628-2.f execution,  -O2 
FAIL: g77.f-torture/execute/980628-2.f execution,  -O3 -fomit-frame-pointer 
FAIL: g77.f-torture/execute/980628-2.f execution,  -O3 -g 
FAIL: g77.f-torture/execute/980628-2.f execution,  -Os 
FAIL: g77.f-torture/execute/980628-3.f execution,  -O0 
FAIL: g77.f-torture/execute/980628-3.f execution,  -O1 
FAIL: g77.f-torture/execute/980628-3.f execution,  -O2 
FAIL: g77.f-torture/execute/980628-3.f execution,  -O3 -fomit-frame-pointer 
FAIL: g77.f-torture/execute/980628-3.f execution,  -O3 -g 
FAIL: g77.f-torture/execute/980628-3.f execution,  -Os 
FAIL: g77.f-torture/execute/980628-4.f execution,  -O0 
FAIL: g77.f-torture/execute/980628-4.f execution,  -O1 
FAIL: g77.f-torture/execute/980628-4.f execution,  -O2 
FAIL: g77.f-torture/execute/980628-4.f execution,  -O3 -fomit-frame-pointer 
FAIL: g77.f-torture/execute/980628-4.f execution,  -O3 -g 
FAIL: g77.f-torture/execute/980628-4.f execution,  -Os 
FAIL: g77.f-torture/execute/980628-5.f execution,  -O0 
FAIL: g77.f-torture/execute/980628-5.f execution,  -O1 
FAIL: g77.f-torture/execute/980628-5.f execution,  -O2 
FAIL: g77.f-torture/execute/980628-5.f execution,  -O3 -fomit-frame-pointer 
FAIL: g77.f-torture/execute/980628-5.f execution,  -O3 -g 
FAIL: g77.f-torture/execute/980628-5.f execution,  -Os 
FAIL: g77.f-torture/execute/980628-6.f execution,  -O0 
FAIL: g77.f-torture/execute/980628-6.f execution,  -O1 
FAIL: g77.f-torture/execute/980628-6.f execution,  -O2 
FAIL: g77.f-torture/execute/980628-6.f execution,  -O3 -fomit-frame-pointer 
FAIL: g77.f-torture/execute/980628-6.f execution,  -O3 -g 
FAIL: g77.f-torture/execute/980628-6.f execution,  -Os 
FAIL: g77.f-torture/execute/980628-7.f execution,  -O0 
FAIL: g77.f-torture/execute/980628-7.f execution,  -O1 
FAIL: g77.f-torture/execute/980628-7.f execution,  -O2 
FAIL: g77.f-torture/execute/980628-7.f execution,  -O3 -fomit-frame-pointer 
FAIL: g77.f-torture/execute/980628-7.f execution,  -O3 -g 
FAIL: g77.f-torture/execute/980628-7.f execution,  -Os 
FAIL: g77.f-torture/execute/980628-8.f execution,  -O0 
FAIL: g77.f-torture/execute/980628-8.f execution,  -O1 
FAIL: g77.f-torture/execute/980628-8.f execution,  -O2 
FAIL: g77.f-torture/execute/980628-8.f execution,  -O3 -fomit-frame-pointer 
FAIL: g77.f-torture/execute/980628-8.f execution,  -O3 -g 
FAIL: g77.f-torture/execute/980628-8.f execution,  -Os 
FAIL: g77.f-torture/execute/980628-9.f execution,  -O0 
FAIL: g77.f-torture/execute/980628-9.f execution,  -O1 
FAIL: g77.f-torture/execute/980628-9.f execution,  -O2 
FAIL: g77.f-torture/execute/980628-9.f execution,  -O3 -fomit-frame-pointer 
FAIL: g77.f-torture/execute/980628-9.f execution,  -O3 -g 
FAIL: g77.f-torture/execute/980628-9.f execution,  -Os 
FAIL: g77.f-torture/execute/980701-0.f execution,  -O0 
FAIL: g77.f-torture/execute/980701-0.f execution,  -O1 
FAIL: g77.f-torture/execute/980701-0.f execution,  -O2 
FAIL: g77.f-torture/execute/980701-0.f execution,  -O3 -fomit-frame-pointer 
FAIL: g77.f-torture/execute/980701-0.f execution,  -O3 -g 
FAIL: g77.f-torture/execute/980701-0.f execution,  -Os 
FAIL: g77.f-torture/execute/980701-1.f execution,  -O0 
FAIL: g77.f-torture/execute/980701-1.f execution,  -O1 
FAIL: g77.f-torture/execute/980701-1.f execution,  -O2 
FAIL: g77.f-torture/execute/980701-1.f execution,  -O3 -fomit-frame-pointer 
FAIL: g77.f-torture/execute/980701-1.f execution,  -O3 -g 
FAIL: g77.f-torture/execute/980701-1.f execution,  -Os 
FAIL: g77.f-torture/execute/alpha2.f execution,  -O0 
FAIL: g77.f-torture/execute/alpha2.f execution,  -O1 
FAIL: g77.f-torture/execute/alpha2.f execution,  -O2 
FAIL: g77.f-torture/execute/alpha2.f execution,  -O3 -fomit-frame-pointer 
FAIL: g77.f-torture/execute/alpha2.f execution,  -O3 -g 
FAIL: g77.f-torture/execute/alpha2.f execution,  -Os 
FAIL: g77.f-torture/execute/auto0.f execution,  -O0 
FAIL: g77.f-torture/execute/auto0.f execution,  -O1 
FAIL: g77.f-torture/execute/auto0.f execution,  -O2 
FAIL: g77.f-torture/execute/auto0.f execution,  -O3 -fomit-frame-pointer 
FAIL: g77.f-torture/execute/auto0.f execution,  -O3 -fomit-frame-pointer -funroll-loops 
FAIL: g77.f-torture/execute/auto0.f execution,  -O3 -fomit-frame-pointer -funroll-all-loops -finline-functions 
FAIL: g77.f-torture/execute/auto0.f execution,  -O3 -g 
FAIL: g77.f-torture/execute/auto0.f execution,  -Os 
FAIL: g77.f-torture/execute/auto1.f execution,  -O0 
FAIL: g77.f-torture/execute/auto1.f execution,  -O1 
FAIL: g77.f-torture/execute/auto1.f execution,  -O2 
FAIL: g77.f-torture/execute/auto1.f execution,  -O3 -fomit-frame-pointer 
FAIL: g77.f-torture/execute/auto1.f execution,  -O3 -fomit-frame-pointer -funroll-loops 
FAIL: g77.f-torture/execute/auto1.f execution,  -O3 -fomit-frame-pointer -funroll-all-loops -finline-functions 
FAIL: g77.f-torture/execute/auto1.f execution,  -O3 -g 
FAIL: g77.f-torture/execute/auto1.f execution,  -Os 
FAIL: g77.f-torture/execute/cabs.f execution,  -O0 
FAIL: g77.f-torture/execute/cabs.f execution,  -O1 
FAIL: g77.f-torture/execute/cabs.f execution,  -O2 
FAIL: g77.f-torture/execute/cabs.f execution,  -O3 -fomit-frame-pointer 
FAIL: g77.f-torture/execute/cabs.f execution,  -O3 -g 
FAIL: g77.f-torture/execute/cabs.f execution,  -Os 
FAIL: g77.f-torture/execute/claus.f execution,  -O0 
FAIL: g77.f-torture/execute/claus.f execution,  -O1 
FAIL: g77.f-torture/execute/claus.f execution,  -O2 
FAIL: g77.f-torture/execute/claus.f execution,  -O3 -fomit-frame-pointer 
FAIL: g77.f-torture/execute/claus.f execution,  -O3 -fomit-frame-pointer -funroll-loops 
FAIL: g77.f-torture/execute/claus.f execution,  -O3 -fomit-frame-pointer -funroll-all-loops -finline-functions 
FAIL: g77.f-torture/execute/claus.f execution,  -O3 -g 
FAIL: g77.f-torture/execute/claus.f execution,  -Os 
FAIL: g77.f-torture/execute/complex_1.f execution,  -O0 
FAIL: g77.f-torture/execute/complex_1.f execution,  -O1 
FAIL: g77.f-torture/execute/complex_1.f execution,  -O2 
FAIL: g77.f-torture/execute/complex_1.f execution,  -O3 -fomit-frame-pointer 
FAIL: g77.f-torture/execute/complex_1.f execution,  -O3 -g 
FAIL: g77.f-torture/execute/complex_1.f execution,  -Os 
FAIL: g77.f-torture/execute/dcomplex.f execution,  -O0 
FAIL: g77.f-torture/execute/dcomplex.f execution,  -O1 
FAIL: g77.f-torture/execute/dcomplex.f execution,  -O2 
FAIL: g77.f-torture/execute/dcomplex.f execution,  -O3 -fomit-frame-pointer 
FAIL: g77.f-torture/execute/dcomplex.f execution,  -O3 -g 
FAIL: g77.f-torture/execute/dcomplex.f execution,  -Os 
FAIL: g77.f-torture/execute/dnrm2.f execution,  -O0 
FAIL: g77.f-torture/execute/dnrm2.f execution,  -O1 
FAIL: g77.f-torture/execute/dnrm2.f execution,  -O2 
FAIL: g77.f-torture/execute/dnrm2.f execution,  -O3 -fomit-frame-pointer 
FAIL: g77.f-torture/execute/dnrm2.f execution,  -O3 -fomit-frame-pointer -funroll-loops 
FAIL: g77.f-torture/execute/dnrm2.f execution,  -O3 -fomit-frame-pointer -funroll-all-loops -finline-functions 
FAIL: g77.f-torture/execute/dnrm2.f execution,  -O3 -g 
FAIL: g77.f-torture/execute/dnrm2.f execution,  -Os 
FAIL: g77.f-torture/execute/erfc.f execution,  -O0 
FAIL: g77.f-torture/execute/erfc.f execution,  -O1 
FAIL: g77.f-torture/execute/erfc.f execution,  -O2 
FAIL: g77.f-torture/execute/erfc.f execution,  -O3 -fomit-frame-pointer 
FAIL: g77.f-torture/execute/erfc.f execution,  -O3 -g 
FAIL: g77.f-torture/execute/erfc.f execution,  -Os 
FAIL: g77.f-torture/execute/exp.f execution,  -O0 
FAIL: g77.f-torture/execute/exp.f execution,  -O1 
FAIL: g77.f-torture/execute/exp.f execution,  -O2 
FAIL: g77.f-torture/execute/exp.f execution,  -O3 -fomit-frame-pointer 
FAIL: g77.f-torture/execute/exp.f execution,  -O3 -g 
FAIL: g77.f-torture/execute/exp.f execution,  -Os 
FAIL: g77.f-torture/execute/f90-intrinsic-bit.f execution,  -O0 
FAIL: g77.f-torture/execute/f90-intrinsic-bit.f execution,  -O1 
FAIL: g77.f-torture/execute/f90-intrinsic-bit.f execution,  -O2 
FAIL: g77.f-torture/execute/f90-intrinsic-bit.f execution,  -O3 -fomit-frame-pointer 
FAIL: g77.f-torture/execute/f90-intrinsic-bit.f execution,  -O3 -fomit-frame-pointer -funroll-loops 
FAIL: g77.f-torture/execute/f90-intrinsic-bit.f execution,  -O3 -fomit-frame-pointer -funroll-all-loops -finline-functions 
FAIL: g77.f-torture/execute/f90-intrinsic-bit.f compilation,  -O3 -g 
FAIL: g77.f-torture/execute/f90-intrinsic-bit.f execution,  -Os 
FAIL: g77.f-torture/execute/f90-intrinsic-mathematical.f execution,  -O0 
FAIL: g77.f-torture/execute/f90-intrinsic-mathematical.f execution,  -O1 
FAIL: g77.f-torture/execute/f90-intrinsic-mathematical.f execution,  -O2 
FAIL: g77.f-torture/execute/f90-intrinsic-mathematical.f execution,  -O3 -fomit-frame-pointer 
FAIL: g77.f-torture/execute/f90-intrinsic-mathematical.f compilation,  -O3 -g 
FAIL: g77.f-torture/execute/f90-intrinsic-mathematical.f execution,  -Os 
FAIL: g77.f-torture/execute/f90-intrinsic-numeric.f execution,  -O0 
FAIL: g77.f-torture/execute/f90-intrinsic-numeric.f execution,  -O1 
FAIL: g77.f-torture/execute/f90-intrinsic-numeric.f execution,  -O2 
FAIL: g77.f-torture/execute/f90-intrinsic-numeric.f execution,  -O3 -fomit-frame-pointer 
FAIL: g77.f-torture/execute/f90-intrinsic-numeric.f compilation,  -O3 -g 
FAIL: g77.f-torture/execute/f90-intrinsic-numeric.f execution,  -Os 
FAIL: g77.f-torture/execute/intrinsic-f2c-z.f execution,  -O0 
FAIL: g77.f-torture/execute/intrinsic-f2c-z.f execution,  -O1 
FAIL: g77.f-torture/execute/intrinsic-f2c-z.f execution,  -O2 
FAIL: g77.f-torture/execute/intrinsic-f2c-z.f execution,  -O3 -fomit-frame-pointer 
FAIL: g77.f-torture/execute/intrinsic-f2c-z.f compilation,  -O3 -g 
FAIL: g77.f-torture/execute/intrinsic-f2c-z.f execution,  -Os 
FAIL: g77.f-torture/execute/intrinsic-unix-bessel.f execution,  -O0 
FAIL: g77.f-torture/execute/intrinsic-unix-bessel.f execution,  -O1 
FAIL: g77.f-torture/execute/intrinsic-unix-bessel.f execution,  -O2 
FAIL: g77.f-torture/execute/intrinsic-unix-bessel.f execution,  -O3 -fomit-frame-pointer 
FAIL: g77.f-torture/execute/intrinsic-unix-bessel.f compilation,  -O3 -g 
FAIL: g77.f-torture/execute/intrinsic-unix-bessel.f execution,  -Os 
FAIL: g77.f-torture/execute/intrinsic-unix-erf.f execution,  -O0 
FAIL: g77.f-torture/execute/intrinsic-unix-erf.f execution,  -O1 
FAIL: g77.f-torture/execute/intrinsic-unix-erf.f execution,  -O2 
FAIL: g77.f-torture/execute/intrinsic-unix-erf.f execution,  -O3 -fomit-frame-pointer 
FAIL: g77.f-torture/execute/intrinsic-unix-erf.f compilation,  -O3 -g 
FAIL: g77.f-torture/execute/intrinsic-unix-erf.f execution,  -Os 
FAIL: g77.f-torture/execute/intrinsic-vax-cd.f execution,  -O0 
FAIL: g77.f-torture/execute/intrinsic-vax-cd.f execution,  -O1 
FAIL: g77.f-torture/execute/intrinsic-vax-cd.f execution,  -O2 
FAIL: g77.f-torture/execute/intrinsic-vax-cd.f execution,  -O3 -fomit-frame-pointer 
FAIL: g77.f-torture/execute/intrinsic-vax-cd.f compilation,  -O3 -g 
FAIL: g77.f-torture/execute/intrinsic-vax-cd.f execution,  -Os 
FAIL: g77.f-torture/execute/intrinsic77.f execution,  -O0 
FAIL: g77.f-torture/execute/intrinsic77.f execution,  -O1 
FAIL: g77.f-torture/execute/intrinsic77.f execution,  -O2 
FAIL: g77.f-torture/execute/intrinsic77.f execution,  -O3 -fomit-frame-pointer 
FAIL: g77.f-torture/execute/intrinsic77.f compilation,  -O3 -g 
FAIL: g77.f-torture/execute/intrinsic77.f execution,  -Os 
FAIL: g77.f-torture/execute/io0.f execution,  -O0 
FAIL: g77.f-torture/execute/io0.f execution,  -O1 
FAIL: g77.f-torture/execute/io0.f execution,  -O2 
FAIL: g77.f-torture/execute/io0.f execution,  -O3 -fomit-frame-pointer 
FAIL: g77.f-torture/execute/io0.f execution,  -O3 -g 
FAIL: g77.f-torture/execute/io0.f execution,  -Os 
FAIL: g77.f-torture/execute/io1.f execution,  -O0 
FAIL: g77.f-torture/execute/io1.f execution,  -O1 
FAIL: g77.f-torture/execute/io1.f execution,  -O2 
FAIL: g77.f-torture/execute/io1.f execution,  -O3 -fomit-frame-pointer 
FAIL: g77.f-torture/execute/io1.f execution,  -O3 -g 
FAIL: g77.f-torture/execute/io1.f execution,  -Os 
FAIL: g77.f-torture/execute/labug1.f execution,  -O0 
FAIL: g77.f-torture/execute/labug1.f execution,  -O1 
FAIL: g77.f-torture/execute/labug1.f execution,  -O2 
FAIL: g77.f-torture/execute/labug1.f execution,  -O3 -fomit-frame-pointer 
FAIL: g77.f-torture/execute/labug1.f execution,  -O3 -fomit-frame-pointer -funroll-loops 
FAIL: g77.f-torture/execute/labug1.f execution,  -O3 -fomit-frame-pointer -funroll-all-loops -finline-functions 
FAIL: g77.f-torture/execute/labug1.f execution,  -O3 -g 
FAIL: g77.f-torture/execute/labug1.f execution,  -Os 
FAIL: g77.f-torture/execute/large_vec.f execution,  -O0 
FAIL: g77.f-torture/execute/large_vec.f execution,  -O1 
FAIL: g77.f-torture/execute/large_vec.f execution,  -O2 
FAIL: g77.f-torture/execute/large_vec.f execution,  -O3 -fomit-frame-pointer 
FAIL: g77.f-torture/execute/large_vec.f execution,  -O3 -g 
FAIL: g77.f-torture/execute/large_vec.f execution,  -Os 
FAIL: g77.f-torture/execute/le.f execution,  -O0 
FAIL: g77.f-torture/execute/le.f execution,  -O1 
FAIL: g77.f-torture/execute/le.f execution,  -O2 
FAIL: g77.f-torture/execute/le.f execution,  -O3 -fomit-frame-pointer 
FAIL: g77.f-torture/execute/le.f execution,  -O3 -g 
FAIL: g77.f-torture/execute/le.f execution,  -Os 
FAIL: g77.f-torture/execute/short.f execution,  -O0 
FAIL: g77.f-torture/execute/short.f execution,  -O1 
FAIL: g77.f-torture/execute/short.f execution,  -O2 
FAIL: g77.f-torture/execute/short.f execution,  -O3 -fomit-frame-pointer 
FAIL: g77.f-torture/execute/short.f execution,  -O3 -fomit-frame-pointer -funroll-loops 
FAIL: g77.f-torture/execute/short.f execution,  -O3 -fomit-frame-pointer -funroll-all-loops -finline-functions 
FAIL: g77.f-torture/execute/short.f compilation,  -O3 -g 
FAIL: g77.f-torture/execute/short.f execution,  -Os 
FAIL: g77.f-torture/execute/u77-test.f execution,  -O0 
FAIL: g77.f-torture/execute/u77-test.f execution,  -O1 
FAIL: g77.f-torture/execute/u77-test.f execution,  -O2 
FAIL: g77.f-torture/execute/u77-test.f execution,  -O3 -fomit-frame-pointer 
FAIL: g77.f-torture/execute/u77-test.f execution,  -O3 -fomit-frame-pointer -funroll-loops 
FAIL: g77.f-torture/execute/u77-test.f execution,  -O3 -fomit-frame-pointer -funroll-all-loops -finline-functions 
FAIL: g77.f-torture/execute/u77-test.f execution,  -O3 -g 
FAIL: g77.f-torture/execute/u77-test.f execution,  -Os 
FAIL: g77.f-torture/execute/cpp.F execution,  -O0 
FAIL: g77.f-torture/execute/cpp.F execution,  -O1 
FAIL: g77.f-torture/execute/cpp.F execution,  -O2 
FAIL: g77.f-torture/execute/cpp.F execution,  -O3 -fomit-frame-pointer 
FAIL: g77.f-torture/execute/cpp.F execution,  -O3 -g 
FAIL: g77.f-torture/execute/cpp.F execution,  -Os 
FAIL: g77.f-torture/execute/cpp2.F execution,  -O0 
FAIL: g77.f-torture/execute/cpp2.F execution,  -O1 
FAIL: g77.f-torture/execute/cpp2.F execution,  -O2 
FAIL: g77.f-torture/execute/cpp2.F execution,  -O3 -fomit-frame-pointer 
FAIL: g77.f-torture/execute/cpp2.F execution,  -O3 -g 
FAIL: g77.f-torture/execute/cpp2.F execution,  -Os 

		=== g77 Summary ===

# of expected passes		818
# of unexpected failures	730
# of unresolved testcases	21
# of untested testcases		9
# of unsupported tests		8
/q/oliva/test/log/marker/.tmp/egcs/gcc/testsuite/../g77 version 3.1 20020506 (prerelease)

		=== gcc tests ===


Running target unix
FAIL: gcc.c-torture/execute/20020402-1.c execution,  -Os 
FAIL: gcc.c-torture/execute/loop-2c.c execution,  -Os 
FAIL: gcc.c-torture/execute/loop-2d.c execution,  -Os 
FAIL: gcc.c-torture/execute/loop-3c.c execution,  -Os 
FAIL: gcc.c-torture/execute/string-opt-17.c execution,  -O1 
FAIL: gcc.c-torture/execute/string-opt-17.c execution,  -O2 
FAIL: gcc.c-torture/execute/string-opt-17.c execution,  -O3 -fomit-frame-pointer 
FAIL: gcc.c-torture/execute/string-opt-17.c execution,  -O3 -g 
FAIL: gcc.c-torture/execute/string-opt-17.c execution,  -Os 
XPASS: gcc.c-torture/execute/ieee/mzero2.c execution,  -O0 
XPASS: gcc.c-torture/execute/ieee/mzero2.c execution,  -O1 
XPASS: gcc.c-torture/execute/ieee/mzero2.c execution,  -O2 
XPASS: gcc.c-torture/execute/ieee/mzero2.c execution,  -O3 -fomit-frame-pointer 
XPASS: gcc.c-torture/execute/ieee/mzero2.c execution,  -O3 -g 
XPASS: gcc.c-torture/execute/ieee/mzero2.c execution,  -Os 
FAIL: gcc.c-torture/execute/ieee/rbug.c compilation,  -O0 
FAIL: gcc.c-torture/execute/ieee/rbug.c compilation,  -O1 
FAIL: gcc.c-torture/execute/ieee/rbug.c compilation,  -O2 
FAIL: gcc.c-torture/execute/ieee/rbug.c compilation,  -O3 -fomit-frame-pointer 
FAIL: gcc.c-torture/execute/ieee/rbug.c compilation,  -O3 -g 
FAIL: gcc.c-torture/execute/ieee/rbug.c compilation,  -Os 
XPASS: gcc.c-torture/execute/ieee/mzero2.c execution,  -O0 
XPASS: gcc.c-torture/execute/ieee/mzero2.c execution,  -O1 
XPASS: gcc.c-torture/execute/ieee/mzero2.c execution,  -O2 
XPASS: gcc.c-torture/execute/ieee/mzero2.c execution,  -O3 -fomit-frame-pointer 
XPASS: gcc.c-torture/execute/ieee/mzero2.c execution,  -O3 -g 
XPASS: gcc.c-torture/execute/ieee/mzero2.c execution,  -Os 
FAIL: gcc.c-torture/execute/ieee/rbug.c compilation,  -O0 
FAIL: gcc.c-torture/execute/ieee/rbug.c compilation,  -O1 
FAIL: gcc.c-torture/execute/ieee/rbug.c compilation,  -O2 
FAIL: gcc.c-torture/execute/ieee/rbug.c compilation,  -O3 -fomit-frame-pointer 
FAIL: gcc.c-torture/execute/ieee/rbug.c compilation,  -O3 -g 
FAIL: gcc.c-torture/execute/ieee/rbug.c compilation,  -Os 
FAIL: gcc.dg/cpp/charconst-3.c (test for excess errors)
FAIL: gcc.dg/cpp/charconst-3.c execution test
FAIL: gcc.dg/cpp/endif-pedantic1.c bad warning (test for bogus messages, line 14)
FAIL: gcc.dg/cpp/endif-pedantic1.c bad warning (test for bogus messages, line 15)
FAIL: gcc.dg/cpp/extratokens2.c bad warning (test for bogus messages, line 14)
FAIL: gcc.dg/cpp/extratokens2.c bad warning (test for bogus messages, line 15)
FAIL: gcc.dg/cpp/mac-dir-1.c (test for excess errors)
FAIL: gcc.dg/cpp/mac-dir-2.c  (test for warnings, line 14)
FAIL: gcc.dg/cpp/mac-dir-2.c (test for excess errors)
FAIL: gcc.dg/cpp/maccom1.c (test for excess errors)
FAIL: gcc.dg/cpp/maccom2.c (test for excess errors)
FAIL: gcc.dg/cpp/maccom3.c (test for excess errors)
FAIL: gcc.dg/cpp/maccom4.c (test for excess errors)
FAIL: maccom4.c: comment in macro expansion with -CC
FAIL: gcc.dg/cpp/maccom5.c (test for excess errors)
FAIL: maccom5.c: C++ comment in macro expansion with -CC
FAIL: gcc.dg/cpp/maccom6.c (test for excess errors)
FAIL: gcc.dg/20020425-1.c (test for excess errors)
FAIL: gcc.dg/980312-1.c (test for excess errors)
FAIL: gcc.dg/980313-1.c (test for excess errors)
FAIL: gcc.dg/Wswitch-default.c  (test for warnings, line 14)
FAIL: gcc.dg/Wswitch-default.c  (test for warnings, line 22)
FAIL: gcc.dg/Wswitch-default.c  (test for warnings, line 31)
FAIL: gcc.dg/Wswitch-default.c  (test for warnings, line 41)
FAIL: gcc.dg/Wswitch-default.c  (test for warnings, line 53)
FAIL: gcc.dg/Wswitch-default.c (test for excess errors)
FAIL: gcc.dg/Wswitch-enum.c enum e1 (test for warnings, line 23)
FAIL: gcc.dg/Wswitch-enum.c enum e2 (test for warnings, line 23)
FAIL: gcc.dg/Wswitch-enum.c enum e1 (test for warnings, line 28)
FAIL: gcc.dg/Wswitch-enum.c enum e2 (test for warnings, line 28)
FAIL: gcc.dg/Wswitch-enum.c enum e2 (test for warnings, line 32)
FAIL: gcc.dg/Wswitch-enum.c enum e2 (test for warnings, line 37)
FAIL: gcc.dg/Wswitch-enum.c excess 3 (test for warnings, line 54)
FAIL: gcc.dg/Wswitch-enum.c excess 3 (test for warnings, line 61)
FAIL: gcc.dg/Wswitch-enum.c (test for excess errors)
FAIL: gcc.dg/c99-vla-1.c  (test for bogus messages, line 8)
FAIL: gcc.dg/compare6.c unsigned (test for warnings, line 12)
FAIL: gcc.dg/concat2.c (test for excess errors)
FAIL: gcc.dg/i386-memset-1.c execution test
FAIL: gcc.dg/lvalue1.c  (test for errors, line 7)
FAIL: gcc.dg/unordered-1.c  (test for errors, line 7)
FAIL: gcc.dg/unordered-1.c  (test for errors, line 16)
FAIL: gcc.dg/unordered-1.c  (test for errors, line 17)
FAIL: gcc.dg/unordered-1.c (test for excess errors)
FAIL: gcc.dg/unused-4.c  (test for warnings, line 4)
FAIL: gcc.dg/unused-4.c  (test for warnings, line 5)
FAIL: gcc.dg/wchar_t-1.c (test for excess errors)
FAIL: gcc.dg/weak-1.c scan-assembler weak[^ 	]*[ 	]_?a
FAIL: gcc.dg/weak-1.c scan-assembler weak[^ 	]*[ 	]_?b
FAIL: gcc.dg/weak-1.c scan-assembler weak[^ 	]*[ 	]_?c
FAIL: gcc.dg/weak-1.c scan-assembler weak[^ 	]*[ 	]_?d
FAIL: gcc.dg/weak-1.c scan-assembler weak[^ 	]*[ 	]_?e
FAIL: gcc.dg/weak-1.c scan-assembler weak[^ 	]*[ 	]_?g
FAIL: gcc.dg/weak-1.c scan-assembler weak[^ 	]*[ 	]_?j
FAIL: gcc.dg/weak-2.c applying #pragma weak (test for warnings, line 33)
FAIL: gcc.dg/weak-2.c scan-assembler weak[^ 	]*[ 	]ffoo1a
FAIL: gcc.dg/weak-2.c scan-assembler weak[^ 	]*[ 	]ffoo1b
FAIL: gcc.dg/weak-2.c scan-assembler weak[^ 	]*[ 	]ffoo1c
FAIL: gcc.dg/weak-2.c scan-assembler weak[^ 	]*[ 	]ffoo1e
FAIL: gcc.dg/weak-3.c (test for excess errors)
FAIL: gcc.dg/weak-3.c scan-assembler weak[^ 	]*[ 	]ffoo1a
FAIL: gcc.dg/weak-3.c scan-assembler weak[^ 	]*[ 	]ffoo1b
FAIL: gcc.dg/weak-3.c scan-assembler weak[^ 	]*[ 	]ffoo1c
FAIL: gcc.dg/weak-3.c scan-assembler weak[^ 	]*[ 	]ffoo1e
FAIL: gcc.dg/weak-3.c scan-assembler weak[^ 	]*[ 	]ffoo1f
FAIL: gcc.dg/weak-3.c scan-assembler weak[^ 	]*[ 	]ffoo1g
FAIL: gcc.dg/weak-4.c applying #pragma weak (test for warnings, line 41)
FAIL: gcc.dg/weak-4.c applying #pragma weak (test for warnings, line 73)
FAIL: gcc.dg/weak-4.c scan-assembler weak[^ 	]*[ 	]vfoo1a
FAIL: gcc.dg/weak-4.c scan-assembler weak[^ 	]*[ 	]vfoo1b
FAIL: gcc.dg/weak-4.c scan-assembler weak[^ 	]*[ 	]vfoo1c
FAIL: gcc.dg/weak-4.c scan-assembler weak[^ 	]*[ 	]vfoo1d
FAIL: gcc.dg/weak-4.c scan-assembler weak[^ 	]*[ 	]vfoo1e
FAIL: gcc.dg/weak-4.c scan-assembler weak[^ 	]*[ 	]vfoo1f
FAIL: gcc.dg/weak-4.c scan-assembler weak[^ 	]*[ 	]vfoo1g
FAIL: gcc.dg/weak-4.c scan-assembler weak[^ 	]*[ 	]vfoo1h
FAIL: gcc.dg/weak-4.c scan-assembler weak[^ 	]*[ 	]vfoo1i
FAIL: gcc.dg/weak-4.c scan-assembler weak[^ 	]*[ 	]vfoo1j
FAIL: gcc.dg/weak-4.c scan-assembler weak[^ 	]*[ 	]vfoo1k
FAIL: gcc.dg/weak-5.c (test for excess errors)
FAIL: gcc.dg/weak-5.c scan-assembler weak[^ 	]*[ 	]vfoo1a
FAIL: gcc.dg/weak-5.c scan-assembler weak[^ 	]*[ 	]vfoo1b
FAIL: gcc.dg/weak-5.c scan-assembler weak[^ 	]*[ 	]vfoo1c
FAIL: gcc.dg/weak-5.c scan-assembler weak[^ 	]*[ 	]vfoo1d
FAIL: gcc.dg/weak-5.c scan-assembler weak[^ 	]*[ 	]vfoo1e
FAIL: gcc.dg/weak-5.c scan-assembler weak[^ 	]*[ 	]vfoo1f
FAIL: gcc.dg/weak-5.c scan-assembler weak[^ 	]*[ 	]vfoo1g
FAIL: gcc.dg/weak-5.c scan-assembler weak[^ 	]*[ 	]vfoo1h
FAIL: gcc.dg/weak-5.c scan-assembler weak[^ 	]*[ 	]vfoo1i
FAIL: gcc.dg/weak-5.c scan-assembler weak[^ 	]*[ 	]vfoo1j
FAIL: gcc.dg/weak-5.c scan-assembler weak[^ 	]*[ 	]vfoo1k
FAIL: gcc.dg/weak-5.c scan-assembler weak[^ 	]*[ 	]vfoo1l
FAIL: gcc.dg/weak-6.c  (test for errors, line 4)
FAIL: gcc.dg/weak-7.c (test for excess errors)
FAIL: gcc.dg/wint_t-1.c (test for excess errors)
FAIL: gcc.dg/format/c99-scanf-3.c vfscanf (test for warnings, line 21)
FAIL: gcc.dg/format/c99-scanf-3.c vfscanf (test for warnings, line 21)
FAIL: gcc.dg/format/ext-6.c vfscanf (test for warnings, line 42)
FAIL: gcc.dg/format/ext-6.c vfscanf (test for warnings, line 42)
FAIL: gcc.dg/format/xopen-2.c bogus too few dollar (test for bogus messages, line 19)
FAIL: gcc.dg/format/xopen-2.c bogus too few vprintf (test for bogus messages, line 20)
FAIL: gcc.dg/format/xopen-2.c bogus too few dollar (test for bogus messages, line 19)
FAIL: gcc.dg/format/xopen-2.c bogus too few vprintf (test for bogus messages, line 20)

		=== gcc Summary ===

# of expected passes		18574
# of unexpected failures	124
# of unexpected successes	12
# of expected failures		66
# of unresolved testcases	16
# of unsupported tests		56
/q/oliva/test/log/marker/.tmp/egcs/gcc/xgcc version 3.1 20020506 (prerelease)

		=== libstdc++-v3 tests ===


Running target unix
XPASS: 22_locale/collate_members_wchar_t.cc execution test
XPASS: 22_locale/money_get_members_wchar_t.cc execution test
XPASS: 22_locale/money_put_members_wchar_t.cc execution test
XPASS: 22_locale/moneypunct_members_wchar_t.cc execution test
XPASS: 22_locale/num_get_members_wchar_t.cc execution test
XPASS: 22_locale/num_put_members_wchar_t.cc execution test
XPASS: 22_locale/numpunct_members_wchar_t.cc execution test
XPASS: 22_locale/time_get_members_wchar_t.cc execution test
XPASS: 22_locale/time_put_members_wchar_t.cc execution test
FAIL: thread/pthread1.cc (test for excess errors)
FAIL: thread/pthread2.cc (test for excess errors)
FAIL: thread/pthread3.cc (test for excess errors)
FAIL: thread/pthread4.cc (test for excess errors)
FAIL: thread/pthread5.cc (test for excess errors)
FAIL: thread/pthread6.cc (test for excess errors)

		=== libstdc++-v3 Summary ===

# of expected passes		369
# of unexpected failures	6
# of unexpected successes	9
# of expected failures		16
		=== objc tests ===


Running target unix

		=== objc Summary ===

# of expected passes		1036
# of expected failures		6
/q/oliva/test/log/marker/.tmp/egcs/gcc/xgcc version 3.1 20020506 (prerelease)


Compiler version: 3.1 20020506 (prerelease) 
Platform: i386-unknown-freebsd2.2.7

BOOT_CFLAGS: -g -O9 -W -Wall

Counting all warnings,
there are 0 warnings in stage3 of this bootstrap.

Number of warnings per file:

Number of warning types:


Index Nav: [Date Index] [Subject Index] [Author Index] [Thread Index]
Message Nav: [Date Prev] [Date Next] [Thread Prev] [Thread Next]