This is the mail archive of the
gcc-testresults@gcc.gnu.org
mailing list for the GCC project.
Results for 3.1 20020414 (prerelease) testsuite on vax-dec-ultrix4.3
- From: John David Anglin <dave at hiauly dot hia dot nrc dot ca>
- To: dave at hiauly dot hia dot nrc dot ca, gcc-testresults at gcc dot gnu dot org
- Date: Tue, 7 May 2002 11:26:41 -0400
- Subject: Results for 3.1 20020414 (prerelease) testsuite on vax-dec-ultrix4.3
LAST_UPDATED: Sun Apr 14 17:44:58 EDT 2002
Native configuration is vax-dec-ultrix4.3
=== g++ tests ===
Running target unix
FAIL: g++.dg/abi/vbase8-10.C execution test
FAIL: g++.dg/abi/vbase8-21.C execution test
FAIL: g++.dg/abi/vbase8-22.C execution test
FAIL: g++.dg/abi/vbase8-4.C execution test
FAIL: g++.dg/eh/loop1.C execution test
FAIL: g++.dg/eh/unexpected1.C execution test
FAIL: g++.dg/ext/attrib5.C (test for excess errors)
FAIL: g++.dg/inherit/null1.C execution test
FAIL: g++.dg/init/array1.C execution test
FAIL: g++.dg/opt/alias1.C execution test
FAIL: g++.dg/opt/cleanup1.C execution test
FAIL: g++.dg/opt/const1.C execution test
FAIL: g++.dg/template/qualttp16.C execution test
FAIL: g++.dg/warn/weak1.C (test for excess errors)
FAIL: g++.dg/special/conpr-2.C execution test
FAIL: g++.dg/special/conpr-3.C execution test
FAIL: g++.dg/special/initp1.C execution test
FAIL: g++.abi/arraynew.C Execution test
FAIL: g++.abi/empty.C Execution test
FAIL: g++.abi/layout1.C Execution test
FAIL: g++.abi/primary.C Execution test
FAIL: g++.abi/ptrmem.C Execution test
FAIL: g++.abi/vbase3.C Execution test
FAIL: g++.abi/vbase8-5.C Execution test
FAIL: g++.abi/vbase8-9.C Execution test
FAIL: g++.abi/vtable.C Execution test
FAIL: g++.abi/vtable2.C Execution test
FAIL: g++.benjamin/tem06.C Execution test
FAIL: g++.brendan/code-gen4.C Execution test
FAIL: g++.brendan/copy1.C Execution test
FAIL: g++.brendan/copy2.C Execution test
FAIL: g++.brendan/copy3.C Execution test
FAIL: g++.brendan/copy4.C Execution test
FAIL: g++.brendan/copy5.C Execution test
FAIL: g++.brendan/copy9.C Execution test
FAIL: g++.brendan/ctors1.C Execution test
FAIL: g++.brendan/ctors2.C Execution test
FAIL: g++.brendan/dtors1.C Execution test
FAIL: g++.brendan/eh1.C Execution test
FAIL: g++.brendan/init3.C Execution test
FAIL: g++.brendan/misc7.C Execution test
FAIL: g++.brendan/nest21.C (test for excess errors)
FAIL: g++.brendan/new3.C Execution test
FAIL: g++.brendan/overload2.C Execution test
FAIL: g++.brendan/overload7.C Execution test
FAIL: g++.brendan/sizeof5.C Execution test
FAIL: g++.eh/badalloc1.C (test for excess errors)
FAIL: g++.eh/rethrow3.C Execution test
FAIL: g++.eh/spec7.C Execution test
FAIL: g++.eh/vbase1.C Execution test
FAIL: g++.ext/addrfunc2.C Execution test
FAIL: g++.ext/addrfunc3.C Execution test
FAIL: g++.ext/addrfunc4.C Execution test
FAIL: g++.ext/attrib5.C (test for excess errors)
FAIL: g++.ext/default.C Execution test
FAIL: g++.ext/delvoid.C Execution test
FAIL: g++.ext/null1.C Execution test
FAIL: g++.ext/pretty2.C (test for excess errors)
FAIL: g++.ext/pretty3.C (test for excess errors)
FAIL: g++.ext/typename1.C Execution test
FAIL: g++.jason/2371.C Execution test
FAIL: g++.jason/bool2.C Execution test
FAIL: g++.jason/bool4.C Execution test
FAIL: g++.jason/bool5.C Execution test
FAIL: g++.jason/const2.C Execution test
FAIL: g++.jason/conversion7.C Execution test
FAIL: g++.jason/conversion8.C Execution test
FAIL: g++.jason/dcast2.C Execution test
FAIL: g++.jason/dcast3.C Execution test
FAIL: g++.jason/defctor.C Execution test
FAIL: g++.jason/dtor2.C Execution test
FAIL: g++.jason/init3.C (test for excess errors)
FAIL: g++.jason/inline.C Execution test
FAIL: g++.jason/lex1.C Execution test
FAIL: g++.jason/mutable1.C Execution test
FAIL: g++.jason/new2.C Execution test
FAIL: g++.jason/new4.C Execution test
FAIL: g++.jason/new5.C Execution test
FAIL: g++.jason/optimize2.C Execution test
FAIL: g++.jason/overload13.C Execution test
FAIL: g++.jason/overload27.C Execution test
FAIL: g++.jason/overload36.C Execution test
FAIL: g++.jason/parse9.C Execution test
FAIL: g++.jason/pmf8.C Execution test
FAIL: g++.jason/ref12.C Execution test
FAIL: g++.jason/ref8.C Execution test
FAIL: g++.jason/ref9.C Execution test
FAIL: g++.jason/rvalue1.C Execution test
FAIL: g++.jason/scoping17.C Execution test
FAIL: g++.jason/synth5.C (test for excess errors)
FAIL: g++.jason/synth7.C Execution test
FAIL: g++.jason/template14.C Execution test
FAIL: g++.jason/template15.C Execution test
FAIL: g++.jason/template19.C Execution test
FAIL: g++.jason/template20.C Execution test
FAIL: g++.jason/template24.C Execution test
FAIL: g++.jason/template27.C Execution test
FAIL: g++.jason/template3.C Execution test
FAIL: g++.jason/template34.C Execution test
FAIL: g++.jason/template40.C Execution test
FAIL: g++.jason/template42.C Execution test
FAIL: g++.jason/template44.C (test for excess errors)
FAIL: g++.jason/thunk1.C Execution test
FAIL: g++.jason/thunk2.C Execution test
FAIL: g++.jason/thunk3.C Execution test
FAIL: g++.jason/typedef2.C Execution test
FAIL: g++.jason/typeid1.C Execution test
FAIL: g++.jason/typeid2.C Execution test
FAIL: g++.law/arg8.C Execution test
FAIL: g++.law/arm13.C Execution test
FAIL: g++.law/array1.C Execution test
FAIL: g++.law/builtin1.C Execution test
FAIL: g++.law/code-gen1.C Execution test
FAIL: g++.law/code-gen2.C Execution test
FAIL: g++.law/code-gen4.C Execution test
FAIL: g++.law/code-gen5.C Execution test
FAIL: g++.law/copy1.C Execution test
FAIL: g++.law/ctors15.C Execution test
FAIL: g++.law/ctors16.C (test for excess errors)
FAIL: g++.law/ctors2.C (test for excess errors)
FAIL: g++.law/ctors4.C Execution test
FAIL: g++.law/ctors8.C Execution test
FAIL: g++.law/cvt12.C Execution test
FAIL: g++.law/cvt2.C (test for excess errors)
FAIL: g++.law/cvt4.C Execution test
FAIL: g++.law/dtors2.C Execution test
FAIL: g++.law/dtors3.C Execution test
FAIL: g++.law/dtors4.C Execution test
FAIL: g++.law/dtors5.C Execution test
FAIL: g++.law/global-init1.C Execution test
FAIL: g++.law/init11.C Execution test
FAIL: g++.law/init14.C Execution test
FAIL: g++.law/inline4.C Execution test
FAIL: g++.law/operators16.C Execution test
FAIL: g++.law/operators23.C Execution test
FAIL: g++.law/operators30.C Execution test
FAIL: g++.law/profile1.C (test for excess errors)
FAIL: g++.law/refs1.C Execution test
FAIL: g++.law/scope2.C Execution test
FAIL: g++.law/temps2.C Execution test
FAIL: g++.law/temps3.C Execution test
FAIL: g++.law/temps4.C Execution test
FAIL: g++.law/temps5.C Execution test
FAIL: g++.law/temps6.C Execution test
FAIL: g++.law/virtual2.C Execution test
FAIL: g++.law/virtual3.C Execution test
FAIL: g++.law/virtual4.C Execution test
FAIL: g++.law/visibility17.C private (test for errors, line 35)
FAIL: g++.law/visibility17.C private (test for errors, line 40)
FAIL: g++.law/visibility17.C .* (test for errors, line 46)
FAIL: g++.law/visibility17.C .* (test for errors, line 51)
FAIL: g++.law/visibility17.C (test for excess errors)
FAIL: g++.law/vtable3.C Execution test
FAIL: g++.martin/bitset1.C Execution test
FAIL: g++.martin/conv1.C Execution test
FAIL: g++.martin/overload1.C Execution test
FAIL: g++.martin/pmf1.C Execution test
FAIL: g++.mike/align1.C Execution test
FAIL: g++.mike/align2.C Execution test
FAIL: g++.mike/asm2.C Execution test
FAIL: g++.mike/bool2.C Execution test
FAIL: g++.mike/conv1.C Execution test
FAIL: g++.mike/dyncast7.C Execution test
FAIL: g++.mike/eh13.C Execution test
FAIL: g++.mike/eh14.C Execution test
FAIL: g++.mike/eh18.C Execution test
FAIL: g++.mike/eh2.C Execution test
FAIL: g++.mike/eh53.C Execution test
FAIL: g++.mike/eh56.C Execution test
FAIL: g++.mike/eh59.C Execution test
FAIL: g++.mike/eh7.C Execution test
FAIL: g++.mike/eh9.C Execution test
FAIL: g++.mike/hog1.C Execution test
FAIL: g++.mike/init1.C Execution test
FAIL: g++.mike/mangle3.C Execution test
FAIL: g++.mike/mi1.C Execution test
FAIL: g++.mike/net34.C Execution test
FAIL: g++.mike/net35.C Execution test
FAIL: g++.mike/net38.C Execution test
FAIL: g++.mike/net40.C Execution test
FAIL: g++.mike/net41.C Execution test
FAIL: g++.mike/ns1.C Execution test
FAIL: g++.mike/ns12.C Execution test
FAIL: g++.mike/opr-as1.C Execution test
FAIL: g++.mike/p10849a.C Execution test
FAIL: g++.mike/p16146.C Execution test
FAIL: g++.mike/p2736.C Execution test
FAIL: g++.mike/p4068.C Execution test
FAIL: g++.mike/p4104.C Execution test
FAIL: g++.mike/p4736b.C Execution test
FAIL: g++.mike/p4736c.C Execution test
FAIL: g++.mike/p5718.C Execution test
FAIL: g++.mike/p5958.C Execution test
FAIL: g++.mike/p6311.C Execution test
FAIL: g++.mike/p658.C Execution test
FAIL: g++.mike/p6611.C Execution test
FAIL: g++.mike/p6927.C Execution test
FAIL: g++.mike/p7180.C Execution test
FAIL: g++.mike/p7651.C Execution test
FAIL: g++.mike/p8018.C Execution test
FAIL: g++.mike/p8483.C Execution test
FAIL: g++.mike/p9206.C Execution test
FAIL: g++.mike/p9706.C Execution test
FAIL: g++.mike/p991.C (test for excess errors)
FAIL: g++.mike/pmf9.C Execution test
FAIL: g++.mike/ref1.C Execution test
FAIL: g++.mike/rtti2.C Execution test
FAIL: g++.mike/virt4.C Execution test
FAIL: g++.mike/virt6.C Execution test
FAIL: g++.ns/alias3.C Execution test
FAIL: g++.ns/anon1.C Execution test
FAIL: g++.ns/koenig4.C Execution test
FAIL: g++.ns/koenig7.C Execution test
FAIL: g++.ns/template11.C Execution test
FAIL: g++.ns/template4.C Execution test
FAIL: g++.ns/template9.C Execution test
FAIL: g++.ns/using13.C Execution test
FAIL: g++.ns/using7.C Execution test
FAIL: g++.oliva/thunk1.C Execution test
FAIL: g++.other/align.C (test for excess errors)
FAIL: g++.other/anon2.C Execution test
FAIL: g++.other/array1.C Execution test
FAIL: g++.other/array2.C Execution test
FAIL: g++.other/array6.C Execution test
FAIL: g++.other/badopt1.C Execution test
FAIL: g++.other/call1.C Execution test
FAIL: g++.other/conv4.C Execution test
FAIL: g++.other/conv6.C - distinct types Execution test
FAIL: g++.other/copy1.C Execution test
FAIL: g++.other/copy2.C Execution test
FAIL: g++.other/ctor1.C Execution test
FAIL: g++.other/defarg2.C Execution test
FAIL: g++.other/delete3.C Execution test
FAIL: g++.other/delete6.C Execution test
FAIL: g++.other/delete8.C Execution test
FAIL: g++.other/dtor1.C Execution test
FAIL: g++.other/dtor10.C Execution test
FAIL: g++.other/dtor11.C Execution test
FAIL: g++.other/dtor12.C - const violation Execution test
FAIL: g++.other/dtor5.C Execution test
FAIL: g++.other/dtor9.C Execution test
FAIL: g++.other/empty1.C Execution test
FAIL: g++.other/enum1.C Execution test
FAIL: g++.other/enum4.C Execution test
FAIL: g++.other/externC3.C Execution test
FAIL: g++.other/init1.C Execution test
FAIL: g++.other/init10.C Execution test
WARNING: program timed out.
FAIL: g++.other/inline21.C Execution test
FAIL: g++.other/inline7.C Execution test
FAIL: g++.other/inline8.C Execution test
FAIL: g++.other/local3.C Execution test
FAIL: g++.other/lookup17.C Execution test
FAIL: g++.other/lookup21.C Execution test
FAIL: g++.other/lookup3.C Execution test
FAIL: g++.other/lookup4.C Execution test
FAIL: g++.other/lookup6.C Execution test
FAIL: g++.other/mangle3.C (test for excess errors)
FAIL: g++.other/new3.C Execution test
FAIL: g++.other/new7.C Execution test
FAIL: g++.other/overload1.C Execution test
FAIL: g++.other/overload6.C Execution test
FAIL: g++.other/overload8.C Execution test
FAIL: g++.other/pmf1.C Execution test
FAIL: g++.other/pmf4.C Execution test
FAIL: g++.other/pmf5.C Execution test
FAIL: g++.other/ptrmem10.C Execution test
FAIL: g++.other/ref3.C Execution test
FAIL: g++.other/reload1.C Execution test
FAIL: g++.other/rtti2.C Execution test
FAIL: g++.other/rtti3.C Execution test
FAIL: g++.other/rtti4.C Execution test
FAIL: g++.other/rttid2.C Execution test
FAIL: g++.other/rttid3.C Execution test
FAIL: g++.other/rttid4.C Execution test
FAIL: g++.other/sibcall1.C Execution test
FAIL: g++.other/static15.C Execution test
FAIL: g++.other/std1.C (test for excess errors)
FAIL: g++.other/thunk1.C Execution test
FAIL: g++.other/unchanging1.C Execution test
FAIL: g++.other/using6.C Execution test
FAIL: g++.other/vbase2.C Execution test
FAIL: g++.other/virtual8.C Execution test
FAIL: g++.pt/alignof.C Execution test
FAIL: g++.pt/deduct4.C Execution test
FAIL: g++.pt/deduct7.C Execution test
FAIL: g++.pt/defarg.C Execution test
FAIL: g++.pt/defarg2.C Execution test
FAIL: g++.pt/explarg1.C Execution test
FAIL: g++.pt/explicit40.C Execution test
FAIL: g++.pt/explicit42.C Execution test
FAIL: g++.pt/explicit43.C Execution test
FAIL: g++.pt/explicit50.C Execution test
FAIL: g++.pt/explicit51.C Execution test
FAIL: g++.pt/explicit52.C Execution test
FAIL: g++.pt/explicit53.C Execution test
FAIL: g++.pt/explicit54.C Execution test
FAIL: g++.pt/explicit55.C Execution test
FAIL: g++.pt/explicit56.C Execution test
FAIL: g++.pt/explicit57.C Execution test
FAIL: g++.pt/explicit58.C Execution test
FAIL: g++.pt/explicit59.C Execution test
FAIL: g++.pt/explicit60.C Execution test
FAIL: g++.pt/explicit61.C Execution test
FAIL: g++.pt/explicit62.C Execution test
FAIL: g++.pt/explicit63.C Execution test
FAIL: g++.pt/explicit64.C Execution test
FAIL: g++.pt/explicit65.C Execution test
FAIL: g++.pt/explicit66.C Execution test
FAIL: g++.pt/explicit74.C Execution test
FAIL: g++.pt/expr1.C Execution test
FAIL: g++.pt/fntry1.C Execution test
FAIL: g++.pt/friend1.C Execution test
FAIL: g++.pt/friend10.C Execution test
FAIL: g++.pt/friend12.C Execution test
FAIL: g++.pt/friend13.C Execution test
FAIL: g++.pt/friend4.C Execution test
FAIL: g++.pt/friend5.C Execution test
FAIL: g++.pt/friend6.C Execution test
FAIL: g++.pt/friend7.C Execution test
FAIL: g++.pt/friend8.C Execution test
FAIL: g++.pt/friend9.C Execution test
FAIL: g++.pt/local1.C Execution test
FAIL: g++.pt/local2.C Execution test
FAIL: g++.pt/local3.C Execution test
FAIL: g++.pt/local4.C Execution test
FAIL: g++.pt/local6.C Execution test
FAIL: g++.pt/lookup3.C Execution test
FAIL: g++.pt/memclass1.C Execution test
FAIL: g++.pt/memclass2.C Execution test
FAIL: g++.pt/memclass3.C Execution test
FAIL: g++.pt/memclass5.C Execution test
FAIL: g++.pt/memclass7.C Execution test
FAIL: g++.pt/memtemp28.C Execution test
FAIL: g++.pt/memtemp63.C Execution test
FAIL: g++.pt/memtemp67.C Execution test
FAIL: g++.pt/memtemp69.C Execution test
FAIL: g++.pt/memtemp73.C Execution test
FAIL: g++.pt/memtemp77.C (test for excess errors)
FAIL: g++.pt/memtemp96.C Execution test
FAIL: g++.pt/nttp1.C Execution test
FAIL: g++.pt/nttp2.C Execution test
FAIL: g++.pt/overload1.C Execution test
FAIL: g++.pt/overload12.C Execution test
FAIL: g++.pt/overload6.C Execution test
FAIL: g++.pt/partial3.C Execution test
FAIL: g++.pt/ptrmem2.C Execution test
FAIL: g++.pt/ref3.C Execution test
FAIL: g++.pt/sizeof.C Execution test
FAIL: g++.pt/sizeof2.C Execution test
FAIL: g++.pt/sizeof3.C Execution test
FAIL: g++.pt/spec10.C Execution test
FAIL: g++.pt/spec11.C Execution test
FAIL: g++.pt/spec12.C Execution test
FAIL: g++.pt/spec13.C Execution test
FAIL: g++.pt/spec15.C Execution test
FAIL: g++.pt/spec29.C Execution test
FAIL: g++.pt/spec3.C Execution test
FAIL: g++.pt/spec30.C Execution test
FAIL: g++.pt/spec7.C Execution test
FAIL: g++.pt/spec8.C Execution test
FAIL: g++.pt/static1.C Execution test
FAIL: g++.pt/static3.C (test for excess errors)
FAIL: g++.pt/static6.C (test for excess errors)
FAIL: g++.pt/stmtexpr.C Execution test
FAIL: g++.pt/ttp11.C Execution test
FAIL: g++.pt/ttp12.C Execution test
FAIL: g++.pt/ttp13.C Execution test
FAIL: g++.pt/ttp14.C Execution test
FAIL: g++.pt/ttp15.C Execution test
FAIL: g++.pt/ttp16.C Execution test
FAIL: g++.pt/ttp17.C Execution test
FAIL: g++.pt/ttp18.C Execution test
FAIL: g++.pt/ttp19.C Execution test
FAIL: g++.pt/ttp20.C Execution test
FAIL: g++.pt/ttp21.C Execution test
FAIL: g++.pt/ttp22.C Execution test
FAIL: g++.pt/ttp23.C Execution test
FAIL: g++.pt/ttp24.C Execution test
FAIL: g++.pt/ttp25.C Execution test
FAIL: g++.pt/ttp26.C Execution test
FAIL: g++.pt/ttp27.C Execution test
FAIL: g++.pt/ttp28.C Execution test
FAIL: g++.pt/ttp29.C Execution test
FAIL: g++.pt/ttp30.C Execution test
FAIL: g++.pt/ttp31.C Execution test
FAIL: g++.pt/ttp32.C Execution test
FAIL: g++.pt/ttp33.C Execution test
FAIL: g++.pt/ttp34.C Execution test
FAIL: g++.pt/ttp35.C Execution test
FAIL: g++.pt/ttp36.C Execution test
FAIL: g++.pt/ttp37.C Execution test
FAIL: g++.pt/ttp38.C Execution test
FAIL: g++.pt/ttp39.C Execution test
FAIL: g++.pt/ttp40.C Execution test
FAIL: g++.pt/ttp41.C Execution test
FAIL: g++.pt/ttp42.C Execution test
FAIL: g++.pt/ttp47.C Execution test
FAIL: g++.pt/ttp48.C Execution test
FAIL: g++.pt/ttp50.C Execution test
FAIL: g++.pt/ttp51.C Execution test
FAIL: g++.pt/ttp6.C Execution test
FAIL: g++.pt/ttp8.C Execution test
FAIL: g++.pt/ttp9.C Execution test
FAIL: g++.pt/vaarg.C Execution test
FAIL: g++.pt/vbase1.C Execution test
FAIL: g++.pt/virtual1.C Execution test
FAIL: g++.pt/virtual4.C Execution test
FAIL: g++.robertl/eb104.C (test for excess errors)
FAIL: g++.robertl/eb114.C (test for excess errors)
FAIL: g++.robertl/eb115.C Execution test
FAIL: g++.robertl/eb126.C (test for excess errors)
FAIL: g++.robertl/eb27.C Execution test
FAIL: g++.robertl/eb33.C Execution test
FAIL: g++.robertl/eb39.C (test for excess errors)
FAIL: g++.robertl/eb41.C Execution test
FAIL: g++.robertl/eb58.C Execution test
FAIL: g++.robertl/eb59.C Execution test
FAIL: g++.robertl/eb63.C Execution test
FAIL: g++.robertl/eb65.C Execution test
FAIL: g++.robertl/eb66.C Execution test
FAIL: g++.robertl/eb73.C Execution test
FAIL: g++.robertl/eb77.C Execution test
FAIL: g++.robertl/eb83.C Execution test
FAIL: g++.robertl/eb84.C Execution test
FAIL: g++.robertl/eb88.C Execution test
FAIL: g++.robertl/eb95.C Execution test
=== g++ Summary ===
# of expected passes 6636
# of unexpected failures 426
# of expected failures 103
# of untested testcases 23
# of unsupported tests 4
/xxx/gnu/gcc-3.1/objdir/gcc/testsuite/../g++ version 3.1 20020414 (prerelease)
=== g77 tests ===
Running target unix
FAIL: g77.dg/ftypeless-boz.f execution test
FAIL: g77.f-torture/compile/19990305-0.f, -O3 -g
FAIL: g77.f-torture/compile/19990419-0.f, -O3 -g
FAIL: g77.f-torture/compile/19990905-0.f, -O3 -g
FAIL: g77.f-torture/compile/19990905-2.f, -O3 -g
FAIL: g77.f-torture/compile/20010519-1.f, -O3 -g
FAIL: g77.f-torture/compile/980310-2.f, -O3 -g
FAIL: g77.f-torture/compile/980519-2.f, -O3 -g
FAIL: g77.f-torture/execute/19990313-0.f execution, -O0
FAIL: g77.f-torture/execute/19990313-0.f execution, -O1
FAIL: g77.f-torture/execute/19990313-0.f execution, -O2
FAIL: g77.f-torture/execute/19990313-0.f execution, -O3 -fomit-frame-pointer
FAIL: g77.f-torture/execute/19990313-0.f execution, -O3 -g
FAIL: g77.f-torture/execute/19990313-0.f execution, -Os
FAIL: g77.f-torture/execute/19990313-2.f execution, -O0
FAIL: g77.f-torture/execute/19990313-2.f execution, -O1
FAIL: g77.f-torture/execute/19990313-2.f execution, -O2
FAIL: g77.f-torture/execute/19990313-2.f execution, -O3 -fomit-frame-pointer
FAIL: g77.f-torture/execute/19990313-2.f execution, -O3 -g
FAIL: g77.f-torture/execute/19990313-2.f execution, -Os
FAIL: g77.f-torture/execute/19990325-0.f compilation, -O0
FAIL: g77.f-torture/execute/19990325-0.f compilation, -O1
FAIL: g77.f-torture/execute/19990325-0.f compilation, -O2
FAIL: g77.f-torture/execute/19990325-0.f compilation, -O3 -fomit-frame-pointer
FAIL: g77.f-torture/execute/19990325-0.f compilation, -O3 -g
FAIL: g77.f-torture/execute/19990325-0.f compilation, -Os
FAIL: g77.f-torture/execute/19990826-2.f execution, -O0
FAIL: g77.f-torture/execute/19990826-2.f execution, -O1
FAIL: g77.f-torture/execute/19990826-2.f execution, -O2
FAIL: g77.f-torture/execute/19990826-2.f execution, -O3 -fomit-frame-pointer
FAIL: g77.f-torture/execute/19990826-2.f execution, -O3 -g
FAIL: g77.f-torture/execute/19990826-2.f execution, -Os
FAIL: g77.f-torture/execute/20010116.f compilation, -O0
FAIL: g77.f-torture/execute/20010116.f compilation, -O1
FAIL: g77.f-torture/execute/20010116.f compilation, -O2
FAIL: g77.f-torture/execute/20010116.f compilation, -O3 -fomit-frame-pointer
FAIL: g77.f-torture/execute/20010116.f compilation, -O3 -fomit-frame-pointer -funroll-loops
FAIL: g77.f-torture/execute/20010116.f compilation, -O3 -fomit-frame-pointer -funroll-all-loops -finline-functions
FAIL: g77.f-torture/execute/20010116.f compilation, -O3 -g
FAIL: g77.f-torture/execute/20010116.f compilation, -Os
FAIL: g77.f-torture/execute/947.f execution, -O0
FAIL: g77.f-torture/execute/947.f execution, -O1
FAIL: g77.f-torture/execute/947.f execution, -O2
FAIL: g77.f-torture/execute/947.f execution, -O3 -fomit-frame-pointer
FAIL: g77.f-torture/execute/947.f execution, -O3 -g
FAIL: g77.f-torture/execute/947.f execution, -Os
FAIL: g77.f-torture/execute/970625-2.f execution, -O0
FAIL: g77.f-torture/execute/970625-2.f execution, -O1
FAIL: g77.f-torture/execute/970625-2.f execution, -O2
FAIL: g77.f-torture/execute/970625-2.f execution, -O3 -fomit-frame-pointer
FAIL: g77.f-torture/execute/970625-2.f execution, -O3 -fomit-frame-pointer -funroll-loops
FAIL: g77.f-torture/execute/970625-2.f execution, -O3 -fomit-frame-pointer -funroll-all-loops -finline-functions
FAIL: g77.f-torture/execute/970625-2.f execution, -O3 -g
FAIL: g77.f-torture/execute/970625-2.f execution, -Os
FAIL: g77.f-torture/execute/980628-4.f execution, -O0
FAIL: g77.f-torture/execute/980628-4.f execution, -O1
FAIL: g77.f-torture/execute/980628-4.f execution, -O2
FAIL: g77.f-torture/execute/980628-4.f execution, -O3 -fomit-frame-pointer
FAIL: g77.f-torture/execute/980628-4.f execution, -O3 -g
FAIL: g77.f-torture/execute/980628-4.f execution, -Os
FAIL: g77.f-torture/execute/cabs.f execution, -O0
FAIL: g77.f-torture/execute/cabs.f execution, -O1
FAIL: g77.f-torture/execute/cabs.f execution, -O2
FAIL: g77.f-torture/execute/cabs.f execution, -O3 -fomit-frame-pointer
FAIL: g77.f-torture/execute/cabs.f execution, -O3 -g
FAIL: g77.f-torture/execute/cabs.f execution, -Os
WARNING: program timed out.
FAIL: g77.f-torture/execute/complex_1.f execution, -O0
WARNING: program timed out.
FAIL: g77.f-torture/execute/complex_1.f execution, -O1
WARNING: program timed out.
FAIL: g77.f-torture/execute/complex_1.f execution, -O2
WARNING: program timed out.
FAIL: g77.f-torture/execute/complex_1.f execution, -O3 -fomit-frame-pointer
WARNING: program timed out.
FAIL: g77.f-torture/execute/complex_1.f execution, -O3 -g
WARNING: program timed out.
FAIL: g77.f-torture/execute/complex_1.f execution, -Os
FAIL: g77.f-torture/execute/f90-intrinsic-bit.f compilation, -O3 -g
WARNING: program timed out.
FAIL: g77.f-torture/execute/f90-intrinsic-bit.f compilation, -Os
WARNING: program timed out.
FAIL: g77.f-torture/execute/f90-intrinsic-mathematical.f execution, -O0
WARNING: program timed out.
FAIL: g77.f-torture/execute/f90-intrinsic-mathematical.f execution, -O1
WARNING: program timed out.
FAIL: g77.f-torture/execute/f90-intrinsic-mathematical.f execution, -O2
WARNING: program timed out.
FAIL: g77.f-torture/execute/f90-intrinsic-mathematical.f execution, -O3 -fomit-frame-pointer
FAIL: g77.f-torture/execute/f90-intrinsic-mathematical.f compilation, -O3 -g
WARNING: program timed out.
FAIL: g77.f-torture/execute/f90-intrinsic-mathematical.f execution, -Os
FAIL: g77.f-torture/execute/f90-intrinsic-numeric.f execution, -O0
FAIL: g77.f-torture/execute/f90-intrinsic-numeric.f execution, -O1
FAIL: g77.f-torture/execute/f90-intrinsic-numeric.f execution, -O2
FAIL: g77.f-torture/execute/f90-intrinsic-numeric.f execution, -O3 -fomit-frame-pointer
FAIL: g77.f-torture/execute/f90-intrinsic-numeric.f compilation, -O3 -g
FAIL: g77.f-torture/execute/f90-intrinsic-numeric.f execution, -Os
FAIL: g77.f-torture/execute/intrinsic-f2c-z.f compilation, -O3 -g
FAIL: g77.f-torture/execute/intrinsic-unix-bessel.f compilation, -O3 -g
FAIL: g77.f-torture/execute/intrinsic-unix-erf.f compilation, -O3 -g
FAIL: g77.f-torture/execute/intrinsic-vax-cd.f compilation, -O3 -g
FAIL: g77.f-torture/execute/intrinsic77.f compilation, -O0
FAIL: g77.f-torture/execute/intrinsic77.f compilation, -O1
FAIL: g77.f-torture/execute/intrinsic77.f compilation, -O2
WARNING: program timed out.
FAIL: g77.f-torture/execute/intrinsic77.f compilation, -O3 -fomit-frame-pointer
WARNING: program timed out.
FAIL: g77.f-torture/execute/intrinsic77.f compilation, -O3 -g
FAIL: g77.f-torture/execute/intrinsic77.f compilation, -Os
FAIL: g77.f-torture/execute/io0.f execution, -O0
FAIL: g77.f-torture/execute/io0.f execution, -O1
FAIL: g77.f-torture/execute/io0.f execution, -O2
FAIL: g77.f-torture/execute/io0.f execution, -O3 -fomit-frame-pointer
FAIL: g77.f-torture/execute/io0.f execution, -O3 -g
FAIL: g77.f-torture/execute/io0.f execution, -Os
FAIL: g77.f-torture/execute/labug1.f compilation, -O0
FAIL: g77.f-torture/execute/labug1.f compilation, -O1
FAIL: g77.f-torture/execute/labug1.f compilation, -O2
FAIL: g77.f-torture/execute/labug1.f compilation, -O3 -fomit-frame-pointer
FAIL: g77.f-torture/execute/labug1.f compilation, -O3 -fomit-frame-pointer -funroll-loops
FAIL: g77.f-torture/execute/labug1.f compilation, -O3 -fomit-frame-pointer -funroll-all-loops -finline-functions
FAIL: g77.f-torture/execute/labug1.f compilation, -O3 -g
FAIL: g77.f-torture/execute/labug1.f compilation, -Os
FAIL: g77.f-torture/execute/short.f compilation, -O3 -g
=== g77 Summary ===
# of expected passes 1304
# of unexpected failures 111
# of untested testcases 37
# of unsupported tests 8
/xxx/gnu/gcc-3.1/objdir/gcc/testsuite/../g77 version 3.1 20020414 (prerelease)
=== gcc tests ===
Running target unix
FAIL: gcc.c-torture/compile/20000412-2.c, -O0
FAIL: gcc.c-torture/compile/20000802-1.c, -O0
FAIL: gcc.c-torture/compile/20001024-1.c, -O0
WARNING: program timed out.
FAIL: gcc.c-torture/compile/20001226-1.c, -O0
FAIL: gcc.c-torture/compile/20001226-1.c, -O1
WARNING: program timed out.
FAIL: gcc.c-torture/compile/20001226-1.c, -O2
WARNING: program timed out.
FAIL: gcc.c-torture/compile/20001226-1.c, -O3 -fomit-frame-pointer
WARNING: program timed out.
FAIL: gcc.c-torture/compile/20001226-1.c, -O3 -g
WARNING: program timed out.
FAIL: gcc.c-torture/compile/20001226-1.c, -Os
FAIL: gcc.c-torture/compile/20010328-1.c, -O0
FAIL: gcc.c-torture/compile/20010525-1.c, -O0
FAIL: gcc.c-torture/compile/900313-1.c, -O0
FAIL: gcc.c-torture/compile/920617-1.c, -O0
FAIL: gcc.c-torture/compile/920625-2.c, -O0
FAIL: gcc.c-torture/compile/920723-1.c, -O0
FAIL: gcc.c-torture/compile/920809-1.c, -O0
FAIL: gcc.c-torture/compile/921203-1.c, -O0
FAIL: gcc.c-torture/compile/921206-1.c, -O0
FAIL: gcc.c-torture/compile/930111-1.c, -O0
FAIL: gcc.c-torture/compile/930529-1.c, -O0
FAIL: gcc.c-torture/compile/981007-1.c, -O0
FAIL: gcc.c-torture/compile/990517-1.c, -O0
FAIL: gcc.c-torture/compile/990625-1.c, -O0
FAIL: gcc.c-torture/compile/991202-1.c, -O0
FAIL: gcc.c-torture/execute/20000112-1.c compilation, -O0
UNRESOLVED: gcc.c-torture/execute/20000112-1.c execution, -O0
FAIL: gcc.c-torture/execute/20000910-2.c compilation, -O0
UNRESOLVED: gcc.c-torture/execute/20000910-2.c execution, -O0
FAIL: gcc.c-torture/execute/20001011-1.c compilation, -O0
UNRESOLVED: gcc.c-torture/execute/20001011-1.c execution, -O0
FAIL: gcc.c-torture/execute/20001203-2.c compilation, -O0
UNRESOLVED: gcc.c-torture/execute/20001203-2.c execution, -O0
FAIL: gcc.c-torture/execute/20010122-1.c compilation, -O0
UNRESOLVED: gcc.c-torture/execute/20010122-1.c execution, -O0
FAIL: gcc.c-torture/execute/20010409-1.c compilation, -O0
UNRESOLVED: gcc.c-torture/execute/20010409-1.c execution, -O0
FAIL: gcc.c-torture/execute/20010915-1.c compilation, -O0
UNRESOLVED: gcc.c-torture/execute/20010915-1.c execution, -O0
FAIL: gcc.c-torture/execute/20010925-1.c compilation, -O0
UNRESOLVED: gcc.c-torture/execute/20010925-1.c execution, -O0
FAIL: gcc.c-torture/execute/20011024-1.c compilation, -O0
UNRESOLVED: gcc.c-torture/execute/20011024-1.c execution, -O0
FAIL: gcc.c-torture/execute/20011113-1.c compilation, -O0
UNRESOLVED: gcc.c-torture/execute/20011113-1.c execution, -O0
FAIL: gcc.c-torture/execute/20020227-1.c execution, -O0
FAIL: gcc.c-torture/execute/20020227-1.c execution, -O1
FAIL: gcc.c-torture/execute/20020227-1.c execution, -O2
FAIL: gcc.c-torture/execute/20020227-1.c execution, -O3 -fomit-frame-pointer
FAIL: gcc.c-torture/execute/20020227-1.c execution, -O3 -g
FAIL: gcc.c-torture/execute/20020227-1.c execution, -Os
FAIL: gcc.c-torture/execute/20020314-1.c compilation, -O0
UNRESOLVED: gcc.c-torture/execute/20020314-1.c execution, -O0
FAIL: gcc.c-torture/execute/920302-1.c compilation, -O0
UNRESOLVED: gcc.c-torture/execute/920302-1.c execution, -O0
FAIL: gcc.c-torture/execute/920501-8.c compilation, -O0
UNRESOLVED: gcc.c-torture/execute/920501-8.c execution, -O0
FAIL: gcc.c-torture/execute/920501-9.c compilation, -O0
UNRESOLVED: gcc.c-torture/execute/920501-9.c execution, -O0
FAIL: gcc.c-torture/execute/920726-1.c compilation, -O0
UNRESOLVED: gcc.c-torture/execute/920726-1.c execution, -O0
FAIL: gcc.c-torture/execute/920810-1.c compilation, -O0
UNRESOLVED: gcc.c-torture/execute/920810-1.c execution, -O0
FAIL: gcc.c-torture/execute/921006-1.c compilation, -O0
UNRESOLVED: gcc.c-torture/execute/921006-1.c execution, -O0
FAIL: gcc.c-torture/execute/921113-1.c execution, -O0
FAIL: gcc.c-torture/execute/921113-1.c execution, -O1
FAIL: gcc.c-torture/execute/921113-1.c execution, -O2
FAIL: gcc.c-torture/execute/921113-1.c execution, -O3 -fomit-frame-pointer
FAIL: gcc.c-torture/execute/921113-1.c execution, -O3 -g
FAIL: gcc.c-torture/execute/921113-1.c execution, -Os
FAIL: gcc.c-torture/execute/921117-1.c compilation, -O0
UNRESOLVED: gcc.c-torture/execute/921117-1.c execution, -O0
FAIL: gcc.c-torture/execute/930725-1.c compilation, -O0
UNRESOLVED: gcc.c-torture/execute/930725-1.c execution, -O0
FAIL: gcc.c-torture/execute/941202-1.c compilation, -O0
UNRESOLVED: gcc.c-torture/execute/941202-1.c execution, -O0
FAIL: gcc.c-torture/execute/950221-1.c compilation, -O0
UNRESOLVED: gcc.c-torture/execute/950221-1.c execution, -O0
FAIL: gcc.c-torture/execute/950426-1.c compilation, -O0
UNRESOLVED: gcc.c-torture/execute/950426-1.c execution, -O0
FAIL: gcc.c-torture/execute/980506-3.c compilation, -O0
UNRESOLVED: gcc.c-torture/execute/980506-3.c execution, -O0
FAIL: gcc.c-torture/execute/980707-1.c compilation, -O0
UNRESOLVED: gcc.c-torture/execute/980707-1.c execution, -O0
FAIL: gcc.c-torture/execute/990513-1.c compilation, -O0
UNRESOLVED: gcc.c-torture/execute/990513-1.c execution, -O0
FAIL: gcc.c-torture/execute/990628-1.c compilation, -O0
UNRESOLVED: gcc.c-torture/execute/990628-1.c execution, -O0
FAIL: gcc.c-torture/execute/align-2.c execution, -O0
FAIL: gcc.c-torture/execute/align-2.c execution, -O1
FAIL: gcc.c-torture/execute/align-2.c execution, -O2
FAIL: gcc.c-torture/execute/align-2.c execution, -O3 -fomit-frame-pointer
FAIL: gcc.c-torture/execute/align-2.c execution, -O3 -g
FAIL: gcc.c-torture/execute/align-2.c execution, -Os
FAIL: gcc.c-torture/execute/built-in-setjmp.c compilation, -O0
UNRESOLVED: gcc.c-torture/execute/built-in-setjmp.c execution, -O0
FAIL: gcc.c-torture/execute/builtin-complex-1.c execution, -O0
FAIL: gcc.c-torture/execute/builtin-complex-1.c execution, -O1
FAIL: gcc.c-torture/execute/builtin-complex-1.c execution, -O2
FAIL: gcc.c-torture/execute/builtin-complex-1.c execution, -O3 -fomit-frame-pointer
FAIL: gcc.c-torture/execute/builtin-complex-1.c execution, -O3 -g
FAIL: gcc.c-torture/execute/builtin-complex-1.c execution, -Os
FAIL: gcc.c-torture/execute/complex-5.c execution, -O0
FAIL: gcc.c-torture/execute/complex-5.c execution, -O1
FAIL: gcc.c-torture/execute/complex-5.c execution, -O2
FAIL: gcc.c-torture/execute/complex-5.c execution, -O3 -fomit-frame-pointer
FAIL: gcc.c-torture/execute/complex-5.c execution, -O3 -g
FAIL: gcc.c-torture/execute/complex-5.c execution, -Os
FAIL: gcc.c-torture/execute/loop-2c.c execution, -O2
FAIL: gcc.c-torture/execute/loop-2c.c execution, -Os
FAIL: gcc.c-torture/execute/loop-2d.c execution, -O2
FAIL: gcc.c-torture/execute/loop-2d.c execution, -Os
FAIL: gcc.c-torture/execute/loop-3c.c execution, -O2
FAIL: gcc.c-torture/execute/loop-3c.c execution, -O3 -fomit-frame-pointer
FAIL: gcc.c-torture/execute/loop-3c.c execution, -O3 -fomit-frame-pointer -funroll-loops
FAIL: gcc.c-torture/execute/loop-3c.c execution, -O3 -fomit-frame-pointer -funroll-all-loops -finline-functions
FAIL: gcc.c-torture/execute/loop-3c.c execution, -O3 -g
FAIL: gcc.c-torture/execute/loop-3c.c execution, -Os
FAIL: gcc.c-torture/execute/memcpy-1.c compilation, -O0
UNRESOLVED: gcc.c-torture/execute/memcpy-1.c execution, -O0
FAIL: gcc.c-torture/execute/memcpy-bi.c compilation, -O0
UNRESOLVED: gcc.c-torture/execute/memcpy-bi.c execution, -O0
FAIL: gcc.c-torture/execute/stdio-opt-1.c compilation, -O0
UNRESOLVED: gcc.c-torture/execute/stdio-opt-1.c execution, -O0
FAIL: gcc.c-torture/execute/string-opt-1.c compilation, -O0
UNRESOLVED: gcc.c-torture/execute/string-opt-1.c execution, -O0
FAIL: gcc.c-torture/execute/string-opt-10.c compilation, -O0
UNRESOLVED: gcc.c-torture/execute/string-opt-10.c execution, -O0
FAIL: gcc.c-torture/execute/string-opt-11.c compilation, -O0
UNRESOLVED: gcc.c-torture/execute/string-opt-11.c execution, -O0
FAIL: gcc.c-torture/execute/string-opt-12.c compilation, -O0
UNRESOLVED: gcc.c-torture/execute/string-opt-12.c execution, -O0
FAIL: gcc.c-torture/execute/string-opt-13.c compilation, -O0
UNRESOLVED: gcc.c-torture/execute/string-opt-13.c execution, -O0
FAIL: gcc.c-torture/execute/string-opt-14.c compilation, -O0
UNRESOLVED: gcc.c-torture/execute/string-opt-14.c execution, -O0
FAIL: gcc.c-torture/execute/string-opt-15.c compilation, -O0
UNRESOLVED: gcc.c-torture/execute/string-opt-15.c execution, -O0
FAIL: gcc.c-torture/execute/string-opt-16.c compilation, -O0
UNRESOLVED: gcc.c-torture/execute/string-opt-16.c execution, -O0
FAIL: gcc.c-torture/execute/string-opt-2.c compilation, -O0
UNRESOLVED: gcc.c-torture/execute/string-opt-2.c execution, -O0
FAIL: gcc.c-torture/execute/string-opt-3.c compilation, -O0
UNRESOLVED: gcc.c-torture/execute/string-opt-3.c execution, -O0
FAIL: gcc.c-torture/execute/string-opt-4.c compilation, -O0
UNRESOLVED: gcc.c-torture/execute/string-opt-4.c execution, -O0
FAIL: gcc.c-torture/execute/string-opt-5.c compilation, -O0
UNRESOLVED: gcc.c-torture/execute/string-opt-5.c execution, -O0
FAIL: gcc.c-torture/execute/string-opt-6.c compilation, -O0
UNRESOLVED: gcc.c-torture/execute/string-opt-6.c execution, -O0
FAIL: gcc.c-torture/execute/string-opt-7.c compilation, -O0
UNRESOLVED: gcc.c-torture/execute/string-opt-7.c execution, -O0
FAIL: gcc.c-torture/execute/string-opt-8.c compilation, -O0
UNRESOLVED: gcc.c-torture/execute/string-opt-8.c execution, -O0
FAIL: gcc.c-torture/execute/string-opt-9.c compilation, -O0
UNRESOLVED: gcc.c-torture/execute/string-opt-9.c execution, -O0
FAIL: gcc.c-torture/execute/struct-ret-1.c compilation, -O0
UNRESOLVED: gcc.c-torture/execute/struct-ret-1.c execution, -O0
FAIL: gcc.c-torture/execute/va-arg-10.c compilation, -O0
UNRESOLVED: gcc.c-torture/execute/va-arg-10.c execution, -O0
FAIL: gcc.c-torture/execute/va-arg-2.c compilation, -O0
UNRESOLVED: gcc.c-torture/execute/va-arg-2.c execution, -O0
FAIL: gcc.c-torture/execute/va-arg-3.c compilation, -O0
UNRESOLVED: gcc.c-torture/execute/va-arg-3.c execution, -O0
FAIL: gcc.c-torture/execute/va-arg-9.c compilation, -O0
UNRESOLVED: gcc.c-torture/execute/va-arg-9.c execution, -O0
FAIL: gcc.c-torture/unsorted/memtst.c, -O0
FAIL: gcc.dg/cpp/19990407-1.c (test for excess errors)
WARNING: gcc.dg/cpp/19990407-1.c compilation failed to produce executable
FAIL: gcc.dg/cpp/20000625-2.c (test for excess errors)
WARNING: gcc.dg/cpp/20000625-2.c compilation failed to produce executable
FAIL: gcc.dg/cpp/digraphs.c (test for excess errors)
WARNING: gcc.dg/cpp/digraphs.c compilation failed to produce executable
FAIL: gcc.dg/cpp/lexstrng.c (test for excess errors)
WARNING: gcc.dg/cpp/lexstrng.c compilation failed to produce executable
FAIL: gcc.dg/cpp/macro1.c (test for excess errors)
WARNING: gcc.dg/cpp/macro1.c compilation failed to produce executable
FAIL: gcc.dg/cpp/paste2.c (test for excess errors)
WARNING: gcc.dg/cpp/paste2.c compilation failed to produce executable
FAIL: gcc.dg/cpp/paste9.c (test for excess errors)
WARNING: gcc.dg/cpp/paste9.c compilation failed to produce executable
FAIL: gcc.dg/cpp/strify2.c (test for excess errors)
WARNING: gcc.dg/cpp/strify2.c compilation failed to produce executable
FAIL: gcc.dg/cpp/strify3.c (test for excess errors)
WARNING: gcc.dg/cpp/strify3.c compilation failed to produce executable
FAIL: gcc.dg/cpp/strp1.c (test for excess errors)
WARNING: gcc.dg/cpp/strp1.c compilation failed to produce executable
FAIL: gcc.dg/cpp/strp2.c (test for excess errors)
WARNING: gcc.dg/cpp/strp2.c compilation failed to produce executable
FAIL: gcc.dg/cpp/vararg1.c (test for excess errors)
WARNING: gcc.dg/cpp/vararg1.c compilation failed to produce executable
FAIL: gcc.dg/cpp/wchar-1.c execution test
FAIL: gcc.dg/20020304-1.c (test for excess errors)
FAIL: gcc.dg/c90-digraph-1.c (test for excess errors)
WARNING: gcc.dg/c90-digraph-1.c compilation failed to produce executable
FAIL: gcc.dg/c90-hexfloat-2.c (test for excess errors)
WARNING: gcc.dg/c90-hexfloat-2.c compilation failed to produce executable
FAIL: gcc.dg/c90-impl-decl-1.c (test for excess errors)
FAIL: gcc.dg/c94-digraph-1.c (test for excess errors)
WARNING: gcc.dg/c94-digraph-1.c compilation failed to produce executable
FAIL: gcc.dg/c99-bool-1.c (test for excess errors)
WARNING: gcc.dg/c99-bool-1.c compilation failed to produce executable
FAIL: gcc.dg/c99-digraph-1.c (test for excess errors)
WARNING: gcc.dg/c99-digraph-1.c compilation failed to produce executable
FAIL: gcc.dg/c99-float-1.c (test for excess errors)
FAIL: gcc.dg/c99-func-1.c (test for excess errors)
WARNING: gcc.dg/c99-func-1.c compilation failed to produce executable
FAIL: gcc.dg/c99-hexfloat-2.c (test for excess errors)
WARNING: gcc.dg/c99-hexfloat-2.c compilation failed to produce executable
FAIL: gcc.dg/c99-impl-decl-1.c (test for excess errors)
FAIL: gcc.dg/c99-init-1.c (test for excess errors)
WARNING: gcc.dg/c99-init-1.c compilation failed to produce executable
WARNING: program timed out.
FAIL: gcc.dg/gnu99-init-1.c (test for excess errors)
WARNING: gcc.dg/gnu99-init-1.c compilation failed to produce executable
FAIL: gcc.dg/wchar_t-1.c (test for excess errors)
FAIL: gcc.dg/weak-1.c scan-assembler weak[^ ]*[ ]_?a
FAIL: gcc.dg/weak-1.c scan-assembler weak[^ ]*[ ]_?b
FAIL: gcc.dg/weak-1.c scan-assembler weak[^ ]*[ ]_?c
FAIL: gcc.dg/weak-1.c scan-assembler weak[^ ]*[ ]_?d
FAIL: gcc.dg/weak-1.c scan-assembler weak[^ ]*[ ]_?e
FAIL: gcc.dg/weak-1.c scan-assembler weak[^ ]*[ ]_?g
FAIL: gcc.dg/weak-1.c scan-assembler weak[^ ]*[ ]_?j
FAIL: gcc.dg/wint_t-1.c (test for excess errors)
FAIL: gcc.dg/noncompile/20020213-1.c (test for excess errors)
FAIL: gcc.dg/noncompile/990416-1.c (test for excess errors)
FAIL: gcc.dg/special/weak-1.c (test for excess errors)
WARNING: gcc.dg/special/weak-1.c compilation failed to produce executable
FAIL: weak-2a.o
FAIL: wkali-2a.o
FAIL: gcc.dg/special/gcsec-1.c (test for excess errors)
FAIL: gcc.misc-tests/gcov-4b.c gcov: 309: expected branch percentages not found: 25
WARNING: program timed out.
FAIL: gcc.misc-tests/gcov-5b.c execution test
=== gcc Summary ===
# of expected passes 17456
# of unexpected failures 159
# of expected failures 62
# of unresolved testcases 51
# of unsupported tests 119
/xxx/gnu/gcc-3.1/objdir/gcc/xgcc version 3.1 20020414 (prerelease)
=== objc tests ===
Running target unix
FAIL: objc/execute/IMP.m compilation, -O0
UNRESOLVED: objc/execute/IMP.m execution, -O0
FAIL: objc/execute/_cmd.m compilation, -O0
UNRESOLVED: objc/execute/_cmd.m execution, -O0
FAIL: objc/execute/accessing_ivars.m compilation, -O0
UNRESOLVED: objc/execute/accessing_ivars.m execution, -O0
FAIL: objc/execute/bf-1.m compilation, -O0
UNRESOLVED: objc/execute/bf-1.m execution, -O0
FAIL: objc/execute/bf-10.m compilation, -O0
UNRESOLVED: objc/execute/bf-10.m execution, -O0
FAIL: objc/execute/bf-11.m compilation, -O0
UNRESOLVED: objc/execute/bf-11.m execution, -O0
FAIL: objc/execute/bf-12.m compilation, -O0
UNRESOLVED: objc/execute/bf-12.m execution, -O0
FAIL: objc/execute/bf-13.m compilation, -O0
UNRESOLVED: objc/execute/bf-13.m execution, -O0
FAIL: objc/execute/bf-14.m compilation, -O0
UNRESOLVED: objc/execute/bf-14.m execution, -O0
FAIL: objc/execute/bf-15.m compilation, -O0
UNRESOLVED: objc/execute/bf-15.m execution, -O0
FAIL: objc/execute/bf-16.m compilation, -O0
UNRESOLVED: objc/execute/bf-16.m execution, -O0
FAIL: objc/execute/bf-17.m compilation, -O0
UNRESOLVED: objc/execute/bf-17.m execution, -O0
FAIL: objc/execute/bf-18.m compilation, -O0
UNRESOLVED: objc/execute/bf-18.m execution, -O0
FAIL: objc/execute/bf-19.m compilation, -O0
UNRESOLVED: objc/execute/bf-19.m execution, -O0
FAIL: objc/execute/bf-2.m compilation, -O0
UNRESOLVED: objc/execute/bf-2.m execution, -O0
FAIL: objc/execute/bf-20.m compilation, -O0
UNRESOLVED: objc/execute/bf-20.m execution, -O0
FAIL: objc/execute/bf-21.m compilation, -O0
UNRESOLVED: objc/execute/bf-21.m execution, -O0
FAIL: objc/execute/bf-3.m compilation, -O0
UNRESOLVED: objc/execute/bf-3.m execution, -O0
FAIL: objc/execute/bf-4.m compilation, -O0
UNRESOLVED: objc/execute/bf-4.m execution, -O0
FAIL: objc/execute/bf-5.m compilation, -O0
UNRESOLVED: objc/execute/bf-5.m execution, -O0
FAIL: objc/execute/bf-6.m compilation, -O0
UNRESOLVED: objc/execute/bf-6.m execution, -O0
FAIL: objc/execute/bf-7.m compilation, -O0
UNRESOLVED: objc/execute/bf-7.m execution, -O0
FAIL: objc/execute/bf-8.m compilation, -O0
UNRESOLVED: objc/execute/bf-8.m execution, -O0
FAIL: objc/execute/bf-9.m compilation, -O0
UNRESOLVED: objc/execute/bf-9.m execution, -O0
FAIL: objc/execute/bycopy-1.m compilation, -O0
UNRESOLVED: objc/execute/bycopy-1.m execution, -O0
FAIL: objc/execute/bycopy-2.m compilation, -O0
UNRESOLVED: objc/execute/bycopy-2.m execution, -O0
FAIL: objc/execute/bycopy-3.m compilation, -O0
UNRESOLVED: objc/execute/bycopy-3.m execution, -O0
FAIL: objc/execute/class-1.m compilation, -O0
UNRESOLVED: objc/execute/class-1.m execution, -O0
FAIL: objc/execute/class-10.m compilation, -O0
UNRESOLVED: objc/execute/class-10.m execution, -O0
FAIL: objc/execute/class-11.m compilation, -O0
UNRESOLVED: objc/execute/class-11.m execution, -O0
FAIL: objc/execute/class-12.m compilation, -O0
UNRESOLVED: objc/execute/class-12.m execution, -O0
FAIL: objc/execute/class-13.m compilation, -O0
UNRESOLVED: objc/execute/class-13.m execution, -O0
FAIL: objc/execute/class-14.m compilation, -O0
UNRESOLVED: objc/execute/class-14.m execution, -O0
FAIL: objc/execute/class-2.m compilation, -O0
UNRESOLVED: objc/execute/class-2.m execution, -O0
FAIL: objc/execute/class-3.m compilation, -O0
UNRESOLVED: objc/execute/class-3.m execution, -O0
FAIL: objc/execute/class-4.m compilation, -O0
UNRESOLVED: objc/execute/class-4.m execution, -O0
FAIL: objc/execute/class-5.m compilation, -O0
UNRESOLVED: objc/execute/class-5.m execution, -O0
FAIL: objc/execute/class-6.m compilation, -O0
UNRESOLVED: objc/execute/class-6.m execution, -O0
FAIL: objc/execute/class-7.m compilation, -O0
UNRESOLVED: objc/execute/class-7.m execution, -O0
FAIL: objc/execute/class-8.m compilation, -O0
UNRESOLVED: objc/execute/class-8.m execution, -O0
FAIL: objc/execute/class-9.m compilation, -O0
UNRESOLVED: objc/execute/class-9.m execution, -O0
FAIL: objc/execute/compatibility_alias.m compilation, -O0
UNRESOLVED: objc/execute/compatibility_alias.m execution, -O0
FAIL: objc/execute/encode-1.m compilation, -O0
UNRESOLVED: objc/execute/encode-1.m execution, -O0
FAIL: objc/execute/enumeration-1.m compilation, -O0
UNRESOLVED: objc/execute/enumeration-1.m execution, -O0
FAIL: objc/execute/enumeration-2.m compilation, -O0
UNRESOLVED: objc/execute/enumeration-2.m execution, -O0
FAIL: objc/execute/formal_protocol-1.m compilation, -O0
UNRESOLVED: objc/execute/formal_protocol-1.m execution, -O0
FAIL: objc/execute/formal_protocol-2.m compilation, -O0
UNRESOLVED: objc/execute/formal_protocol-2.m execution, -O0
FAIL: objc/execute/formal_protocol-3.m compilation, -O0
UNRESOLVED: objc/execute/formal_protocol-3.m execution, -O0
FAIL: objc/execute/formal_protocol-4.m compilation, -O0
UNRESOLVED: objc/execute/formal_protocol-4.m execution, -O0
FAIL: objc/execute/formal_protocol-5.m compilation, -O0
UNRESOLVED: objc/execute/formal_protocol-5.m execution, -O0
FAIL: objc/execute/formal_protocol-6.m compilation, -O0
UNRESOLVED: objc/execute/formal_protocol-6.m execution, -O0
FAIL: objc/execute/formal_protocol-7.m compilation, -O0
UNRESOLVED: objc/execute/formal_protocol-7.m execution, -O0
FAIL: objc/execute/informal_protocol.m compilation, -O0
UNRESOLVED: objc/execute/informal_protocol.m execution, -O0
FAIL: objc/execute/load-3.m compilation, -O0
UNRESOLVED: objc/execute/load-3.m execution, -O0
FAIL: objc/execute/no_clash.m compilation, -O0
UNRESOLVED: objc/execute/no_clash.m execution, -O0
FAIL: objc/execute/np-1.m compilation, -O0
UNRESOLVED: objc/execute/np-1.m execution, -O0
FAIL: objc/execute/np-2.m compilation, -O0
UNRESOLVED: objc/execute/np-2.m execution, -O0
FAIL: objc/execute/object_is_class.m compilation, -O0
UNRESOLVED: objc/execute/object_is_class.m execution, -O0
FAIL: objc/execute/object_is_meta_class.m compilation, -O0
UNRESOLVED: objc/execute/object_is_meta_class.m execution, -O0
FAIL: objc/execute/private.m compilation, -O0
UNRESOLVED: objc/execute/private.m execution, -O0
FAIL: objc/execute/selector-1.m compilation, -O0
UNRESOLVED: objc/execute/selector-1.m execution, -O0
FAIL: objc/execute/string1.m compilation, -O0
UNRESOLVED: objc/execute/string1.m execution, -O0
FAIL: objc/execute/string2.m compilation, -O0
UNRESOLVED: objc/execute/string2.m execution, -O0
FAIL: objc/execute/string3.m compilation, -O0
UNRESOLVED: objc/execute/string3.m execution, -O0
FAIL: objc/execute/string4.m compilation, -O0
UNRESOLVED: objc/execute/string4.m execution, -O0
FAIL: objc/execute/va_method.m compilation, -O0
UNRESOLVED: objc/execute/va_method.m execution, -O0
FAIL: unclaimed-category-1a.o
=== objc Summary ===
# of expected passes 903
# of unexpected failures 67
# of expected failures 5
# of unresolved testcases 66
=== libstdc++-v3 tests ===
Running target unix
FAIL: 17_intro/headers_c++.cc (test for excess errors)
WARNING: 17_intro/headers_c++.cc compilation failed to produce executable
FAIL: 17_intro/headers_c.cc (test for excess errors)
WARNING: 17_intro/headers_c.cc compilation failed to produce executable
FAIL: 18_support/numeric_limits.cc execution test
FAIL: 19_diagnostics/stdexceptions.cc (test for excess errors)
WARNING: 19_diagnostics/stdexceptions.cc compilation failed to produce executable
FAIL: 20_util/pairs.cc execution test
FAIL: 21_strings/c_strings.cc (test for excess errors)
WARNING: 21_strings/c_strings.cc compilation failed to produce executable
FAIL: 21_strings/capacity.cc (test for excess errors)
WARNING: 21_strings/capacity.cc compilation failed to produce executable
FAIL: 21_strings/compare.cc (test for excess errors)
WARNING: 21_strings/compare.cc compilation failed to produce executable
FAIL: 21_strings/nonmember.cc (test for excess errors)
WARNING: 21_strings/nonmember.cc compilation failed to produce executable
FAIL: 22_locale/codecvt_members_char_char.cc (test for excess errors)
WARNING: 22_locale/codecvt_members_char_char.cc compilation failed to produce executable
FAIL: 22_locale/collate.cc (test for excess errors)
FAIL: 22_locale/collate_byname.cc (test for excess errors)
WARNING: 22_locale/collate_byname.cc compilation failed to produce executable
FAIL: 22_locale/collate_members_char.cc (test for excess errors)
WARNING: 22_locale/collate_members_char.cc compilation failed to produce executable
XPASS: 22_locale/collate_members_wchar_t.cc execution test
FAIL: 22_locale/ctype_members_char.cc (test for excess errors)
WARNING: 22_locale/ctype_members_char.cc compilation failed to produce executable
FAIL: 22_locale/messages.cc (test for excess errors)
FAIL: 22_locale/money_get.cc (test for excess errors)
XPASS: 22_locale/money_get_members_wchar_t.cc execution test
FAIL: 22_locale/money_put.cc (test for excess errors)
XPASS: 22_locale/money_put_members_wchar_t.cc execution test
FAIL: 22_locale/moneypunct.cc (test for excess errors)
XPASS: 22_locale/moneypunct_members_wchar_t.cc execution test
XPASS: 22_locale/num_get_members_wchar_t.cc execution test
FAIL: 22_locale/num_put.cc (test for excess errors)
FAIL: 22_locale/num_put_members_char.cc (test for excess errors)
WARNING: 22_locale/num_put_members_char.cc compilation failed to produce executable
XPASS: 22_locale/num_put_members_wchar_t.cc execution test
FAIL: 22_locale/numpunct.cc (test for excess errors)
XPASS: 22_locale/numpunct_members_wchar_t.cc execution test
FAIL: 22_locale/time_get_members_char.cc (test for excess errors)
WARNING: 22_locale/time_get_members_char.cc compilation failed to produce executable
XPASS: 22_locale/time_get_members_wchar_t.cc execution test
FAIL: 22_locale/time_put_members_char.cc (test for excess errors)
WARNING: 22_locale/time_put_members_char.cc compilation failed to produce executable
XPASS: 22_locale/time_put_members_wchar_t.cc execution test
FAIL: 23_containers/bitset_ctor.cc (test for excess errors)
WARNING: 23_containers/bitset_ctor.cc compilation failed to produce executable
FAIL: 23_containers/bitset_shift.cc (test for excess errors)
WARNING: 23_containers/bitset_shift.cc compilation failed to produce executable
FAIL: 23_containers/multiset.cc execution test
FAIL: 24_iterators/istream_iterator.cc (test for excess errors)
WARNING: 24_iterators/istream_iterator.cc compilation failed to produce executable
FAIL: 24_iterators/istreambuf_iterator.cc (test for excess errors)
WARNING: 24_iterators/istreambuf_iterator.cc compilation failed to produce executable
FAIL: 26_numerics/binary_closure.cc (test for excess errors)
WARNING: 26_numerics/binary_closure.cc compilation failed to produce executable
FAIL: 26_numerics/complex_inserters_extractors.cc (test for excess errors)
WARNING: 26_numerics/complex_inserters_extractors.cc compilation failed to produce executable
FAIL: 26_numerics/complex_value.cc (test for excess errors)
WARNING: 26_numerics/complex_value.cc compilation failed to produce executable
FAIL: 26_numerics/slice_array_assignment.cc (test for excess errors)
WARNING: 26_numerics/slice_array_assignment.cc compilation failed to produce executable
FAIL: 26_numerics/valarray.cc (test for excess errors)
WARNING: 26_numerics/valarray.cc compilation failed to produce executable
FAIL: 26_numerics/valarray_const_bracket.cc (test for excess errors)
WARNING: 26_numerics/valarray_const_bracket.cc compilation failed to produce executable
FAIL: 27_io/filebuf.cc (test for excess errors)
FAIL: 27_io/filebuf_members.cc (test for excess errors)
WARNING: 27_io/filebuf_members.cc compilation failed to produce executable
FAIL: 27_io/filebuf_virtuals.cc (test for excess errors)
WARNING: 27_io/filebuf_virtuals.cc compilation failed to produce executable
WARNING: program timed out.
FAIL: 27_io/instantiations.cc (test for excess errors)
FAIL: 27_io/instantiations.cc execution test
FAIL: 27_io/ios_base_members_static.cc (test for excess errors)
WARNING: 27_io/ios_base_members_static.cc compilation failed to produce executable
FAIL: 27_io/ios_init.cc (test for excess errors)
WARNING: 27_io/ios_init.cc compilation failed to produce executable
FAIL: 27_io/ios_manip_basefield.cc execution test
FAIL: 27_io/ios_manip_fmtflags.cc execution test
FAIL: 27_io/iostream_members.cc execution test
FAIL: 27_io/istream_extractor_arith.cc execution test
FAIL: 27_io/istream_extractor_char.cc (test for excess errors)
WARNING: 27_io/istream_extractor_char.cc compilation failed to produce executable
FAIL: 27_io/istream_seeks.cc execution test
FAIL: 27_io/istream_unformatted.cc (test for excess errors)
WARNING: 27_io/istream_unformatted.cc compilation failed to produce executable
FAIL: 27_io/narrow_stream_objects.cc (test for excess errors)
WARNING: 27_io/narrow_stream_objects.cc compilation failed to produce executable
FAIL: 27_io/ostream_inserter_arith.cc execution test
FAIL: 27_io/ostream_inserter_char.cc execution test
FAIL: 27_io/streambuf.cc (test for excess errors)
WARNING: 27_io/streambuf.cc compilation failed to produce executable
FAIL: 27_io/stringbuf_virtuals.cc (test for excess errors)
WARNING: 27_io/stringbuf_virtuals.cc compilation failed to produce executable
FAIL: 27_io/stringstream.cc execution test
FAIL: ext/allocators.cc (test for excess errors)
WARNING: ext/allocators.cc compilation failed to produce executable
FAIL: ext/headers.cc execution test
=== libstdc++-v3 Summary ===
# of expected passes 275
# of unexpected failures 56
# of unexpected successes 9
# of expected failures 10
# of unsupported tests 6
/xxx/gnu/gcc-3.1/objdir/gcc/xgcc version 3.1 20020414 (prerelease)
Compiler version: 3.2 20020505 (experimental)
Platform: vax-dec-ultrix4.3
configure flags: --with-gnu-as --with-gnu-ld --host=vax-dec-ultrix4.3