This is the mail archive of the gcc-testresults@gcc.gnu.org mailing list for the GCC project.


Index Nav: [Date Index] [Subject Index] [Author Index] [Thread Index]
Message Nav: [Date Prev] [Date Next] [Thread Prev] [Thread Next]
Other format: [Raw text]

Results for 3.1 20020506 (prerelease) testsuite on sparc-sun-solaris2.7


SOURCES INCLUDE THIS PATCH:
http://gcc.gnu.org/ml/gcc-bugs/2002-05/msg00203.html

LAST_UPDATED: 
Native configuration is sparc-sun-solaris2.7

		=== g++ tests ===


Running target unix
FAIL: g++.dg/special/conpr-2.C execution test
FAIL: g++.dg/special/conpr-3.C execution test
FAIL: g++.dg/special/initp1.C execution test

		=== g++ Summary ===

# of expected passes		7103
# of unexpected failures	3
# of expected failures		88
# of untested testcases		21
# of unsupported tests		3
/tmp/kg/weak/build/gcc/testsuite/../g++ version 3.1 20020506 (prerelease)

		=== g77 tests ===


Running target unix

		=== g77 Summary ===

# of expected passes		1452
# of unsupported tests		8
/tmp/kg/weak/build/gcc/testsuite/../g77 version 3.1 20020506 (prerelease)

		=== gcc tests ===


Running target unix
FAIL: gcc.c-torture/compile/20011119-2.c,  -O0  
FAIL: gcc.c-torture/compile/20011119-2.c,  -O1  
FAIL: gcc.c-torture/compile/20011119-2.c,  -O2  
FAIL: gcc.c-torture/compile/20011119-2.c,  -O3 -fomit-frame-pointer  
FAIL: gcc.c-torture/compile/20011119-2.c,  -O3 -g  
FAIL: gcc.c-torture/compile/20011119-2.c,  -Os  
UNRESOLVED: weak-1.c
UNRESOLVED: weak-2.c
UNRESOLVED: wkali-1.c
UNRESOLVED: wkali-2.c
WARNING: program timed out.
FAIL: gcc.misc-tests/bprob-2.c compilation,  -Os  -fbranch-probabilities
UNRESOLVED: gcc.misc-tests/bprob-2.c execution,    -Os  -fbranch-probabilities

		=== gcc Summary ===

# of expected passes		18077
# of unexpected failures	7
# of expected failures		66
# of unresolved testcases	5
# of unsupported tests		108
/tmp/kg/weak/build/gcc/xgcc version 3.1 20020506 (prerelease)

		=== objc tests ===


Running target unix

		=== objc Summary ===

# of expected passes		1036
# of expected failures		6
/tmp/kg/weak/build/gcc/xgcc version 3.1 20020506 (prerelease)

		=== libjava tests ===


Running target unix
FAIL: FileHandleGcTest execution from source compiled test
FAIL: FileHandleGcTest execution from bytecode->native test
FAIL: FileHandleGcTest -O execution from source compiled test
FAIL: FileHandleGcTest -O execution from bytecode->native test
FAIL: Throw_2 execution from source compiled test
FAIL: Throw_2 execution from bytecode->native test
FAIL: Throw_2 -O execution from source compiled test
FAIL: Throw_2 -O execution from bytecode->native test

		=== libjava Summary ===

# of expected passes		2059
# of unexpected failures	8
# of expected failures		18
# of untested testcases		22
		=== libstdc++-v3 tests ===


Running target unix
XPASS: 22_locale/collate_members_wchar_t.cc execution test
XPASS: 22_locale/money_get_members_wchar_t.cc execution test
XPASS: 22_locale/money_put_members_wchar_t.cc execution test
XPASS: 22_locale/moneypunct_members_wchar_t.cc execution test
XPASS: 22_locale/num_get_members_wchar_t.cc execution test
XPASS: 22_locale/num_put_members_wchar_t.cc execution test
XPASS: 22_locale/numpunct_members_wchar_t.cc execution test
XPASS: 22_locale/time_get_members_wchar_t.cc execution test
XPASS: 22_locale/time_put_members_wchar_t.cc execution test
FAIL: 27_io/istream_extractor_arith.cc execution test

		=== libstdc++-v3 Summary ===

# of expected passes		374
# of unexpected failures	1
# of unexpected successes	9
# of expected failures		16

Compiler version: 3.1 20020506 (prerelease) 
Platform: sparc-sun-solaris2.7
configure flags: --host=sparc-sun-solaris2.7 --verbose


Index Nav: [Date Index] [Subject Index] [Author Index] [Thread Index]
Message Nav: [Date Prev] [Date Next] [Thread Prev] [Thread Next]