This is the mail archive of the
gcc-testresults@gcc.gnu.org
mailing list for the GCC project.
Results for 3.1 20020506 (prerelease) testsuite on i686-pc-linux-gnu
- From: Brad Lucier <lucier at IRO dot UMontreal dot CA>
- To: gcc-testresults at gcc dot gnu dot org
- Date: Mon, 6 May 2002 14:28:02 -0400
- Subject: Results for 3.1 20020506 (prerelease) testsuite on i686-pc-linux-gnu
- Full-name: Brad Lucier
LAST_UPDATED: Mon May 6 16:33:30 UTC 2002
Native configuration is i686-pc-linux-gnu
=== g++ tests ===
Running target unix
=== g++ Summary ===
# of expected passes 7184
# of expected failures 88
# of untested testcases 9
# of unsupported tests 3
/u/lucier/programs/gcc/gcc-3.1/objdir/gcc/testsuite/../g++ version 3.1 20020506 (prerelease)
=== g77 tests ===
Running target unix
=== g77 Summary ===
# of expected passes 1468
/u/lucier/programs/gcc/gcc-3.1/objdir/gcc/testsuite/../g77 version 3.1 20020506 (prerelease)
=== gcc tests ===
Running target unix
WARNING: program timed out.
FAIL: gcc.c-torture/compile/20001226-1.c, -O1
WARNING: program timed out.
FAIL: gcc.c-torture/compile/20001226-1.c, -O2
WARNING: program timed out.
FAIL: gcc.c-torture/compile/20001226-1.c, -O3 -g
FAIL: gcc.c-torture/execute/20020307-2.c execution, -O1
FAIL: gcc.c-torture/execute/20020307-2.c execution, -O2
FAIL: gcc.c-torture/execute/20020307-2.c execution, -O3 -fomit-frame-pointer
FAIL: gcc.c-torture/execute/20020307-2.c execution, -O3 -fomit-frame-pointer -funroll-loops
FAIL: gcc.c-torture/execute/20020307-2.c execution, -O3 -fomit-frame-pointer -funroll-all-loops -finline-functions
FAIL: gcc.c-torture/execute/20020307-2.c execution, -O3 -g
FAIL: gcc.c-torture/execute/20020402-1.c execution, -Os
=== gcc Summary ===
# of expected passes 18402
# of unexpected failures 10
# of expected failures 70
# of unsupported tests 43
/u/lucier/programs/gcc/gcc-3.1/objdir/gcc/xgcc version 3.1 20020506 (prerelease)
=== objc tests ===
Running target unix
=== objc Summary ===
# of expected passes 1036
# of expected failures 6
/u/lucier/programs/gcc/gcc-3.1/objdir/gcc/xgcc version 3.1 20020506 (prerelease)
=== libjava tests ===
Running target unix
FAIL: TLtest compilation from bytecode
FAIL: TLtest -O compilation from bytecode
=== libjava Summary ===
# of expected passes 1993
# of unexpected failures 2
# of expected failures 18
# of untested testcases 94
=== libstdc++-v3 tests ===
Running target unix
XPASS: 22_locale/ctype_members_char.cc execution test
XPASS: 22_locale/members.cc execution test
XPASS: 22_locale/messages_byname.cc execution test
XPASS: 22_locale/messages_members_char.cc execution test
XPASS: 22_locale/money_get_members_char.cc execution test
XPASS: 22_locale/money_get_members_wchar_t.cc execution test
XPASS: 22_locale/money_put_members_char.cc execution test
XPASS: 22_locale/money_put_members_wchar_t.cc execution test
XPASS: 22_locale/moneypunct_byname.cc execution test
XPASS: 22_locale/moneypunct_members_char.cc execution test
XPASS: 22_locale/moneypunct_members_wchar_t.cc execution test
XPASS: 22_locale/num_get_members_char.cc execution test
XPASS: 22_locale/num_get_members_wchar_t.cc execution test
XPASS: 22_locale/num_put_members_char.cc execution test
XPASS: 22_locale/num_put_members_wchar_t.cc execution test
XPASS: 22_locale/numpunct_byname.cc execution test
XPASS: 22_locale/numpunct_members_char.cc execution test
XPASS: 22_locale/numpunct_members_wchar_t.cc execution test
XPASS: 22_locale/time_get_members_char.cc execution test
XPASS: 22_locale/time_get_members_wchar_t.cc execution test
XPASS: 22_locale/time_put_members_char.cc execution test
XPASS: 22_locale/time_put_members_wchar_t.cc execution test
FAIL: 26_numerics/c99_classification_macros_c.cc (test for excess errors)
=== libstdc++-v3 Summary ===
# of expected passes 374
# of unexpected failures 1
# of unexpected successes 22
# of expected failures 3
Compiler version: 3.1 20020506 (prerelease)
Platform: i686-pc-linux-gnu
configure flags: --host=i686-pc-linux-gnu --prefix=/u/lucier/local/gcc-3.1 --enable-languages=c,c++,f77,objc,java
Counting all warnings,
there are 53 warnings in stage3 of this bootstrap.
Number of warnings per file:
23 gcc/combine.c
10 gcc/regclass.c
4 gcc/optabs.c
4 gcc/gcc.c
2 gcc/java/javaop.def
2 gcc/fold-const.c
1 gcc/reload.c
1 gcc/profile.c
1 gcc/objc/lang-specs.h
1 gcc/java/jvspec.c
1 gcc/function.c
1 gcc/emit-rtl.c
1 gcc/cp/lang-specs.h
1 gcc/config/i386/i386.c
Number of warning types:
38 comparison between signed and unsigned
7 string length \`???' is greater than the length \`???' ISO C89 compilers are required to support
5 signed and unsigned type in conditional expression
2 operation on \`???' may be undefined
1 pointer targets in passing arg ??? of \`???' differ in signedness