This is the mail archive of the
gcc-testresults@gcc.gnu.org
mailing list for the GCC project.
Results for 3.2 20020411 (experimental) testsuite on i686-pc-linux-gnu
- From: aj at suse dot de (Andreas Jaeger)
- To: gcc-testresults at gcc dot gnu dot org
- Date: Mon, 6 May 2002 14:22:28 +0200 (CEST)
- Subject: Results for 3.2 20020411 (experimental) testsuite on i686-pc-linux-gnu
Bootstrap and regtesting on i686-linux-gnu.
CVS sources: branch: new-regalloc-branch
LAST_UPDATED: Mon May 6 07:09:05 UTC 2002
Native configuration is i686-pc-linux-gnu
=== g++ tests ===
Running target unix
FAIL: g++.dg/template/typename2.C (test for excess errors)
FAIL: g++.dg/warn/Wunused-2.C (test for warnings, line 5)
FAIL: g++.martin/new1.C Execution test
=== g++ Summary ===
# of expected passes 7242
# of unexpected failures 3
# of expected failures 87
# of untested testcases 9
# of unsupported tests 3
/builds/gcc/ra/gcc/testsuite/../g++ version 3.2 20020411 (experimental)
=== g77 tests ===
Running target unix
FAIL: g77.f-torture/compile/19990502-0.f, -O0
FAIL: g77.f-torture/compile/970915-0.f, -Os
FAIL: g77.f-torture/execute/6177.f compilation, -O1
FAIL: g77.f-torture/execute/6177.f compilation, -O2
FAIL: g77.f-torture/execute/6177.f compilation, -O3 -fomit-frame-pointer
FAIL: g77.f-torture/execute/6177.f compilation, -O3 -g
FAIL: g77.f-torture/execute/6177.f compilation, -Os
=== g77 Summary ===
# of expected passes 1614
# of unexpected failures 7
# of untested testcases 5
/builds/gcc/ra/gcc/testsuite/../g77 version 3.2 20020411 (experimental)
=== gcc tests ===
Running target unix
FAIL: gcc.c-torture/execute/20020307-2.c execution, -O1
FAIL: gcc.c-torture/execute/20020307-2.c execution, -O2
FAIL: gcc.c-torture/execute/20020307-2.c execution, -O3 -fomit-frame-pointer
FAIL: gcc.c-torture/execute/20020307-2.c execution, -O3 -fomit-frame-pointer -funroll-loops
FAIL: gcc.c-torture/execute/20020307-2.c execution, -O3 -fomit-frame-pointer -funroll-all-loops -finline-functions
FAIL: gcc.c-torture/execute/20020307-2.c execution, -O3 -g
FAIL: gcc.c-torture/execute/20020402-1.c execution, -Os
FAIL: gcc.dg/debug/debug-1.c scan-assembler xyzzy
FAIL: gcc.dg/debug/debug-1.c scan-assembler xyzzy
FAIL: gcc.dg/debug/debug-1.c scan-assembler xyzzy
FAIL: gcc.dg/debug/debug-1.c scan-assembler xyzzy
FAIL: gcc.dg/debug/debug-1.c scan-assembler xyzzy
FAIL: gcc.dg/debug/debug-1.c scan-assembler xyzzy
FAIL: gcc.dg/debug/debug-1.c scan-assembler xyzzy
FAIL: gcc.dg/debug/debug-1.c scan-assembler xyzzy
FAIL: gcc.dg/debug/debug-2.c scan-assembler xyzzy
FAIL: gcc.dg/debug/debug-2.c scan-assembler xyzzy
FAIL: gcc.dg/debug/debug-2.c scan-assembler xyzzy
FAIL: gcc.dg/debug/debug-2.c scan-assembler xyzzy
FAIL: gcc.dg/debug/debug-2.c scan-assembler xyzzy
FAIL: gcc.dg/debug/debug-2.c scan-assembler xyzzy
FAIL: gcc.dg/debug/debug-2.c scan-assembler xyzzy
FAIL: gcc.dg/debug/debug-2.c scan-assembler xyzzy
FAIL: gcc.dg/20001009-1.c (test for excess errors)
FAIL: gcc.dg/20020312-2.c (test for excess errors)
WARNING: gcc.dg/20020312-2.c compilation failed to produce executable
=== gcc Summary ===
# of expected passes 18381
# of unexpected failures 25
# of expected failures 66
# of unsupported tests 45
/builds/gcc/ra/gcc/xgcc version 3.2 20020411 (experimental)
=== objc tests ===
Running target unix
=== objc Summary ===
# of expected passes 1036
# of expected failures 6
/builds/gcc/ra/gcc/xgcc version 3.2 20020411 (experimental)
=== libjava tests ===
Running target unix
FAIL: Thread_Interrupt output from bytecode->native test
FAIL: PR6085 compilation from source
FAIL: PR6085 byte compilation
FAIL: PR6085 -O compilation from source
FAIL: PR6085 byte compilation
=== libjava Summary ===
# of expected passes 2074
# of unexpected failures 5
# of expected failures 18
# of untested testcases 24
=== libstdc++-v3 tests ===
Running target unix
XPASS: 22_locale/collate_byname.cc execution test
XPASS: 22_locale/collate_members_char.cc execution test
XPASS: 22_locale/collate_members_wchar_t.cc execution test
XPASS: 22_locale/ctype_members_char.cc execution test
XPASS: 22_locale/members.cc execution test
XPASS: 22_locale/money_get_members_char.cc execution test
XPASS: 22_locale/money_get_members_wchar_t.cc execution test
XPASS: 22_locale/money_put_members_char.cc execution test
XPASS: 22_locale/money_put_members_wchar_t.cc execution test
XPASS: 22_locale/moneypunct_byname.cc execution test
XPASS: 22_locale/moneypunct_members_char.cc execution test
XPASS: 22_locale/moneypunct_members_wchar_t.cc execution test
XPASS: 22_locale/num_get_members_char.cc execution test
XPASS: 22_locale/num_get_members_wchar_t.cc execution test
XPASS: 22_locale/num_put_members_char.cc execution test
XPASS: 22_locale/num_put_members_wchar_t.cc execution test
XPASS: 22_locale/numpunct_byname.cc execution test
XPASS: 22_locale/numpunct_members_char.cc execution test
XPASS: 22_locale/numpunct_members_wchar_t.cc execution test
XPASS: 22_locale/time_get_members_char.cc execution test
XPASS: 22_locale/time_get_members_wchar_t.cc execution test
XPASS: 22_locale/time_put_members_char.cc execution test
XPASS: 22_locale/time_put_members_wchar_t.cc execution test
FAIL: 26_numerics/c99_classification_macros_c.cc (test for excess errors)
=== libstdc++-v3 Summary ===
# of expected passes 370
# of unexpected failures 1
# of unexpected successes 23
# of expected failures 2
Compiler version: 3.2 20020411 (experimental)
Platform: i686-pc-linux-gnu
configure flags: --host=i686-pc-linux-gnu --prefix=/opt/gcc/new-regalloc --enable-shared --enable-threads=posix --enable-clocale=gnu --disable-nls --enable-checking=misc,tree,rtl,gc --with-system-zlib