This is the mail archive of the
gcc-testresults@gcc.gnu.org
mailing list for the GCC project.
Results for 3.2 20020502 (experimental) testsuite on i386-unknown-freebsd5.0
- From: Loren James Rittle <ljrittle at FreeBSD dot org>
- To: gcc-testresults at gcc dot gnu dot org, ljrittle at FreeBSD dot org,obrien at freebsd dot org
- Date: Thu, 2 May 2002 17:34:07 -0700 (PDT)
- Subject: Results for 3.2 20020502 (experimental) testsuite on i386-unknown-freebsd5.0
Using make with objdir configuration on ref5 (see key)
Bootstrap failed in libjava; thus partial report
LAST_UPDATED: Thu May 2 20:51:57 GMT 2002
Native configuration is i386-unknown-freebsd5.0
=== g++ tests ===
Running target unix/-pthread
FAIL: g++.dg/template/typename2.C (test for excess errors)
FAIL: g++.dg/warn/Wunused-2.C (test for warnings, line 5)
FAIL: g++.eh/badalloc1.C Execution test
FAIL: g++.law/profile1.C (test for excess errors)
=== g++ Summary ===
# of expected passes 7305
# of unexpected failures 4
# of expected failures 88
# of untested testcases 12
# of unsupported tests 3
/local0/scratch/ljrittle/gcc-build-ref5-0502/gcc/testsuite/../g++ version 3.2 20020502 (experimental)
=== g77 tests ===
Running target unix/-pthread
FAIL: g77.f-torture/execute/6367.f execution, -O0
FAIL: g77.f-torture/execute/6367.f execution, -O1
FAIL: g77.f-torture/execute/6367.f execution, -O2
FAIL: g77.f-torture/execute/6367.f execution, -O3 -fomit-frame-pointer
FAIL: g77.f-torture/execute/6367.f execution, -O3 -fomit-frame-pointer -funroll-loops
FAIL: g77.f-torture/execute/6367.f execution, -O3 -fomit-frame-pointer -funroll-all-loops -finline-functions
FAIL: g77.f-torture/execute/6367.f execution, -O3 -g
FAIL: g77.f-torture/execute/6367.f execution, -Os
=== g77 Summary ===
# of expected passes 1618
# of unexpected failures 8
# of unsupported tests 8
/local0/scratch/ljrittle/gcc-build-ref5-0502/gcc/testsuite/../g77 version 3.2 20020502 (experimental)
=== gcc tests ===
Running target unix/-pthread
FAIL: gcc.c-torture/execute/20011219-1.c compilation, -O1
UNRESOLVED: gcc.c-torture/execute/20011219-1.c execution, -O1
FAIL: gcc.c-torture/execute/20011219-1.c compilation, -O2
UNRESOLVED: gcc.c-torture/execute/20011219-1.c execution, -O2
FAIL: gcc.c-torture/execute/20011219-1.c compilation, -O3 -g
UNRESOLVED: gcc.c-torture/execute/20011219-1.c execution, -O3 -g
FAIL: gcc.c-torture/execute/20011219-1.c compilation, -Os
UNRESOLVED: gcc.c-torture/execute/20011219-1.c execution, -Os
FAIL: gcc.c-torture/execute/20020402-1.c execution, -Os
FAIL: gcc.c-torture/execute/loop-2c.c execution, -Os
FAIL: gcc.c-torture/execute/loop-2d.c execution, -Os
FAIL: gcc.c-torture/execute/loop-3c.c execution, -Os
FAIL: gcc.dg/20020418-2.c (test for excess errors)
FAIL: gcc.dg/i386-sse-1.c (test for excess errors)
FAIL: gcc.dg/format/c99-scanf-3.c vfscanf (test for warnings, line 21)
FAIL: gcc.dg/format/c99-scanf-3.c vfscanf (test for warnings, line 21)
FAIL: gcc.dg/format/ext-6.c vfscanf (test for warnings, line 42)
FAIL: gcc.dg/format/ext-6.c vfscanf (test for warnings, line 42)
=== gcc Summary ===
# of expected passes 18569
# of unexpected failures 14
# of expected failures 62
# of unresolved testcases 4
# of unsupported tests 52
/local0/scratch/ljrittle/gcc-build-ref5-0502/gcc/xgcc version 3.2 20020502 (experimental)
=== objc tests ===
Running target unix/-pthread
=== objc Summary ===
# of expected passes 1036
# of expected failures 6
/local0/scratch/ljrittle/gcc-build-ref5-0502/gcc/xgcc version 3.2 20020502 (experimental)
=== libstdc++-v3 tests ===
Running target unix
XPASS: 22_locale/collate_members_wchar_t.cc execution test
XPASS: 22_locale/money_get_members_wchar_t.cc execution test
XPASS: 22_locale/money_put_members_wchar_t.cc execution test
XPASS: 22_locale/moneypunct_members_wchar_t.cc execution test
XPASS: 22_locale/num_get_members_wchar_t.cc execution test
XPASS: 22_locale/num_put_members_wchar_t.cc execution test
XPASS: 22_locale/numpunct_members_wchar_t.cc execution test
XPASS: 22_locale/time_get_members_wchar_t.cc execution test
XPASS: 22_locale/time_put_members_wchar_t.cc execution test
=== libstdc++-v3 Summary ===
# of expected passes 375
# of unexpected successes 9
# of expected failures 16
Compiler version: 3.2 20020502 (experimental)
Platform: i386-unknown-freebsd5.0
configure flags: --host=i386-unknown-freebsd5.0 --prefix=/home/ljrittle/tmp-ref5/install-ref5 --with-gnu-as --with-as=/home/ljrittle/tmp-ref5/bootstrap-binutils/bin/as --with-gnu-ld --with-ld=/home/ljrittle/tmp-ref5/bootstrap-binutils/bin/ld
BOOT_CFLAGS=-g -O2
Key: gmake is GNU make
make is BSD make as shipped on i386-unknown-freebsd5.0
srcdir means in-source configuration was done within the gcc source tree
objdir means out-source configuration was done within a fresh directory
ref4 (3.1) and ref5 (mainline) attempt to build gcc twice daily;
once for srcdir configuration and once for objdir configuration;
odd number days use GNU make; even days use BSD make; missing
reports infer breakage; partial reports are made when bootstap
completes in gcc but fails in a support library.
beast (3.1) builds gcc once daily using gmake with objdir conf.