This is the mail archive of the
gcc-testresults@gcc.gnu.org
mailing list for the GCC project.
Results for 3.2 20020501 (experimental) testsuite on hppa2.0w-hp-hpux11.11
- From: John David Anglin <dave at hiauly3 dot hia dot nrc dot ca>
- To: dave at hiauly3 dot hia dot nrc dot ca, gcc-testresults at gcc dot gnu dot org
- Date: Thu, 2 May 2002 13:15:21 -0400 (EDT)
- Subject: Results for 3.2 20020501 (experimental) testsuite on hppa2.0w-hp-hpux11.11
LAST_UPDATED: Thu May 2 03:00:48 UTC 2002
Native configuration is hppa2.0w-hp-hpux11.11
=== g++ tests ===
Running target unix
FAIL: g++.dg/abi/vague1.C scan-assembler-not _ZN1AIiE1tE
FAIL: g++.dg/template/typename2.C (test for excess errors)
FAIL: g++.dg/warn/Wunused-2.C (test for warnings, line 5)
FAIL: g++.dg/warn/weak1.C (test for excess errors)
FAIL: g++.ext/attrib5.C (test for excess errors)
XPASS: g++.mike/eh33.C (test for excess errors)
XPASS: g++.mike/eh33.C Execution test
XPASS: g++.mike/eh50.C (test for excess errors)
XPASS: g++.mike/eh50.C Execution test
FAIL: g++.other/comdat3.C (test for excess errors)
FAIL: g++.other/mangle3.C (test for excess errors)
=== g++ Summary ===
# of expected passes 7181
# of unexpected failures 7
# of unexpected successes 4
# of expected failures 96
# of untested testcases 23
# of unsupported tests 4
/xxx/gnu/gcc-3.2/objdir/gcc/testsuite/../g++ version 3.2 20020501 (experimental)
=== g77 tests ===
Running target unix
FAIL: g77.f-torture/execute/6367.f execution, -O0
FAIL: g77.f-torture/execute/6367.f execution, -O1
FAIL: g77.f-torture/execute/6367.f execution, -O2
FAIL: g77.f-torture/execute/6367.f execution, -O3 -fomit-frame-pointer
FAIL: g77.f-torture/execute/6367.f execution, -O3 -fomit-frame-pointer -funroll-loops
FAIL: g77.f-torture/execute/6367.f execution, -O3 -fomit-frame-pointer -funroll-all-loops -finline-functions
FAIL: g77.f-torture/execute/6367.f execution, -O3 -g
FAIL: g77.f-torture/execute/6367.f execution, -Os
=== g77 Summary ===
# of expected passes 1618
# of unexpected failures 8
# of unsupported tests 8
/xxx/gnu/gcc-3.2/objdir/gcc/testsuite/../g77 version 3.2 20020501 (experimental)
=== gcc tests ===
Running target unix
FAIL: gcc.c-torture/compile/20000504-1.c, -O1
FAIL: gcc.c-torture/execute/20020412-1.c compilation, -O0
UNRESOLVED: gcc.c-torture/execute/20020412-1.c execution, -O0
FAIL: gcc.c-torture/execute/20020412-1.c compilation, -O1
UNRESOLVED: gcc.c-torture/execute/20020412-1.c execution, -O1
FAIL: gcc.c-torture/execute/20020412-1.c compilation, -O2
UNRESOLVED: gcc.c-torture/execute/20020412-1.c execution, -O2
FAIL: gcc.c-torture/execute/20020412-1.c compilation, -O3 -fomit-frame-pointer
UNRESOLVED: gcc.c-torture/execute/20020412-1.c execution, -O3 -fomit-frame-pointer
FAIL: gcc.c-torture/execute/20020412-1.c compilation, -O3 -fomit-frame-pointer -funroll-loops
UNRESOLVED: gcc.c-torture/execute/20020412-1.c execution, -O3 -fomit-frame-pointer -funroll-loops
FAIL: gcc.c-torture/execute/20020412-1.c compilation, -O3 -fomit-frame-pointer -funroll-all-loops -finline-functions
UNRESOLVED: gcc.c-torture/execute/20020412-1.c execution, -O3 -fomit-frame-pointer -funroll-all-loops -finline-functions
FAIL: gcc.c-torture/execute/20020412-1.c compilation, -O3 -g
UNRESOLVED: gcc.c-torture/execute/20020412-1.c execution, -O3 -g
FAIL: gcc.c-torture/execute/20020412-1.c compilation, -Os
UNRESOLVED: gcc.c-torture/execute/20020412-1.c execution, -Os
FAIL: gcc.c-torture/execute/950704-1.c execution, -O2
FAIL: gcc.c-torture/execute/950704-1.c execution, -Os
FAIL: gcc.c-torture/execute/va-arg-22.c execution, -O0
FAIL: gcc.c-torture/execute/va-arg-22.c execution, -O1
FAIL: gcc.c-torture/execute/va-arg-22.c execution, -O2
FAIL: gcc.c-torture/execute/va-arg-22.c execution, -O3 -fomit-frame-pointer
FAIL: gcc.c-torture/execute/va-arg-22.c execution, -O3 -fomit-frame-pointer -funroll-loops
FAIL: gcc.c-torture/execute/va-arg-22.c execution, -O3 -fomit-frame-pointer -funroll-all-loops -finline-functions
FAIL: gcc.c-torture/execute/va-arg-22.c execution, -O3 -g
FAIL: gcc.c-torture/execute/va-arg-22.c execution, -Os
FAIL: gcc.dg/cpp/wchar-1.c execution test
FAIL: gcc.dg/20020219-1.c execution test
FAIL: gcc.dg/20020312-2.c (test for excess errors)
WARNING: gcc.dg/20020312-2.c compilation failed to produce executable
FAIL: gcc.dg/asm-names.c (test for excess errors)
FAIL: gcc.dg/inline-1.c scan-assembler-not xyzzy
FAIL: gcc.dg/weak-1.c scan-assembler weak[^ ]*[ ]_?a
FAIL: gcc.dg/weak-1.c scan-assembler weak[^ ]*[ ]_?b
FAIL: gcc.dg/weak-1.c scan-assembler weak[^ ]*[ ]_?c
FAIL: gcc.dg/weak-1.c scan-assembler weak[^ ]*[ ]_?d
FAIL: gcc.dg/weak-1.c scan-assembler weak[^ ]*[ ]_?e
FAIL: gcc.dg/weak-1.c scan-assembler weak[^ ]*[ ]_?g
FAIL: gcc.dg/weak-1.c scan-assembler weak[^ ]*[ ]_?j
FAIL: gcc.dg/weak-2.c applying #pragma weak (test for warnings, line 33)
FAIL: gcc.dg/weak-2.c scan-assembler weak[^ ]*[ ]ffoo1a
FAIL: gcc.dg/weak-2.c scan-assembler weak[^ ]*[ ]ffoo1b
FAIL: gcc.dg/weak-2.c scan-assembler weak[^ ]*[ ]ffoo1c
FAIL: gcc.dg/weak-2.c scan-assembler weak[^ ]*[ ]ffoo1e
FAIL: gcc.dg/weak-3.c (test for excess errors)
FAIL: gcc.dg/weak-3.c scan-assembler weak[^ ]*[ ]ffoo1a
FAIL: gcc.dg/weak-3.c scan-assembler weak[^ ]*[ ]ffoo1b
FAIL: gcc.dg/weak-3.c scan-assembler weak[^ ]*[ ]ffoo1c
FAIL: gcc.dg/weak-3.c scan-assembler weak[^ ]*[ ]ffoo1e
FAIL: gcc.dg/weak-3.c scan-assembler weak[^ ]*[ ]ffoo1f
FAIL: gcc.dg/weak-3.c scan-assembler weak[^ ]*[ ]ffoo1g
FAIL: gcc.dg/weak-4.c applying #pragma weak (test for warnings, line 41)
FAIL: gcc.dg/weak-4.c applying #pragma weak (test for warnings, line 73)
FAIL: gcc.dg/weak-4.c scan-assembler weak[^ ]*[ ]vfoo1a
FAIL: gcc.dg/weak-4.c scan-assembler weak[^ ]*[ ]vfoo1b
FAIL: gcc.dg/weak-4.c scan-assembler weak[^ ]*[ ]vfoo1c
FAIL: gcc.dg/weak-4.c scan-assembler weak[^ ]*[ ]vfoo1d
FAIL: gcc.dg/weak-4.c scan-assembler weak[^ ]*[ ]vfoo1e
FAIL: gcc.dg/weak-4.c scan-assembler weak[^ ]*[ ]vfoo1f
FAIL: gcc.dg/weak-4.c scan-assembler weak[^ ]*[ ]vfoo1g
FAIL: gcc.dg/weak-4.c scan-assembler weak[^ ]*[ ]vfoo1h
FAIL: gcc.dg/weak-4.c scan-assembler weak[^ ]*[ ]vfoo1i
FAIL: gcc.dg/weak-4.c scan-assembler weak[^ ]*[ ]vfoo1j
FAIL: gcc.dg/weak-4.c scan-assembler weak[^ ]*[ ]vfoo1k
FAIL: gcc.dg/weak-5.c (test for excess errors)
FAIL: gcc.dg/weak-5.c scan-assembler weak[^ ]*[ ]vfoo1a
FAIL: gcc.dg/weak-5.c scan-assembler weak[^ ]*[ ]vfoo1b
FAIL: gcc.dg/weak-5.c scan-assembler weak[^ ]*[ ]vfoo1c
FAIL: gcc.dg/weak-5.c scan-assembler weak[^ ]*[ ]vfoo1d
FAIL: gcc.dg/weak-5.c scan-assembler weak[^ ]*[ ]vfoo1e
FAIL: gcc.dg/weak-5.c scan-assembler weak[^ ]*[ ]vfoo1f
FAIL: gcc.dg/weak-5.c scan-assembler weak[^ ]*[ ]vfoo1g
FAIL: gcc.dg/weak-5.c scan-assembler weak[^ ]*[ ]vfoo1h
FAIL: gcc.dg/weak-5.c scan-assembler weak[^ ]*[ ]vfoo1i
FAIL: gcc.dg/weak-5.c scan-assembler weak[^ ]*[ ]vfoo1j
FAIL: gcc.dg/weak-5.c scan-assembler weak[^ ]*[ ]vfoo1k
FAIL: gcc.dg/weak-5.c scan-assembler weak[^ ]*[ ]vfoo1l
FAIL: gcc.dg/weak-6.c (test for errors, line 4)
FAIL: gcc.dg/weak-7.c (test for excess errors)
UNRESOLVED: weak-1.c
UNRESOLVED: weak-2.c
UNRESOLVED: wkali-1.c
UNRESOLVED: wkali-2.c
=== gcc Summary ===
# of expected passes 18398
# of unexpected failures 71
# of expected failures 70
# of unresolved testcases 12
# of unsupported tests 126
/xxx/gnu/gcc-3.2/objdir/gcc/xgcc version 3.2 20020501 (experimental)
=== objc tests ===
Running target unix
=== objc Summary ===
# of expected passes 1036
# of expected failures 6
/xxx/gnu/gcc-3.2/objdir/gcc/xgcc version 3.2 20020501 (experimental)
=== libstdc++-v3 tests ===
Running target unix
XPASS: 22_locale/collate_members_wchar_t.cc execution test
XPASS: 22_locale/money_get_members_wchar_t.cc execution test
XPASS: 22_locale/money_put_members_wchar_t.cc execution test
XPASS: 22_locale/moneypunct_members_wchar_t.cc execution test
XPASS: 22_locale/num_get_members_wchar_t.cc execution test
XPASS: 22_locale/num_put_members_wchar_t.cc execution test
XPASS: 22_locale/numpunct_members_wchar_t.cc execution test
XPASS: 22_locale/time_get_members_wchar_t.cc execution test
XPASS: 22_locale/time_put_members_wchar_t.cc execution test
FAIL: 26_numerics/c99_classification_macros_c.cc (test for excess errors)
=== libstdc++-v3 Summary ===
# of expected passes 362
# of unexpected failures 1
# of unexpected successes 9
# of expected failures 16
# of unsupported tests 6
Compiler version: 3.2 20020501 (experimental)
Platform: hppa2.0w-hp-hpux11.11
configure flags: --host=hppa2.0w-hp-hpux11.11 --with-gnu-as --with-as=/opt/gnu/bin/as --enable-shared --disable-nls --prefix=/opt/gnu