This is the mail archive of the gcc-testresults@gcc.gnu.org mailing list for the GCC project.


Index Nav: [Date Index] [Subject Index] [Author Index] [Thread Index]
Message Nav: [Date Prev] [Date Next] [Thread Prev] [Thread Next]
Other format: [Raw text]

Results for 3.1 20020501 (prerelease) testsuite on powerpc-unknown-linux-gnu


Environment:
  binutils-2.12.90.0.7
  glibc-2.2.5
  linux-2.4.19pre1

Local modifications:
 - reject hard regs in CSE for constant replacement



LAST_UPDATED: Wed May  1 21:36:53 UTC 2002

Native configuration is powerpc-unknown-linux-gnu

		=== g77 tests ===


Running target unix/-O2
FAIL: g77.dg/gcov/gcov-1.f gcov: 3 failures in line counts, 7 in branch percentages, 0 in return percentages

		=== g77 Summary for unix/-O2 ===

# of expected passes		1451
# of unexpected failures	1
# of unsupported tests		8

Running target unix/-fpic

		=== g77 Summary for unix/-fpic ===

# of expected passes		1452
# of unsupported tests		8

Running target unix/-fPIC

		=== g77 Summary for unix/-fPIC ===

# of expected passes		1452
# of unsupported tests		8

Running target unix

		=== g77 Summary for unix ===

# of expected passes		1452
# of unsupported tests		8

		=== g77 Summary ===

# of expected passes		5807
# of unexpected failures	1
# of unsupported tests		32
/home/fsirl/obj/gcc31/gcc/testsuite/../g77 version 3.1 20020501 (prerelease)

		=== gcc tests ===


Running target unix/-O2
FAIL: gcc.dg/20020103-1.c scan-assembler-not LC
FAIL: gcc.dg/20020118-1.c execution test
FAIL: gcc.misc-tests/gcov-4.c gcov: 3 failures in line counts
FAIL: gcc.misc-tests/gcov-4b.c gcov: 8 failures in branch percentages

		=== gcc Summary for unix/-O2 ===

# of expected passes		18491
# of unexpected failures	4
# of expected failures		62
# of unsupported tests		104

Running target unix/-fpic
FAIL: gcc.dg/20020103-1.c scan-assembler-not LC
FAIL: gcc.dg/20020118-1.c execution test

		=== gcc Summary for unix/-fpic ===

# of expected passes		18493
# of unexpected failures	2
# of expected failures		62
# of unsupported tests		104

Running target unix/-fPIC
FAIL: gcc.c-torture/compile/20011029-1.c,  -O1  
FAIL: gcc.c-torture/compile/20011029-1.c,  -O2  
FAIL: gcc.c-torture/compile/20011029-1.c,  -O3 -fomit-frame-pointer  
FAIL: gcc.c-torture/compile/20011029-1.c,  -O3 -g  
FAIL: gcc.c-torture/compile/20011029-1.c,  -Os  
FAIL: gcc.c-torture/execute/built-in-setjmp.c compilation,  -O1 
UNRESOLVED: gcc.c-torture/execute/built-in-setjmp.c execution,  -O1 
FAIL: gcc.c-torture/execute/built-in-setjmp.c compilation,  -O2 
UNRESOLVED: gcc.c-torture/execute/built-in-setjmp.c execution,  -O2 
FAIL: gcc.c-torture/execute/built-in-setjmp.c compilation,  -O3 -fomit-frame-pointer 
UNRESOLVED: gcc.c-torture/execute/built-in-setjmp.c execution,  -O3 -fomit-frame-pointer 
FAIL: gcc.c-torture/execute/built-in-setjmp.c compilation,  -O3 -fomit-frame-pointer -funroll-loops 
UNRESOLVED: gcc.c-torture/execute/built-in-setjmp.c execution,  -O3 -fomit-frame-pointer -funroll-loops 
FAIL: gcc.c-torture/execute/built-in-setjmp.c compilation,  -O3 -fomit-frame-pointer -funroll-all-loops -finline-functions 
UNRESOLVED: gcc.c-torture/execute/built-in-setjmp.c execution,  -O3 -fomit-frame-pointer -funroll-all-loops -finline-functions 
FAIL: gcc.c-torture/execute/built-in-setjmp.c compilation,  -O3 -g 
UNRESOLVED: gcc.c-torture/execute/built-in-setjmp.c execution,  -O3 -g 
FAIL: gcc.c-torture/execute/built-in-setjmp.c compilation,  -Os 
UNRESOLVED: gcc.c-torture/execute/built-in-setjmp.c execution,  -Os 
FAIL: gcc.dg/20020103-1.c scan-assembler-not LC
FAIL: gcc.dg/20020118-1.c execution test

		=== gcc Summary for unix/-fPIC ===

# of expected passes		18474
# of unexpected failures	14
# of expected failures		62
# of unresolved testcases	7
# of unsupported tests		104

Running target unix
FAIL: gcc.dg/20020103-1.c scan-assembler-not LC
FAIL: gcc.dg/20020118-1.c execution test

		=== gcc Summary for unix ===

# of expected passes		18493
# of unexpected failures	2
# of expected failures		62
# of unsupported tests		104

		=== gcc Summary ===

# of expected passes		73951
# of unexpected failures	22
# of expected failures		248
# of unresolved testcases	7
# of unsupported tests		416
/home/fsirl/obj/gcc31/gcc/xgcc version 3.1 20020501 (prerelease)

		=== g++ tests ===


Running target unix/-O2

		=== g++ Summary for unix/-O2 ===

# of expected passes		7159
# of expected failures		88
# of untested testcases		23
# of unsupported tests		4

Running target unix/-fpic

		=== g++ Summary for unix/-fpic ===

# of expected passes		7159
# of expected failures		88
# of untested testcases		23
# of unsupported tests		4

Running target unix/-fPIC

		=== g++ Summary for unix/-fPIC ===

# of expected passes		7159
# of expected failures		88
# of untested testcases		23
# of unsupported tests		4

Running target unix

		=== g++ Summary for unix ===

# of expected passes		7159
# of expected failures		88
# of untested testcases		23
# of unsupported tests		4

		=== g++ Summary ===

# of expected passes		28636
# of expected failures		352
# of untested testcases		92
# of unsupported tests		16
/home/fsirl/obj/gcc31/gcc/testsuite/../g++ version 3.1 20020501 (prerelease)

		=== objc tests ===


Running target unix/-O2

		=== objc Summary for unix/-O2 ===

# of expected passes		1036
# of expected failures		6

Running target unix/-fpic

		=== objc Summary for unix/-fpic ===

# of expected passes		1036
# of expected failures		6

Running target unix/-fPIC

		=== objc Summary for unix/-fPIC ===

# of expected passes		1036
# of expected failures		6

Running target unix

		=== objc Summary for unix ===

# of expected passes		1036
# of expected failures		6

		=== objc Summary ===

# of expected passes		4144
# of expected failures		24
/home/fsirl/obj/gcc31/gcc/xgcc version 3.1 20020501 (prerelease)

		=== libjava tests ===


Running target unix/-O2
FAIL: Array_3 execution from source compiled test
FAIL: Array_3 execution from bytecode->native test
FAIL: Array_3 -O execution from source compiled test
FAIL: Array_3 -O execution from bytecode->native test

		=== libjava Summary for unix/-O2 ===

# of expected passes		2067
# of unexpected failures	4
# of expected failures		18
# of untested testcases		18

Running target unix/-fpic
FAIL: Array_3 execution from source compiled test
FAIL: Array_3 execution from bytecode->native test
FAIL: Array_3 -O execution from source compiled test
FAIL: Array_3 -O execution from bytecode->native test

		=== libjava Summary for unix/-fpic ===

# of expected passes		2067
# of unexpected failures	4
# of expected failures		18
# of untested testcases		18

Running target unix/-fPIC
FAIL: Thread_Interrupt output from source compiled test
FAIL: Array_3 execution from source compiled test
FAIL: Array_3 execution from bytecode->native test
FAIL: Array_3 -O execution from source compiled test
FAIL: Array_3 -O execution from bytecode->native test

		=== libjava Summary for unix/-fPIC ===

# of expected passes		2066
# of unexpected failures	5
# of expected failures		18
# of untested testcases		18

Running target unix
FAIL: Thread_Interrupt output from source compiled test
FAIL: Array_3 execution from source compiled test
FAIL: Array_3 execution from bytecode->native test
FAIL: Array_3 -O execution from source compiled test
FAIL: Array_3 -O execution from bytecode->native test

		=== libjava Summary for unix ===

# of expected passes		2066
# of unexpected failures	5
# of expected failures		18
# of untested testcases		18

		=== libjava Summary ===

# of expected passes		8266
# of unexpected failures	18
# of expected failures		72
# of untested testcases		72
		=== libstdc++-v3 tests ===


Running target unix/-O2
XPASS: 22_locale/collate_byname.cc execution test
XPASS: 22_locale/collate_members_char.cc execution test
XPASS: 22_locale/collate_members_wchar_t.cc execution test
XPASS: 22_locale/ctype_members_char.cc execution test
XPASS: 22_locale/members.cc execution test
XPASS: 22_locale/messages_byname.cc execution test
XPASS: 22_locale/messages_members_char.cc execution test
XPASS: 22_locale/moneypunct_byname.cc execution test
XPASS: 22_locale/moneypunct_members_char.cc execution test
XPASS: 22_locale/moneypunct_members_wchar_t.cc execution test
XPASS: 22_locale/num_get_members_char.cc execution test
XPASS: 22_locale/num_get_members_wchar_t.cc execution test
XPASS: 22_locale/num_put_members_char.cc execution test
XPASS: 22_locale/num_put_members_wchar_t.cc execution test
XPASS: 22_locale/numpunct_byname.cc execution test
XPASS: 22_locale/numpunct_members_char.cc execution test
XPASS: 22_locale/numpunct_members_wchar_t.cc execution test
XPASS: 22_locale/time_get_members_char.cc execution test
XPASS: 22_locale/time_get_members_wchar_t.cc execution test
XPASS: 22_locale/time_put_members_char.cc execution test
XPASS: 22_locale/time_put_members_wchar_t.cc execution test
FAIL: 26_numerics/c99_classification_macros_c.cc (test for excess errors)

		=== libstdc++-v3 Summary for unix/-O2 ===

# of expected passes		374
# of unexpected failures	1
# of unexpected successes	21
# of expected failures		4

Running target unix/-fpic
XPASS: 22_locale/collate_byname.cc execution test
XPASS: 22_locale/collate_members_char.cc execution test
XPASS: 22_locale/collate_members_wchar_t.cc execution test
XPASS: 22_locale/ctype_members_char.cc execution test
XPASS: 22_locale/members.cc execution test
XPASS: 22_locale/messages_byname.cc execution test
XPASS: 22_locale/messages_members_char.cc execution test
XPASS: 22_locale/moneypunct_byname.cc execution test
XPASS: 22_locale/moneypunct_members_char.cc execution test
XPASS: 22_locale/moneypunct_members_wchar_t.cc execution test
XPASS: 22_locale/num_get_members_char.cc execution test
XPASS: 22_locale/num_get_members_wchar_t.cc execution test
XPASS: 22_locale/num_put_members_char.cc execution test
XPASS: 22_locale/num_put_members_wchar_t.cc execution test
XPASS: 22_locale/numpunct_byname.cc execution test
XPASS: 22_locale/numpunct_members_char.cc execution test
XPASS: 22_locale/numpunct_members_wchar_t.cc execution test
XPASS: 22_locale/time_get_members_char.cc execution test
XPASS: 22_locale/time_get_members_wchar_t.cc execution test
XPASS: 22_locale/time_put_members_char.cc execution test
XPASS: 22_locale/time_put_members_wchar_t.cc execution test
FAIL: 26_numerics/c99_classification_macros_c.cc (test for excess errors)
WARNING: program timed out.
FAIL: thread/pthread4.cc execution test

		=== libstdc++-v3 Summary for unix/-fpic ===

# of expected passes		373
# of unexpected failures	2
# of unexpected successes	21
# of expected failures		4

Running target unix/-fPIC
XPASS: 22_locale/collate_byname.cc execution test
XPASS: 22_locale/collate_members_char.cc execution test
XPASS: 22_locale/collate_members_wchar_t.cc execution test
XPASS: 22_locale/ctype_members_char.cc execution test
XPASS: 22_locale/members.cc execution test
XPASS: 22_locale/messages_byname.cc execution test
XPASS: 22_locale/messages_members_char.cc execution test
XPASS: 22_locale/moneypunct_byname.cc execution test
XPASS: 22_locale/moneypunct_members_char.cc execution test
XPASS: 22_locale/moneypunct_members_wchar_t.cc execution test
XPASS: 22_locale/num_get_members_char.cc execution test
XPASS: 22_locale/num_get_members_wchar_t.cc execution test
XPASS: 22_locale/num_put_members_char.cc execution test
XPASS: 22_locale/num_put_members_wchar_t.cc execution test
XPASS: 22_locale/numpunct_byname.cc execution test
XPASS: 22_locale/numpunct_members_char.cc execution test
XPASS: 22_locale/numpunct_members_wchar_t.cc execution test
XPASS: 22_locale/time_get_members_char.cc execution test
XPASS: 22_locale/time_get_members_wchar_t.cc execution test
XPASS: 22_locale/time_put_members_char.cc execution test
XPASS: 22_locale/time_put_members_wchar_t.cc execution test
FAIL: 26_numerics/c99_classification_macros_c.cc (test for excess errors)
WARNING: program timed out.
FAIL: thread/pthread4.cc execution test

		=== libstdc++-v3 Summary for unix/-fPIC ===

# of expected passes		373
# of unexpected failures	2
# of unexpected successes	21
# of expected failures		4

Running target unix
XPASS: 22_locale/collate_byname.cc execution test
XPASS: 22_locale/collate_members_char.cc execution test
XPASS: 22_locale/collate_members_wchar_t.cc execution test
XPASS: 22_locale/ctype_members_char.cc execution test
XPASS: 22_locale/members.cc execution test
XPASS: 22_locale/messages_byname.cc execution test
XPASS: 22_locale/messages_members_char.cc execution test
XPASS: 22_locale/moneypunct_byname.cc execution test
XPASS: 22_locale/moneypunct_members_char.cc execution test
XPASS: 22_locale/moneypunct_members_wchar_t.cc execution test
XPASS: 22_locale/num_get_members_char.cc execution test
XPASS: 22_locale/num_get_members_wchar_t.cc execution test
XPASS: 22_locale/num_put_members_char.cc execution test
XPASS: 22_locale/num_put_members_wchar_t.cc execution test
XPASS: 22_locale/numpunct_byname.cc execution test
XPASS: 22_locale/numpunct_members_char.cc execution test
XPASS: 22_locale/numpunct_members_wchar_t.cc execution test
XPASS: 22_locale/time_get_members_char.cc execution test
XPASS: 22_locale/time_get_members_wchar_t.cc execution test
XPASS: 22_locale/time_put_members_char.cc execution test
XPASS: 22_locale/time_put_members_wchar_t.cc execution test
FAIL: 26_numerics/c99_classification_macros_c.cc (test for excess errors)
WARNING: program timed out.
FAIL: thread/pthread4.cc execution test

		=== libstdc++-v3 Summary for unix ===

# of expected passes		373
# of unexpected failures	2
# of unexpected successes	21
# of expected failures		4

		=== libstdc++-v3 Summary ===

# of expected passes		1493
# of unexpected failures	7
# of unexpected successes	84
# of expected failures		16

Compiler version: 3.1 20020501 (prerelease) 
Platform: powerpc-unknown-linux-gnu
configure flags: --host=ppc-linux --prefix=/home/fsirl/gnubin --enable-shared --enable-threads --with-system-zlib --enable-checking=gc,misc,tree


Index Nav: [Date Index] [Subject Index] [Author Index] [Thread Index]
Message Nav: [Date Prev] [Date Next] [Thread Prev] [Thread Next]