This is the mail archive of the
gcc-testresults@gcc.gnu.org
mailing list for the GCC project.
Results for 3.1 20020426 (prerelease) testsuite on mips-sgi-irix6.5
- From: Rainer Orth <ro at TechFak dot Uni-Bielefeld dot DE>
- To: gcc-testresults at gcc dot gnu dot org
- Date: Tue, 30 Apr 2002 03:18:17 +0200 (MEST)
- Subject: Results for 3.1 20020426 (prerelease) testsuite on mips-sgi-irix6.5
LAST_UPDATED: Fri Apr 26 17:18:31 UTC 2002
Native configuration is mips-sgi-irix6.5
=== g++ tests ===
Running target unix
=== g++ Summary for unix ===
# of expected passes 7009
# of expected failures 96
# of untested testcases 23
# of unsupported tests 4
Running target unix/-mabi=64
=== g++ Summary for unix/-mabi=64 ===
# of expected passes 7009
# of expected failures 96
# of untested testcases 23
# of unsupported tests 4
=== g++ Summary ===
# of expected passes 14018
# of expected failures 192
# of untested testcases 46
# of unsupported tests 8
/amnt/figaro/volumes/obj-gcc/gcc/obj.irix5/gcc-3.1-20020426/6.5-cc-java/gcc/testsuite/../g++ version 3.1 20020426 (prerelease)
=== g77 tests ===
Running target unix
=== g77 Summary for unix ===
# of expected passes 1452
# of unsupported tests 8
Running target unix/-mabi=64
FAIL: g77.f-torture/execute/970625-2.f execution, -O0
FAIL: g77.f-torture/execute/970625-2.f execution, -O1
FAIL: g77.f-torture/execute/970625-2.f execution, -O2
FAIL: g77.f-torture/execute/970625-2.f execution, -O3 -fomit-frame-pointer
FAIL: g77.f-torture/execute/970625-2.f execution, -O3 -fomit-frame-pointer -funroll-loops
FAIL: g77.f-torture/execute/970625-2.f execution, -O3 -fomit-frame-pointer -funroll-all-loops -finline-functions
FAIL: g77.f-torture/execute/970625-2.f execution, -O3 -g
FAIL: g77.f-torture/execute/970625-2.f execution, -Os
FAIL: g77.f-torture/execute/auto0.f execution, -O0
FAIL: g77.f-torture/execute/auto0.f execution, -O1
FAIL: g77.f-torture/execute/auto0.f execution, -Os
FAIL: g77.f-torture/execute/auto1.f execution, -O0
FAIL: g77.f-torture/execute/auto1.f execution, -O1
FAIL: g77.f-torture/execute/auto1.f execution, -Os
=== g77 Summary for unix/-mabi=64 ===
# of expected passes 1438
# of unexpected failures 14
# of unsupported tests 8
=== g77 Summary ===
# of expected passes 2890
# of unexpected failures 14
# of unsupported tests 16
/amnt/figaro/volumes/obj-gcc/gcc/obj.irix5/gcc-3.1-20020426/6.5-cc-java/gcc/testsuite/../g77 version 3.1 20020426 (prerelease)
=== gcc tests ===
Running target unix
WARNING: program timed out.
FAIL: gcc.c-torture/compile/20001226-1.c, -O1
WARNING: program timed out.
FAIL: gcc.c-torture/compile/20001226-1.c, -O2
WARNING: program timed out.
FAIL: gcc.c-torture/compile/20001226-1.c, -O3 -fomit-frame-pointer
WARNING: program timed out.
FAIL: gcc.c-torture/compile/20001226-1.c, -O3 -g
WARNING: program timed out.
FAIL: gcc.c-torture/compile/20001226-1.c, -Os
FAIL: gcc.c-torture/execute/20020307-2.c execution, -O0
FAIL: gcc.c-torture/execute/20020307-2.c execution, -O1
FAIL: gcc.c-torture/execute/20020307-2.c execution, -O2
FAIL: gcc.c-torture/execute/20020307-2.c execution, -O3 -fomit-frame-pointer
FAIL: gcc.c-torture/execute/20020307-2.c execution, -O3 -fomit-frame-pointer -funroll-loops
FAIL: gcc.c-torture/execute/20020307-2.c execution, -O3 -fomit-frame-pointer -funroll-all-loops -finline-functions
FAIL: gcc.c-torture/execute/20020307-2.c execution, -O3 -g
FAIL: gcc.c-torture/execute/20020307-2.c execution, -Os
FAIL: gcc.c-torture/execute/ieee/20000320-1.c execution, -O0
FAIL: gcc.c-torture/execute/ieee/20000320-1.c execution, -O1
FAIL: gcc.c-torture/execute/ieee/20000320-1.c execution, -O2
FAIL: gcc.c-torture/execute/ieee/20000320-1.c execution, -O3 -fomit-frame-pointer
FAIL: gcc.c-torture/execute/ieee/20000320-1.c execution, -O3 -g
FAIL: gcc.c-torture/execute/ieee/20000320-1.c execution, -Os
=== gcc Summary for unix ===
# of expected passes 17773
# of unexpected failures 19
# of expected failures 97
# of unsupported tests 120
Running target unix/-mabi=64
WARNING: program timed out.
FAIL: gcc.c-torture/compile/20001226-1.c, -O2
WARNING: program timed out.
FAIL: gcc.c-torture/compile/20001226-1.c, -O3 -fomit-frame-pointer
WARNING: program timed out.
FAIL: gcc.c-torture/compile/20001226-1.c, -O3 -g
WARNING: program timed out.
FAIL: gcc.c-torture/compile/20001226-1.c, -Os
FAIL: gcc.c-torture/execute/20020307-2.c execution, -O0
FAIL: gcc.c-torture/execute/20020307-2.c execution, -O1
FAIL: gcc.c-torture/execute/20020307-2.c execution, -O2
FAIL: gcc.c-torture/execute/20020307-2.c execution, -O3 -fomit-frame-pointer
FAIL: gcc.c-torture/execute/20020307-2.c execution, -O3 -fomit-frame-pointer -funroll-loops
FAIL: gcc.c-torture/execute/20020307-2.c execution, -O3 -fomit-frame-pointer -funroll-all-loops -finline-functions
FAIL: gcc.c-torture/execute/20020307-2.c execution, -O3 -g
FAIL: gcc.c-torture/execute/20020307-2.c execution, -Os
FAIL: gcc.c-torture/execute/ieee/20000320-1.c execution, -O0
FAIL: gcc.c-torture/execute/ieee/20000320-1.c execution, -O1
FAIL: gcc.c-torture/execute/ieee/20000320-1.c execution, -O2
FAIL: gcc.c-torture/execute/ieee/20000320-1.c execution, -O3 -fomit-frame-pointer
FAIL: gcc.c-torture/execute/ieee/20000320-1.c execution, -O3 -g
FAIL: gcc.c-torture/execute/ieee/20000320-1.c execution, -Os
XPASS: gcc.dg/c99-intconst-1.c (test for excess errors)
=== gcc Summary for unix/-mabi=64 ===
# of expected passes 17774
# of unexpected failures 18
# of unexpected successes 1
# of expected failures 96
# of unsupported tests 120
=== gcc Summary ===
# of expected passes 35547
# of unexpected failures 37
# of unexpected successes 1
# of expected failures 193
# of unsupported tests 240
/amnt/figaro/volumes/obj-gcc/gcc/obj.irix5/gcc-3.1-20020426/6.5-cc-java/gcc/xgcc version 3.1 20020426 (prerelease)
=== objc tests ===
Running target unix
=== objc Summary for unix ===
# of expected passes 1036
# of expected failures 6
Running target unix/-mabi=64
=== objc Summary for unix/-mabi=64 ===
# of expected passes 1036
# of expected failures 6
=== objc Summary ===
# of expected passes 2072
# of expected failures 12
/amnt/figaro/volumes/obj-gcc/gcc/obj.irix5/gcc-3.1-20020426/6.5-cc-java/gcc/xgcc version 3.1 20020426 (prerelease)
=== libjava tests ===
Running target unix
FAIL: invokethrow execution from source compiled test
FAIL: invokethrow execution from bytecode->native test
FAIL: invokethrow -O execution from source compiled test
FAIL: invokethrow -O execution from bytecode->native test
FAIL: TLtest compilation from bytecode
FAIL: TLtest -O compilation from bytecode
FAIL: FileHandleGcTest execution from source compiled test
FAIL: FileHandleGcTest execution from bytecode->native test
FAIL: FileHandleGcTest -O execution from source compiled test
FAIL: FileHandleGcTest -O execution from bytecode->native test
FAIL: Throw_2 execution from source compiled test
FAIL: Throw_2 execution from bytecode->native test
FAIL: Throw_2 -O execution from source compiled test
FAIL: Throw_2 -O execution from bytecode->native test
=== libjava Summary for unix ===
# of expected passes 1969
# of unexpected failures 14
# of expected failures 18
# of untested testcases 106
Running target unix/-mabi=64
FAIL: ArrayClass compilation from source
FAIL: ArrayClass -O compilation from source
FAIL: Case compilation from source
FAIL: Case -O compilation from source
FAIL: G19990210_1 compilation from source
FAIL: G19990210_1 -O compilation from source
FAIL: G19990210_2 compilation from source
FAIL: G19990210_2 -O compilation from source
FAIL: G19990210_3 compilation from source
FAIL: G19990210_3 -O compilation from source
FAIL: G19990217_01 compilation from source
FAIL: G19990217_01 -O compilation from source
FAIL: G19990225_01 compilation from source
FAIL: G19990225_01 -O compilation from source
FAIL: N19990310_01 compilation from source
FAIL: N19990310_01 -O compilation from source
FAIL: N19990317 compilation from source
FAIL: N19990317 -O compilation from source
FAIL: OperatorBenchmark compilation from source
FAIL: OperatorBenchmark -O compilation from source
FAIL: PR295 compilation from source
FAIL: PR295 -O compilation from source
FAIL: PR206 compilation from source
FAIL: PR206 -O compilation from source
FAIL: PR209 compilation from source
FAIL: PR209 -O compilation from source
FAIL: PR232 compilation from source
FAIL: PR232 -O compilation from source
FAIL: PR232B compilation from source
FAIL: PR232B -O compilation from source
FAIL: PR234 compilation from source
FAIL: PR234 -O compilation from source
FAIL: PR235 compilation from source
FAIL: PR235 -O compilation from source
FAIL: Statics compilation from source
FAIL: Statics -O compilation from source
FAIL: PR374 compilation from source
FAIL: PR374 -O compilation from source
FAIL: PR375 compilation from source
FAIL: PR375 -O compilation from source
FAIL: Semi compilation from source
FAIL: Semi -O compilation from source
FAIL: SuperConstr compilation from source
FAIL: SuperConstr -O compilation from source
FAIL: Twice compilation from source
FAIL: Twice -O compilation from source
FAIL: assignment compilation from source
FAIL: assignment -O compilation from source
FAIL: assignment_2 compilation from source
FAIL: assignment_2 -O compilation from source
FAIL: comment compilation from source
FAIL: comment -O compilation from source
FAIL: iface compilation from source
FAIL: iface -O compilation from source
FAIL: inner_data compilation from source
FAIL: inner_data -O compilation from source
FAIL: perc compilation from source
FAIL: perc -O compilation from source
FAIL: inner_inherit compilation from source
FAIL: inner_inherit -O compilation from source
FAIL: inner_priv compilation from source
FAIL: inner_priv -O compilation from source
FAIL: inner_pub compilation from source
FAIL: inner_pub -O compilation from source
FAIL: plusplus compilation from source
FAIL: plusplus -O compilation from source
FAIL: pr172 compilation from source
FAIL: pr172 -O compilation from source
FAIL: pr174 compilation from source
FAIL: pr174 -O compilation from source
FAIL: pr176 compilation from source
FAIL: pr176 -O compilation from source
FAIL: static_init2 compilation from source
FAIL: static_init2 -O compilation from source
FAIL: static_inner compilation from source
FAIL: static_inner -O compilation from source
FAIL: XercesBug compilation from source
FAIL: XercesBug -O compilation from source
FAIL: PR4766 compilation from source
FAIL: PR4766 -O compilation from source
FAIL: final_local_switch compilation from source
FAIL: final_local_switch -O compilation from source
FAIL: final_initialization_in_ctor compilation from source
FAIL: final_initialization_in_ctor -O compilation from source
FAIL: PR5902 compilation from source
FAIL: PR5902 -O compilation from source
FAIL: PR6026 compilation from source
FAIL: PR6026 -O compilation from source
FAIL: linking calls
FAIL: linking field
FAIL: linking final_method
FAIL: linking findclass
FAIL: linking invoke
FAIL: linking martin
FAIL: linking noclass
FAIL: linking overload
FAIL: linking register
FAIL: linking simple_int
FAIL: linking throwit
FAIL: linking virtual
FAIL: linking cxxtest
FAIL: Array_1 compilation from source
FAIL: Array_1 compilation from bytecode
FAIL: Array_1 -O compilation from source
FAIL: Array_1 -O compilation from bytecode
FAIL: Array_2 compilation from source
FAIL: Array_2 compilation from bytecode
FAIL: Array_2 -O compilation from source
FAIL: Array_2 -O compilation from bytecode
FAIL: Class_1 compilation from source
FAIL: Class_1 compilation from bytecode
FAIL: Class_1 -O compilation from source
FAIL: Class_1 -O compilation from bytecode
FAIL: Divide_1 compilation from source
FAIL: Divide_1 compilation from bytecode
FAIL: Divide_1 -O compilation from source
FAIL: Divide_1 -O compilation from bytecode
FAIL: Final compilation from source
FAIL: Final compilation from bytecode
FAIL: Final -O compilation from source
FAIL: Final -O compilation from bytecode
FAIL: Float_1 compilation from source
FAIL: Float_1 compilation from bytecode
FAIL: Float_1 -O compilation from source
FAIL: Float_1 -O compilation from bytecode
FAIL: G19990301_01 compilation from source
FAIL: G19990301_01 compilation from bytecode
FAIL: G19990301_01 -O compilation from source
FAIL: G19990301_01 -O compilation from bytecode
FAIL: G19990302_02 compilation from source
FAIL: G19990302_02 compilation from bytecode
FAIL: G19990302_02 -O compilation from source
FAIL: G19990302_02 -O compilation from bytecode
FAIL: G19990303_01 compilation from source
FAIL: G19990303_01 compilation from bytecode
FAIL: G19990303_01 -O compilation from source
FAIL: G19990303_01 -O compilation from bytecode
FAIL: G19990303_02 compilation from source
FAIL: G19990303_02 compilation from bytecode
FAIL: G19990303_02 -O compilation from source
FAIL: G19990303_02 -O compilation from bytecode
FAIL: G19990304_01 compilation from source
FAIL: G19990304_01 compilation from bytecode
FAIL: G19990304_01 -O compilation from source
FAIL: G19990304_01 -O compilation from bytecode
FAIL: G19990310_01 compilation from source
FAIL: G19990310_01 compilation from bytecode
FAIL: G19990310_01 -O compilation from source
FAIL: G19990310_01 -O compilation from bytecode
FAIL: InterfaceDispatch compilation from source
FAIL: InterfaceDispatch compilation from bytecode
FAIL: InterfaceDispatch -O compilation from source
FAIL: InterfaceDispatch -O compilation from bytecode
FAIL: Invoke_1 compilation from source
FAIL: Invoke_1 compilation from bytecode
FAIL: Invoke_1 -O compilation from source
FAIL: Invoke_1 -O compilation from bytecode
FAIL: Invoke_2 compilation from source
FAIL: Invoke_2 compilation from bytecode
FAIL: Invoke_2 -O compilation from source
FAIL: Invoke_2 -O compilation from bytecode
FAIL: N19990310_02 compilation from source
FAIL: N19990310_02 compilation from bytecode
FAIL: N19990310_02 -O compilation from source
FAIL: N19990310_02 -O compilation from bytecode
FAIL: N19990310_3 compilation from source
FAIL: N19990310_3 compilation from bytecode
FAIL: N19990310_3 -O compilation from source
FAIL: N19990310_3 -O compilation from bytecode
FAIL: N19990310_4 compilation from source
FAIL: N19990310_4 compilation from bytecode
FAIL: N19990310_4 -O compilation from source
FAIL: N19990310_4 -O compilation from bytecode
FAIL: N19990310_5 compilation from source
FAIL: N19990310_5 compilation from bytecode
FAIL: N19990310_5 -O compilation from source
FAIL: N19990310_5 -O compilation from bytecode
FAIL: PR141 compilation from source
FAIL: PR141 compilation from bytecode
FAIL: PR141 -O compilation from source
FAIL: PR141 -O compilation from bytecode
FAIL: PR160 compilation from source
FAIL: PR160 compilation from bytecode
FAIL: PR160 -O compilation from source
FAIL: PR160 -O compilation from bytecode
FAIL: PR162 compilation from source
FAIL: PR162 compilation from bytecode
FAIL: PR162 -O compilation from source
FAIL: PR162 -O compilation from bytecode
FAIL: PR218 compilation from source
FAIL: PR218 compilation from bytecode
FAIL: PR218 -O compilation from source
FAIL: PR218 -O compilation from bytecode
FAIL: PR242 compilation from source
FAIL: PR242 compilation from bytecode
FAIL: PR242 -O compilation from source
FAIL: PR242 -O compilation from bytecode
FAIL: PR260 compilation from source
FAIL: PR260 compilation from bytecode
FAIL: PR260 -O compilation from source
FAIL: PR260 -O compilation from bytecode
FAIL: PR55 compilation from source
FAIL: PR55 compilation from bytecode
FAIL: PR55 -O compilation from source
FAIL: PR55 -O compilation from bytecode
FAIL: PR56 compilation from source
FAIL: PR56 compilation from bytecode
FAIL: PR56 -O compilation from source
FAIL: PR56 -O compilation from bytecode
FAIL: Primes compilation from source
FAIL: Primes compilation from bytecode
FAIL: Primes -O compilation from source
FAIL: Primes -O compilation from bytecode
FAIL: StringBuffer_1 compilation from source
FAIL: StringBuffer_1 compilation from bytecode
FAIL: StringBuffer_1 -O compilation from source
FAIL: StringBuffer_1 -O compilation from bytecode
FAIL: Shazam compilation from source
FAIL: Shazam compilation from bytecode
FAIL: Shazam -O compilation from source
FAIL: Shazam -O compilation from bytecode
FAIL: Synch compilation from source
FAIL: Synch compilation from bytecode
FAIL: Synch -O compilation from source
FAIL: Synch -O compilation from bytecode
FAIL: Thread_Alive compilation from source
FAIL: Thread_Alive -O compilation from source
FAIL: Thread_Interrupt compilation from source
FAIL: Thread_Interrupt -O compilation from source
FAIL: Thread_Join compilation from source
FAIL: Thread_Join -O compilation from source
FAIL: Thread_Monitor compilation from source
FAIL: Thread_Monitor -O compilation from source
FAIL: Thread_Sleep compilation from source
FAIL: Thread_Sleep -O compilation from source
FAIL: Thread_Wait compilation from source
FAIL: Thread_Wait -O compilation from source
FAIL: Thread_Wait_2 compilation from source
FAIL: Thread_Wait_2 -O compilation from source
FAIL: Thread_Wait_Interrupt compilation from source
FAIL: Thread_Wait_Interrupt -O compilation from source
FAIL: Throw_1 compilation from source
FAIL: Throw_1 compilation from bytecode
FAIL: Throw_1 -O compilation from source
FAIL: Throw_1 -O compilation from bytecode
FAIL: anfi compilation from source
FAIL: anfi compilation from bytecode
FAIL: anfi -O compilation from source
FAIL: anfi -O compilation from bytecode
FAIL: anon compilation from source
FAIL: anon compilation from bytecode
FAIL: anon -O compilation from source
FAIL: anon -O compilation from bytecode
FAIL: anon2 compilation from source
FAIL: anon2 compilation from bytecode
FAIL: anon2 -O compilation from source
FAIL: anon2 -O compilation from bytecode
FAIL: anon3 compilation from source
FAIL: anon3 compilation from bytecode
FAIL: anon3 -O compilation from source
FAIL: anon3 -O compilation from bytecode
FAIL: anon4 compilation from source
FAIL: anon4 compilation from bytecode
FAIL: anon4 -O compilation from source
FAIL: anon4 -O compilation from bytecode
FAIL: final_static_and_friend compilation from source
FAIL: final_static_and_friend compilation from bytecode
FAIL: final_static_and_friend -O compilation from source
FAIL: final_static_and_friend -O compilation from bytecode
FAIL: anonarray compilation from source
FAIL: anonarray compilation from bytecode
FAIL: anonarray -O compilation from source
FAIL: anonarray -O compilation from bytecode
FAIL: anonarray2 compilation from source
FAIL: anonarray2 compilation from bytecode
FAIL: anonarray2 -O compilation from source
FAIL: anonarray2 -O compilation from bytecode
FAIL: anonarray3 compilation from source
FAIL: anonarray3 compilation from bytecode
FAIL: anonarray3 -O compilation from source
FAIL: anonarray3 -O compilation from bytecode
FAIL: direct_read compilation from source
FAIL: direct_read compilation from bytecode
FAIL: direct_read -O compilation from source
FAIL: direct_read -O compilation from bytecode
FAIL: direct_write compilation from source
FAIL: direct_write compilation from bytecode
FAIL: direct_write -O compilation from source
FAIL: direct_write -O compilation from bytecode
FAIL: err1 compilation from source
FAIL: err1 compilation from bytecode
FAIL: err1 -O compilation from source
FAIL: err1 -O compilation from bytecode
FAIL: err10 compilation from source
FAIL: err10 compilation from bytecode
FAIL: err10 -O compilation from source
FAIL: err10 -O compilation from bytecode
FAIL: err11 compilation from source
FAIL: err11 compilation from bytecode
FAIL: err11 -O compilation from source
FAIL: err11 -O compilation from bytecode
FAIL: err12 compilation from source
FAIL: err12 compilation from bytecode
FAIL: err12 -O compilation from source
FAIL: err12 -O compilation from bytecode
FAIL: err13 compilation from source
FAIL: err13 compilation from bytecode
FAIL: err13 -O compilation from source
FAIL: err13 -O compilation from bytecode
FAIL: err2 compilation from source
FAIL: err2 compilation from bytecode
FAIL: err2 -O compilation from source
FAIL: err2 -O compilation from bytecode
FAIL: err3 compilation from source
FAIL: err3 compilation from bytecode
FAIL: err3 -O compilation from source
FAIL: err3 -O compilation from bytecode
FAIL: err4 compilation from source
FAIL: err4 compilation from bytecode
FAIL: err4 -O compilation from source
FAIL: err4 -O compilation from bytecode
FAIL: err5 compilation from source
FAIL: err5 compilation from bytecode
FAIL: err5 -O compilation from source
FAIL: err5 -O compilation from bytecode
FAIL: err6 compilation from source
FAIL: err6 compilation from bytecode
FAIL: err6 -O compilation from source
FAIL: err6 -O compilation from bytecode
FAIL: err7 compilation from source
FAIL: err7 compilation from bytecode
FAIL: err7 -O compilation from source
FAIL: err7 -O compilation from bytecode
FAIL: err8 compilation from source
FAIL: err8 compilation from bytecode
FAIL: err8 -O compilation from source
FAIL: err8 -O compilation from bytecode
FAIL: err9 compilation from source
FAIL: err9 compilation from bytecode
FAIL: err9 -O compilation from source
FAIL: err9 -O compilation from bytecode
FAIL: final_inner compilation from source
FAIL: final_inner compilation from bytecode
FAIL: final_inner -O compilation from source
FAIL: final_inner -O compilation from bytecode
FAIL: final_int compilation from source
FAIL: final_int compilation from bytecode
FAIL: final_int -O compilation from source
FAIL: final_int -O compilation from bytecode
FAIL: inner1 compilation from source
FAIL: inner1 compilation from bytecode
FAIL: inner1 -O compilation from source
FAIL: inner1 -O compilation from bytecode
FAIL: indirect compilation from source
FAIL: indirect compilation from bytecode
FAIL: indirect -O compilation from source
FAIL: indirect -O compilation from bytecode
FAIL: indirect_read compilation from source
FAIL: indirect_read compilation from bytecode
FAIL: indirect_read -O compilation from source
FAIL: indirect_read -O compilation from bytecode
FAIL: indirect_write compilation from source
FAIL: indirect_write compilation from bytecode
FAIL: indirect_write -O compilation from source
FAIL: indirect_write -O compilation from bytecode
FAIL: inner2 compilation from source
FAIL: inner2 compilation from bytecode
FAIL: inner2 -O compilation from source
FAIL: inner2 -O compilation from bytecode
FAIL: inner3 compilation from source
FAIL: inner3 compilation from bytecode
FAIL: inner3 -O compilation from source
FAIL: inner3 -O compilation from bytecode
FAIL: inner4 compilation from source
FAIL: inner4 compilation from bytecode
FAIL: inner4 -O compilation from source
FAIL: inner4 -O compilation from bytecode
FAIL: inner_array compilation from source
FAIL: inner_array compilation from bytecode
FAIL: inner_array -O compilation from source
FAIL: inner_array -O compilation from bytecode
FAIL: inner_interface compilation from source
FAIL: inner_interface compilation from bytecode
FAIL: inner_interface -O compilation from source
FAIL: inner_interface -O compilation from bytecode
FAIL: instance compilation from source
FAIL: instance compilation from bytecode
FAIL: instance -O compilation from source
FAIL: instance -O compilation from bytecode
FAIL: instinit compilation from source
FAIL: instinit compilation from bytecode
FAIL: instinit -O compilation from source
FAIL: instinit -O compilation from bytecode
FAIL: instinit2 compilation from source
FAIL: instinit2 compilation from bytecode
FAIL: instinit2 -O compilation from source
FAIL: instinit2 -O compilation from bytecode
FAIL: invokethrow compilation from source
FAIL: invokethrow compilation from bytecode
FAIL: invokethrow -O compilation from source
FAIL: invokethrow -O compilation from bytecode
FAIL: klass compilation from source
FAIL: klass compilation from bytecode
FAIL: klass -O compilation from source
FAIL: klass -O compilation from bytecode
FAIL: multiple_finit compilation from source
FAIL: multiple_finit compilation from bytecode
FAIL: multiple_finit -O compilation from source
FAIL: multiple_finit -O compilation from bytecode
FAIL: nested_with_ctor compilation from source
FAIL: nested_with_ctor compilation from bytecode
FAIL: nested_with_ctor -O compilation from source
FAIL: nested_with_ctor -O compilation from bytecode
FAIL: pr109 compilation from source
FAIL: pr109 compilation from bytecode
FAIL: pr109 -O compilation from source
FAIL: pr109 -O compilation from bytecode
FAIL: pr133 compilation from source
FAIL: pr133 compilation from bytecode
FAIL: pr133 -O compilation from source
FAIL: pr133 -O compilation from bytecode
FAIL: pr179 compilation from source
FAIL: pr179 compilation from bytecode
FAIL: pr179 -O compilation from source
FAIL: pr179 -O compilation from bytecode
FAIL: pr184 compilation from source
FAIL: pr184 compilation from bytecode
FAIL: pr184 -O compilation from source
FAIL: pr184 -O compilation from bytecode
FAIL: pr83 compilation from source
FAIL: pr83 compilation from bytecode
FAIL: pr83 -O compilation from source
FAIL: pr83 -O compilation from bytecode
FAIL: tmi compilation from source
FAIL: tmi compilation from bytecode
FAIL: tmi -O compilation from source
FAIL: tmi -O compilation from bytecode
FAIL: private_direct_read compilation from source
FAIL: private_direct_read compilation from bytecode
FAIL: private_direct_read -O compilation from source
FAIL: private_direct_read -O compilation from bytecode
FAIL: search_outer compilation from source
FAIL: search_outer compilation from bytecode
FAIL: search_outer -O compilation from source
FAIL: search_outer -O compilation from bytecode
FAIL: stringconst compilation from source
FAIL: stringconst compilation from bytecode
FAIL: stringconst -O compilation from source
FAIL: stringconst -O compilation from bytecode
FAIL: stringconst2 compilation from source
FAIL: stringconst2 compilation from bytecode
FAIL: stringconst2 -O compilation from source
FAIL: stringconst2 -O compilation from bytecode
FAIL: stub compilation from source
FAIL: stub compilation from bytecode
FAIL: stub -O compilation from source
FAIL: stub -O compilation from bytecode
FAIL: test_long compilation from source
FAIL: test_long compilation from bytecode
FAIL: test_long -O compilation from source
FAIL: test_long -O compilation from bytecode
FAIL: tp compilation from source
FAIL: tp compilation from bytecode
FAIL: tp -O compilation from source
FAIL: tp -O compilation from bytecode
FAIL: II compilation from source
FAIL: II compilation from bytecode
FAIL: II -O compilation from source
FAIL: II -O compilation from bytecode
FAIL: update_outer compilation from source
FAIL: update_outer compilation from bytecode
FAIL: update_outer -O compilation from source
FAIL: update_outer -O compilation from bytecode
FAIL: TLtest compilation from source
FAIL: TLtest compilation from bytecode
FAIL: TLtest -O compilation from source
FAIL: TLtest -O compilation from bytecode
FAIL: PR3731 compilation from source
FAIL: PR3731 compilation from bytecode
FAIL: PR3731 -O compilation from source
FAIL: PR3731 -O compilation from bytecode
FAIL: anon_ctor_itf_arg compilation from source
FAIL: anon_ctor_itf_arg compilation from bytecode
FAIL: anon_ctor_itf_arg -O compilation from source
FAIL: anon_ctor_itf_arg -O compilation from bytecode
FAIL: invoke_from_inner compilation from source
FAIL: invoke_from_inner compilation from bytecode
FAIL: invoke_from_inner -O compilation from source
FAIL: invoke_from_inner -O compilation from bytecode
FAIL: KeepInline compilation from source
FAIL: KeepInline compilation from bytecode
FAIL: KeepInline -O compilation from source
FAIL: KeepInline -O compilation from bytecode
FAIL: SyncTest compilation from source
FAIL: SyncTest -O compilation from source
FAIL: Matrix4f compilation from source
FAIL: Matrix4f compilation from bytecode
FAIL: Matrix4f -O compilation from source
FAIL: Matrix4f -O compilation from bytecode
FAIL: PR3096 compilation from source
FAIL: PR3096 compilation from bytecode
FAIL: PR3096 -O compilation from source
FAIL: PR3096 -O compilation from bytecode
FAIL: Array_3 compilation from source
FAIL: Array_3 compilation from bytecode
FAIL: Array_3 -O compilation from source
FAIL: Array_3 -O compilation from bytecode
FAIL: FileHandleGcTest compilation from source
FAIL: FileHandleGcTest compilation from bytecode
FAIL: FileHandleGcTest -O compilation from source
FAIL: FileHandleGcTest -O compilation from bytecode
FAIL: PR5057 compilation from source
FAIL: PR5057 compilation from bytecode
FAIL: PR5057 -O compilation from source
FAIL: PR5057 -O compilation from bytecode
FAIL: PR5057_2 compilation from source
FAIL: PR5057_2 compilation from bytecode
FAIL: PR5057_2 -O compilation from source
FAIL: PR5057_2 -O compilation from bytecode
FAIL: ArrayStore compilation from source
FAIL: ArrayStore compilation from bytecode
FAIL: ArrayStore -O compilation from source
FAIL: ArrayStore -O compilation from bytecode
FAIL: ArrayStore2 compilation from source
FAIL: ArrayStore2 compilation from bytecode
FAIL: ArrayStore2 -O compilation from source
FAIL: ArrayStore2 -O compilation from bytecode
FAIL: InvokeReturn compilation from source
FAIL: InvokeReturn compilation from bytecode
FAIL: InvokeReturn -O compilation from source
FAIL: InvokeReturn -O compilation from bytecode
FAIL: Throw_2 compilation from source
FAIL: Throw_2 compilation from bytecode
FAIL: Throw_2 -O compilation from source
FAIL: Throw_2 -O compilation from bytecode
FAIL: negzero compilation from source
FAIL: negzero compilation from bytecode
FAIL: negzero -O compilation from source
FAIL: negzero -O compilation from bytecode
=== libjava Summary for unix/-mabi=64 ===
# of expected passes 617
# of unexpected failures 539
# of expected failures 25
# of untested testcases 926
=== libjava Summary ===
# of expected passes 2586
# of unexpected failures 553
# of expected failures 43
# of untested testcases 1032
=== libstdc++-v3 tests ===
Running target unix
XPASS: 22_locale/collate_members_wchar_t.cc execution test
XPASS: 22_locale/money_get_members_wchar_t.cc execution test
XPASS: 22_locale/money_put_members_wchar_t.cc execution test
XPASS: 22_locale/moneypunct_members_wchar_t.cc execution test
XPASS: 22_locale/num_get_members_wchar_t.cc execution test
XPASS: 22_locale/num_put_members_wchar_t.cc execution test
XPASS: 22_locale/numpunct_members_wchar_t.cc execution test
XPASS: 22_locale/time_get_members_wchar_t.cc execution test
XPASS: 22_locale/time_put_members_wchar_t.cc execution test
FAIL: 27_io/ostream_inserter_arith.cc execution test
=== libstdc++-v3 Summary for unix ===
# of expected passes 360
# of unexpected failures 1
# of unexpected successes 9
# of expected failures 16
# of unsupported tests 6
Running target unix/-mabi=64
XPASS: 22_locale/collate_members_wchar_t.cc execution test
XPASS: 22_locale/money_get_members_wchar_t.cc execution test
XPASS: 22_locale/money_put_members_wchar_t.cc execution test
XPASS: 22_locale/moneypunct_members_wchar_t.cc execution test
XPASS: 22_locale/num_get_members_wchar_t.cc execution test
XPASS: 22_locale/num_put_members_wchar_t.cc execution test
XPASS: 22_locale/numpunct_members_wchar_t.cc execution test
XPASS: 22_locale/time_get_members_wchar_t.cc execution test
XPASS: 22_locale/time_put_members_wchar_t.cc execution test
FAIL: 27_io/ostream_inserter_arith.cc execution test
=== libstdc++-v3 Summary for unix/-mabi=64 ===
# of expected passes 360
# of unexpected failures 1
# of unexpected successes 9
# of expected failures 16
# of unsupported tests 6
=== libstdc++-v3 Summary ===
# of expected passes 720
# of unexpected failures 2
# of unexpected successes 18
# of expected failures 32
# of unsupported tests 12
Compiler version: 3.1 20020426 (prerelease)
Platform: mips-sgi-irix6.5
configure flags: --host=mips-sgi-irix6.5 --prefix=/vol/gcc --with-local-prefix=/vol/gcc --disable-nls --enable-libgcj