This is the mail archive of the
gcc-testresults@gcc.gnu.org
mailing list for the GCC project.
Results for 3.1 20020426 (prerelease) testsuite on sparc-sun-solaris2.8
- From: ro at TechFak dot Uni-Bielefeld dot DE
- To: gcc-testresults at gcc dot gnu dot org
- Date: Mon, 29 Apr 2002 21:44:45 +0200 (MEST)
- Subject: Results for 3.1 20020426 (prerelease) testsuite on sparc-sun-solaris2.8
LAST_UPDATED: Fri Apr 26 17:18:31 UTC 2002
Native configuration is sparc-sun-solaris2.8
=== g++ tests ===
Running target unix
FAIL: g++.dg/special/conpr-2.C execution test
FAIL: g++.dg/special/conpr-3.C execution test
FAIL: g++.dg/special/initp1.C execution test
=== g++ Summary for unix ===
# of expected passes 7154
# of unexpected failures 3
# of expected failures 88
# of untested testcases 21
# of unsupported tests 3
Running target unix/-m64
FAIL: g++.dg/special/conpr-2.C execution test
FAIL: g++.dg/special/conpr-3.C execution test
FAIL: g++.dg/special/initp1.C execution test
=== g++ Summary for unix/-m64 ===
# of expected passes 7154
# of unexpected failures 3
# of expected failures 88
# of untested testcases 21
# of unsupported tests 3
=== g++ Summary ===
# of expected passes 14308
# of unexpected failures 6
# of expected failures 176
# of untested testcases 42
# of unsupported tests 6
/amnt/figaro/volumes/obj-gcc/gcc/obj.sol2/gcc-3.1-20020426/8-gcc/gcc/testsuite/../g++ version 3.1 20020426 (prerelease)
=== g77 tests ===
Running target unix
=== g77 Summary for unix ===
# of expected passes 1452
# of unsupported tests 8
Running target unix/-m64
=== g77 Summary for unix/-m64 ===
# of expected passes 1452
# of unsupported tests 8
=== g77 Summary ===
# of expected passes 2904
# of unsupported tests 16
/amnt/figaro/volumes/obj-gcc/gcc/obj.sol2/gcc-3.1-20020426/8-gcc/gcc/testsuite/../g77 version 3.1 20020426 (prerelease)
=== gcc tests ===
Running target unix
UNRESOLVED: weak-1.c
UNRESOLVED: weak-2.c
UNRESOLVED: wkali-1.c
UNRESOLVED: wkali-2.c
=== gcc Summary for unix ===
# of expected passes 18179
# of expected failures 62
# of unresolved testcases 4
# of unsupported tests 107
Running target unix/-m64
XPASS: gcc.c-torture/execute/20020227-1.c execution, -O0
XPASS: gcc.c-torture/execute/20020227-1.c execution, -O1
FAIL: gcc.c-torture/execute/regstack-1.c execution, -O0
XPASS: gcc.dg/c99-intconst-1.c (test for excess errors)
FAIL: gcc.dg/sparc-ret.c (test for excess errors)
ERROR: gcc.dg/sparc-ret.c: error executing dg-final: couldn't open "sparc-ret.s": no such file or directory
UNRESOLVED: gcc.dg/sparc-ret.c: error executing dg-final: couldn't open "sparc-ret.s": no such file or directory
UNRESOLVED: weak-1.c
UNRESOLVED: weak-2.c
UNRESOLVED: wkali-1.c
UNRESOLVED: wkali-2.c
=== gcc Summary for unix/-m64 ===
# of expected passes 18169
# of unexpected failures 2
# of unexpected successes 3
# of expected failures 65
# of unresolved testcases 5
# of unsupported tests 107
=== gcc Summary ===
# of expected passes 36348
# of unexpected failures 2
# of unexpected successes 3
# of expected failures 127
# of unresolved testcases 9
# of unsupported tests 214
/amnt/figaro/volumes/obj-gcc/gcc/obj.sol2/gcc-3.1-20020426/8-gcc/gcc/xgcc version 3.1 20020426 (prerelease)
=== objc tests ===
Running target unix
=== objc Summary for unix ===
# of expected passes 1036
# of expected failures 6
Running target unix/-m64
=== objc Summary for unix/-m64 ===
# of expected passes 1036
# of expected failures 6
=== objc Summary ===
# of expected passes 2072
# of expected failures 12
/amnt/figaro/volumes/obj-gcc/gcc/obj.sol2/gcc-3.1-20020426/8-gcc/gcc/xgcc version 3.1 20020426 (prerelease)
=== libjava tests ===
Running target unix
FAIL: Thread_Interrupt output from source compiled test
FAIL: FileHandleGcTest execution from source compiled test
FAIL: FileHandleGcTest execution from bytecode->native test
FAIL: FileHandleGcTest -O execution from source compiled test
FAIL: FileHandleGcTest -O execution from bytecode->native test
FAIL: Throw_2 execution from source compiled test
FAIL: Throw_2 execution from bytecode->native test
FAIL: Throw_2 -O execution from source compiled test
FAIL: Throw_2 -O execution from bytecode->native test
=== libjava Summary for unix ===
# of expected passes 2058
# of unexpected failures 9
# of expected failures 18
# of untested testcases 22
Running target unix/-m64
FAIL: calls output
FAIL: Thread_Interrupt -O output from source compiled test
FAIL: FileHandleGcTest execution from source compiled test
FAIL: FileHandleGcTest execution from bytecode->native test
FAIL: FileHandleGcTest -O execution from source compiled test
FAIL: FileHandleGcTest -O execution from bytecode->native test
FAIL: InvokeReturn output from source compiled test
FAIL: InvokeReturn output from bytecode->native test
FAIL: InvokeReturn -O output from source compiled test
FAIL: InvokeReturn -O output from bytecode->native test
=== libjava Summary for unix/-m64 ===
# of expected passes 2061
# of unexpected failures 10
# of expected failures 18
# of untested testcases 18
=== libjava Summary ===
# of expected passes 4119
# of unexpected failures 19
# of expected failures 36
# of untested testcases 40
=== libstdc++-v3 tests ===
Running target unix
FAIL: 18_support/numeric_limits.cc execution test
WARNING: program timed out.
FAIL: 21_strings/ctor_copy_dtor.cc execution test
FAIL: 21_strings/inserters_extractors.cc execution test
XPASS: 22_locale/collate_members_wchar_t.cc execution test
XPASS: 22_locale/money_get_members_wchar_t.cc execution test
XPASS: 22_locale/money_put_members_wchar_t.cc execution test
XPASS: 22_locale/moneypunct_members_wchar_t.cc execution test
XPASS: 22_locale/num_get_members_wchar_t.cc execution test
XPASS: 22_locale/num_put_members_wchar_t.cc execution test
XPASS: 22_locale/numpunct_members_wchar_t.cc execution test
XPASS: 22_locale/time_get_members_wchar_t.cc execution test
XPASS: 22_locale/time_put_members_wchar_t.cc execution test
FAIL: 24_iterators/istream_iterator.cc execution test
FAIL: 26_numerics/complex_inserters_extractors.cc execution test
FAIL: 27_io/instantiations.cc execution test
FAIL: 27_io/istream_extractor_arith.cc execution test
FAIL: 27_io/istream_extractor_char.cc execution test
FAIL: 27_io/istream_extractor_other.cc execution test
FAIL: 27_io/istream_manip.cc execution test
FAIL: 27_io/istream_seeks.cc execution test
FAIL: 27_io/istream_sentry.cc execution test
FAIL: 27_io/istream_unformatted.cc execution test
FAIL: 27_io/istringstream_members.cc execution test
FAIL: 27_io/ostream_inserter_arith.cc execution test
FAIL: 27_io/ostream_inserter_other.cc execution test
FAIL: 27_io/stringstream_members.cc execution test
=== libstdc++-v3 Summary for unix ===
# of expected passes 356
# of unexpected failures 17
# of unexpected successes 9
# of expected failures 16
Running target unix/-m64
FAIL: 17_intro/header_cassert.cc (test for excess errors)
WARNING: 17_intro/header_cassert.cc compilation failed to produce executable
FAIL: 17_intro/header_cerrno.cc (test for excess errors)
WARNING: 17_intro/header_cerrno.cc compilation failed to produce executable
FAIL: 17_intro/header_ciso646.cc (test for excess errors)
FAIL: 17_intro/header_csetjmp.cc (test for excess errors)
WARNING: 17_intro/header_csetjmp.cc compilation failed to produce executable
FAIL: 17_intro/header_cstdarg.cc (test for excess errors)
WARNING: 17_intro/header_cstdarg.cc compilation failed to produce executable
FAIL: 17_intro/header_cstddef.cc (test for excess errors)
WARNING: 17_intro/header_cstddef.cc compilation failed to produce executable
FAIL: 17_intro/header_cstdio.cc (test for excess errors)
WARNING: 17_intro/header_cstdio.cc compilation failed to produce executable
FAIL: 17_intro/header_cstdlib.cc (test for excess errors)
WARNING: 17_intro/header_cstdlib.cc compilation failed to produce executable
FAIL: 17_intro/header_cstring.cc (test for excess errors)
WARNING: 17_intro/header_cstring.cc compilation failed to produce executable
FAIL: 17_intro/header_ctime.cc (test for excess errors)
WARNING: 17_intro/header_ctime.cc compilation failed to produce executable
FAIL: 17_intro/header_cwchar.cc (test for excess errors)
WARNING: 17_intro/header_cwchar.cc compilation failed to produce executable
FAIL: 17_intro/header_cwctype.cc (test for excess errors)
WARNING: 17_intro/header_cwctype.cc compilation failed to produce executable
FAIL: 17_intro/header_fstream.cc (test for excess errors)
WARNING: 17_intro/header_fstream.cc compilation failed to produce executable
FAIL: 17_intro/header_iomanip.cc (test for excess errors)
WARNING: 17_intro/header_iomanip.cc compilation failed to produce executable
FAIL: 17_intro/header_ios.cc (test for excess errors)
WARNING: 17_intro/header_ios.cc compilation failed to produce executable
FAIL: 17_intro/header_iosfwd.cc (test for excess errors)
WARNING: 17_intro/header_iosfwd.cc compilation failed to produce executable
FAIL: 17_intro/header_iostream.cc (test for excess errors)
WARNING: 17_intro/header_iostream.cc compilation failed to produce executable
FAIL: 17_intro/header_istream.cc (test for excess errors)
WARNING: 17_intro/header_istream.cc compilation failed to produce executable
FAIL: 17_intro/header_ostream.cc (test for excess errors)
WARNING: 17_intro/header_ostream.cc compilation failed to produce executable
FAIL: 17_intro/header_sstream.cc (test for excess errors)
WARNING: 17_intro/header_sstream.cc compilation failed to produce executable
FAIL: 17_intro/header_streambuf.cc (test for excess errors)
WARNING: 17_intro/header_streambuf.cc compilation failed to produce executable
FAIL: 17_intro/headers.cc (test for excess errors)
WARNING: 17_intro/headers.cc compilation failed to produce executable
FAIL: 17_intro/headers_c++.cc (test for excess errors)
WARNING: 17_intro/headers_c++.cc compilation failed to produce executable
FAIL: 17_intro/headers_c.cc (test for excess errors)
WARNING: 17_intro/headers_c.cc compilation failed to produce executable
FAIL: 18_support/numeric_limits.cc (test for excess errors)
WARNING: 18_support/numeric_limits.cc compilation failed to produce executable
FAIL: 19_diagnostics/stdexceptions.cc (test for excess errors)
WARNING: 19_diagnostics/stdexceptions.cc compilation failed to produce executable
FAIL: 20_util/allocator_members.cc (test for excess errors)
WARNING: 20_util/allocator_members.cc compilation failed to produce executable
FAIL: 20_util/auto_ptr.cc (test for excess errors)
WARNING: 20_util/auto_ptr.cc compilation failed to produce executable
FAIL: 20_util/binders.cc (test for excess errors)
WARNING: 20_util/binders.cc compilation failed to produce executable
FAIL: 20_util/comparisons.cc (test for excess errors)
WARNING: 20_util/comparisons.cc compilation failed to produce executable
FAIL: 20_util/pairs.cc (test for excess errors)
WARNING: 20_util/pairs.cc compilation failed to produce executable
FAIL: 20_util/raw_storage_iterator.cc (test for excess errors)
WARNING: 20_util/raw_storage_iterator.cc compilation failed to produce executable
FAIL: 20_util/temporary_buffer.cc (test for excess errors)
WARNING: 20_util/temporary_buffer.cc compilation failed to produce executable
FAIL: 21_strings/append.cc (test for excess errors)
WARNING: 21_strings/append.cc compilation failed to produce executable
FAIL: 21_strings/assign.cc (test for excess errors)
WARNING: 21_strings/assign.cc compilation failed to produce executable
FAIL: 21_strings/c_strings.cc (test for excess errors)
WARNING: 21_strings/c_strings.cc compilation failed to produce executable
FAIL: 21_strings/capacity.cc (test for excess errors)
WARNING: 21_strings/capacity.cc compilation failed to produce executable
FAIL: 21_strings/char_traits_requirements.cc (test for excess errors)
WARNING: 21_strings/char_traits_requirements.cc compilation failed to produce executable
FAIL: 21_strings/char_traits_typedefs.cc (test for excess errors)
WARNING: 21_strings/char_traits_typedefs.cc compilation failed to produce executable
FAIL: 21_strings/compare.cc (test for excess errors)
WARNING: 21_strings/compare.cc compilation failed to produce executable
FAIL: 21_strings/ctor_copy_dtor.cc (test for excess errors)
WARNING: 21_strings/ctor_copy_dtor.cc compilation failed to produce executable
FAIL: 21_strings/element_access.cc (test for excess errors)
WARNING: 21_strings/element_access.cc compilation failed to produce executable
FAIL: 21_strings/find.cc (test for excess errors)
WARNING: 21_strings/find.cc compilation failed to produce executable
FAIL: 21_strings/insert.cc (test for excess errors)
WARNING: 21_strings/insert.cc compilation failed to produce executable
FAIL: 21_strings/inserters_extractors.cc (test for excess errors)
WARNING: 21_strings/inserters_extractors.cc compilation failed to produce executable
FAIL: 21_strings/invariants.cc (test for excess errors)
WARNING: 21_strings/invariants.cc compilation failed to produce executable
FAIL: 21_strings/nonmember.cc (test for excess errors)
WARNING: 21_strings/nonmember.cc compilation failed to produce executable
FAIL: 21_strings/operations.cc (test for excess errors)
WARNING: 21_strings/operations.cc compilation failed to produce executable
FAIL: 21_strings/replace.cc (test for excess errors)
WARNING: 21_strings/replace.cc compilation failed to produce executable
FAIL: 21_strings/rfind.cc (test for excess errors)
WARNING: 21_strings/rfind.cc compilation failed to produce executable
FAIL: 21_strings/substr.cc (test for excess errors)
WARNING: 21_strings/substr.cc compilation failed to produce executable
FAIL: 22_locale/codecvt_members_char_char.cc (test for excess errors)
WARNING: 22_locale/codecvt_members_char_char.cc compilation failed to produce executable
FAIL: 22_locale/codecvt_members_unicode_char.cc (test for excess errors)
WARNING: 22_locale/codecvt_members_unicode_char.cc compilation failed to produce executable
FAIL: 22_locale/codecvt_members_unicode_wchar_t.cc (test for excess errors)
WARNING: 22_locale/codecvt_members_unicode_wchar_t.cc compilation failed to produce executable
FAIL: 22_locale/codecvt_members_wchar_t_char.cc (test for excess errors)
WARNING: 22_locale/codecvt_members_wchar_t_char.cc compilation failed to produce executable
FAIL: 22_locale/collate_byname.cc (test for excess errors)
WARNING: 22_locale/collate_byname.cc compilation failed to produce executable
FAIL: 22_locale/collate_members_char.cc (test for excess errors)
WARNING: 22_locale/collate_members_char.cc compilation failed to produce executable
FAIL: 22_locale/collate_members_wchar_t.cc (test for excess errors)
WARNING: 22_locale/collate_members_wchar_t.cc compilation failed to produce executable
FAIL: 22_locale/ctor_copy_dtor.cc (test for excess errors)
WARNING: 22_locale/ctor_copy_dtor.cc compilation failed to produce executable
FAIL: 22_locale/ctype_members_char.cc (test for excess errors)
WARNING: 22_locale/ctype_members_char.cc compilation failed to produce executable
FAIL: 22_locale/ctype_members_wchar_t.cc (test for excess errors)
WARNING: 22_locale/ctype_members_wchar_t.cc compilation failed to produce executable
FAIL: 22_locale/facet.cc (test for excess errors)
WARNING: 22_locale/facet.cc compilation failed to produce executable
FAIL: 22_locale/global_templates.cc (test for excess errors)
WARNING: 22_locale/global_templates.cc compilation failed to produce executable
FAIL: 22_locale/members.cc (test for excess errors)
WARNING: 22_locale/members.cc compilation failed to produce executable
FAIL: 22_locale/messages_byname.cc (test for excess errors)
WARNING: 22_locale/messages_byname.cc compilation failed to produce executable
FAIL: 22_locale/messages_members_char.cc (test for excess errors)
WARNING: 22_locale/messages_members_char.cc compilation failed to produce executable
FAIL: 22_locale/money_get_members_char.cc (test for excess errors)
WARNING: 22_locale/money_get_members_char.cc compilation failed to produce executable
FAIL: 22_locale/money_get_members_wchar_t.cc (test for excess errors)
WARNING: 22_locale/money_get_members_wchar_t.cc compilation failed to produce executable
FAIL: 22_locale/money_put_members_char.cc (test for excess errors)
WARNING: 22_locale/money_put_members_char.cc compilation failed to produce executable
FAIL: 22_locale/money_put_members_wchar_t.cc (test for excess errors)
WARNING: 22_locale/money_put_members_wchar_t.cc compilation failed to produce executable
FAIL: 22_locale/moneypunct_byname.cc (test for excess errors)
WARNING: 22_locale/moneypunct_byname.cc compilation failed to produce executable
FAIL: 22_locale/moneypunct_members_char.cc (test for excess errors)
WARNING: 22_locale/moneypunct_members_char.cc compilation failed to produce executable
FAIL: 22_locale/moneypunct_members_wchar_t.cc (test for excess errors)
WARNING: 22_locale/moneypunct_members_wchar_t.cc compilation failed to produce executable
FAIL: 22_locale/num_get_members_char.cc (test for excess errors)
WARNING: 22_locale/num_get_members_char.cc compilation failed to produce executable
FAIL: 22_locale/num_get_members_wchar_t.cc (test for excess errors)
WARNING: 22_locale/num_get_members_wchar_t.cc compilation failed to produce executable
FAIL: 22_locale/num_put_members_char.cc (test for excess errors)
WARNING: 22_locale/num_put_members_char.cc compilation failed to produce executable
FAIL: 22_locale/num_put_members_wchar_t.cc (test for excess errors)
WARNING: 22_locale/num_put_members_wchar_t.cc compilation failed to produce executable
FAIL: 22_locale/numpunct_byname.cc (test for excess errors)
WARNING: 22_locale/numpunct_byname.cc compilation failed to produce executable
FAIL: 22_locale/numpunct_members_char.cc (test for excess errors)
WARNING: 22_locale/numpunct_members_char.cc compilation failed to produce executable
FAIL: 22_locale/numpunct_members_wchar_t.cc (test for excess errors)
WARNING: 22_locale/numpunct_members_wchar_t.cc compilation failed to produce executable
FAIL: 22_locale/operators.cc (test for excess errors)
WARNING: 22_locale/operators.cc compilation failed to produce executable
FAIL: 22_locale/static_members.cc (test for excess errors)
WARNING: 22_locale/static_members.cc compilation failed to produce executable
FAIL: 22_locale/time_get_members_char.cc (test for excess errors)
WARNING: 22_locale/time_get_members_char.cc compilation failed to produce executable
FAIL: 22_locale/time_get_members_wchar_t.cc (test for excess errors)
WARNING: 22_locale/time_get_members_wchar_t.cc compilation failed to produce executable
FAIL: 22_locale/time_put_members_char.cc (test for excess errors)
WARNING: 22_locale/time_put_members_char.cc compilation failed to produce executable
FAIL: 22_locale/time_put_members_wchar_t.cc (test for excess errors)
WARNING: 22_locale/time_put_members_wchar_t.cc compilation failed to produce executable
FAIL: 23_containers/bitset_ctor.cc (test for excess errors)
WARNING: 23_containers/bitset_ctor.cc compilation failed to produce executable
FAIL: 23_containers/bitset_members.cc (test for excess errors)
WARNING: 23_containers/bitset_members.cc compilation failed to produce executable
FAIL: 23_containers/bitset_shift.cc (test for excess errors)
WARNING: 23_containers/bitset_shift.cc compilation failed to produce executable
FAIL: 23_containers/deque_ctor.cc (test for excess errors)
WARNING: 23_containers/deque_ctor.cc compilation failed to produce executable
FAIL: 23_containers/list_capacity.cc (test for excess errors)
WARNING: 23_containers/list_capacity.cc compilation failed to produce executable
FAIL: 23_containers/list_ctor.cc (test for excess errors)
WARNING: 23_containers/list_ctor.cc compilation failed to produce executable
FAIL: 23_containers/list_modifiers.cc (test for excess errors)
WARNING: 23_containers/list_modifiers.cc compilation failed to produce executable
FAIL: 23_containers/list_operators.cc (test for excess errors)
WARNING: 23_containers/list_operators.cc compilation failed to produce executable
FAIL: 23_containers/map_insert.cc (test for excess errors)
WARNING: 23_containers/map_insert.cc compilation failed to produce executable
FAIL: 23_containers/multiset.cc (test for excess errors)
WARNING: 23_containers/multiset.cc compilation failed to produce executable
FAIL: 23_containers/vector_bool.cc (test for excess errors)
WARNING: 23_containers/vector_bool.cc compilation failed to produce executable
FAIL: 23_containers/vector_capacity.cc (test for excess errors)
WARNING: 23_containers/vector_capacity.cc compilation failed to produce executable
FAIL: 23_containers/vector_ctor.cc (test for excess errors)
WARNING: 23_containers/vector_ctor.cc compilation failed to produce executable
FAIL: 23_containers/vector_element_access.cc (test for excess errors)
WARNING: 23_containers/vector_element_access.cc compilation failed to produce executable
FAIL: 23_containers/vector_modifiers.cc (test for excess errors)
WARNING: 23_containers/vector_modifiers.cc compilation failed to produce executable
FAIL: 24_iterators/back_insert_iterator.cc (test for excess errors)
WARNING: 24_iterators/back_insert_iterator.cc compilation failed to produce executable
FAIL: 24_iterators/front_insert_iterator.cc (test for excess errors)
WARNING: 24_iterators/front_insert_iterator.cc compilation failed to produce executable
FAIL: 24_iterators/insert_iterator.cc (test for excess errors)
WARNING: 24_iterators/insert_iterator.cc compilation failed to produce executable
FAIL: 24_iterators/istream_iterator.cc (test for excess errors)
WARNING: 24_iterators/istream_iterator.cc compilation failed to produce executable
FAIL: 24_iterators/istreambuf_iterator.cc (test for excess errors)
WARNING: 24_iterators/istreambuf_iterator.cc compilation failed to produce executable
FAIL: 24_iterators/iterator.cc (test for excess errors)
WARNING: 24_iterators/iterator.cc compilation failed to produce executable
FAIL: 24_iterators/ostream_iterator.cc (test for excess errors)
WARNING: 24_iterators/ostream_iterator.cc compilation failed to produce executable
FAIL: 24_iterators/ostreambuf_iterator.cc (test for excess errors)
WARNING: 24_iterators/ostreambuf_iterator.cc compilation failed to produce executable
FAIL: 24_iterators/rel_ops.cc (test for excess errors)
WARNING: 24_iterators/rel_ops.cc compilation failed to produce executable
FAIL: 24_iterators/reverse_iterator.cc (test for excess errors)
WARNING: 24_iterators/reverse_iterator.cc compilation failed to produce executable
FAIL: 25_algorithms/binary_search.cc (test for excess errors)
WARNING: 25_algorithms/binary_search.cc compilation failed to produce executable
FAIL: 25_algorithms/copy.cc (test for excess errors)
WARNING: 25_algorithms/copy.cc compilation failed to produce executable
FAIL: 25_algorithms/equal.cc (test for excess errors)
FAIL: 25_algorithms/heap.cc (test for excess errors)
WARNING: 25_algorithms/heap.cc compilation failed to produce executable
FAIL: 25_algorithms/lower_bound.cc (test for excess errors)
WARNING: 25_algorithms/lower_bound.cc compilation failed to produce executable
FAIL: 25_algorithms/min_max.cc (test for excess errors)
WARNING: 25_algorithms/min_max.cc compilation failed to produce executable
FAIL: 25_algorithms/partition.cc (test for excess errors)
WARNING: 25_algorithms/partition.cc compilation failed to produce executable
FAIL: 25_algorithms/rotate.cc (test for excess errors)
WARNING: 25_algorithms/rotate.cc compilation failed to produce executable
FAIL: 25_algorithms/sort.cc (test for excess errors)
WARNING: 25_algorithms/sort.cc compilation failed to produce executable
FAIL: 25_algorithms/unique.cc (test for excess errors)
WARNING: 25_algorithms/unique.cc compilation failed to produce executable
FAIL: 26_numerics/binary_closure.cc (test for excess errors)
WARNING: 26_numerics/binary_closure.cc compilation failed to produce executable
FAIL: 26_numerics/buggy_complex.cc (test for excess errors)
WARNING: 26_numerics/buggy_complex.cc compilation failed to produce executable
FAIL: 26_numerics/c_math.cc (test for excess errors)
WARNING: 26_numerics/c_math.cc compilation failed to produce executable
FAIL: 26_numerics/complex_inserters_extractors.cc (test for excess errors)
WARNING: 26_numerics/complex_inserters_extractors.cc compilation failed to produce executable
FAIL: 26_numerics/complex_value.cc (test for excess errors)
WARNING: 26_numerics/complex_value.cc compilation failed to produce executable
FAIL: 26_numerics/fabs_inline.cc (test for excess errors)
WARNING: 26_numerics/fabs_inline.cc compilation failed to produce executable
FAIL: 26_numerics/slice_array_assignment.cc (test for excess errors)
WARNING: 26_numerics/slice_array_assignment.cc compilation failed to produce executable
FAIL: 26_numerics/sum_diff.cc (test for excess errors)
WARNING: 26_numerics/sum_diff.cc compilation failed to produce executable
FAIL: 26_numerics/valarray.cc (test for excess errors)
WARNING: 26_numerics/valarray.cc compilation failed to produce executable
FAIL: 26_numerics/valarray_const_bracket.cc (test for excess errors)
WARNING: 26_numerics/valarray_const_bracket.cc compilation failed to produce executable
FAIL: 27_io/filebuf_members.cc (test for excess errors)
WARNING: 27_io/filebuf_members.cc compilation failed to produce executable
FAIL: 27_io/filebuf_virtuals.cc (test for excess errors)
WARNING: 27_io/filebuf_virtuals.cc compilation failed to produce executable
FAIL: 27_io/fpos.cc (test for excess errors)
WARNING: 27_io/fpos.cc compilation failed to produce executable
FAIL: 27_io/fstream_members.cc (test for excess errors)
WARNING: 27_io/fstream_members.cc compilation failed to produce executable
FAIL: 27_io/ifstream_members.cc (test for excess errors)
WARNING: 27_io/ifstream_members.cc compilation failed to produce executable
FAIL: 27_io/instantiations.cc (test for excess errors)
WARNING: 27_io/instantiations.cc compilation failed to produce executable
FAIL: 27_io/ios_base_callbacks.cc (test for excess errors)
WARNING: 27_io/ios_base_callbacks.cc compilation failed to produce executable
FAIL: 27_io/ios_base_members_static.cc (test for excess errors)
WARNING: 27_io/ios_base_members_static.cc compilation failed to produce executable
FAIL: 27_io/ios_base_storage.cc (test for excess errors)
WARNING: 27_io/ios_base_storage.cc compilation failed to produce executable
FAIL: 27_io/ios_ctor.cc (test for excess errors)
WARNING: 27_io/ios_ctor.cc compilation failed to produce executable
FAIL: 27_io/ios_init.cc (test for excess errors)
WARNING: 27_io/ios_init.cc compilation failed to produce executable
FAIL: 27_io/ios_manip_basefield.cc (test for excess errors)
WARNING: 27_io/ios_manip_basefield.cc compilation failed to produce executable
FAIL: 27_io/ios_manip_fmtflags.cc (test for excess errors)
WARNING: 27_io/ios_manip_fmtflags.cc compilation failed to produce executable
FAIL: 27_io/ios_members.cc (test for excess errors)
WARNING: 27_io/ios_members.cc compilation failed to produce executable
FAIL: 27_io/iostream_members.cc (test for excess errors)
WARNING: 27_io/iostream_members.cc compilation failed to produce executable
FAIL: 27_io/istream_extractor_arith.cc (test for excess errors)
WARNING: 27_io/istream_extractor_arith.cc compilation failed to produce executable
FAIL: 27_io/istream_extractor_char.cc (test for excess errors)
WARNING: 27_io/istream_extractor_char.cc compilation failed to produce executable
FAIL: 27_io/istream_extractor_other.cc (test for excess errors)
WARNING: 27_io/istream_extractor_other.cc compilation failed to produce executable
FAIL: 27_io/istream_manip.cc (test for excess errors)
WARNING: 27_io/istream_manip.cc compilation failed to produce executable
FAIL: 27_io/istream_seeks.cc (test for excess errors)
WARNING: 27_io/istream_seeks.cc compilation failed to produce executable
FAIL: 27_io/istream_sentry.cc (test for excess errors)
WARNING: 27_io/istream_sentry.cc compilation failed to produce executable
FAIL: 27_io/istream_unformatted.cc (test for excess errors)
WARNING: 27_io/istream_unformatted.cc compilation failed to produce executable
FAIL: 27_io/istringstream_members.cc (test for excess errors)
WARNING: 27_io/istringstream_members.cc compilation failed to produce executable
FAIL: 27_io/narrow_stream_objects.cc (test for excess errors)
WARNING: 27_io/narrow_stream_objects.cc compilation failed to produce executable
FAIL: 27_io/ofstream_members.cc (test for excess errors)
WARNING: 27_io/ofstream_members.cc compilation failed to produce executable
FAIL: 27_io/ostream_inserter_arith.cc (test for excess errors)
WARNING: 27_io/ostream_inserter_arith.cc compilation failed to produce executable
FAIL: 27_io/ostream_inserter_char.cc (test for excess errors)
WARNING: 27_io/ostream_inserter_char.cc compilation failed to produce executable
FAIL: 27_io/ostream_inserter_other.cc (test for excess errors)
WARNING: 27_io/ostream_inserter_other.cc compilation failed to produce executable
FAIL: 27_io/ostream_manip.cc (test for excess errors)
WARNING: 27_io/ostream_manip.cc compilation failed to produce executable
FAIL: 27_io/ostream_seeks.cc (test for excess errors)
WARNING: 27_io/ostream_seeks.cc compilation failed to produce executable
FAIL: 27_io/ostream_unformatted.cc (test for excess errors)
WARNING: 27_io/ostream_unformatted.cc compilation failed to produce executable
FAIL: 27_io/ostringstream_members.cc (test for excess errors)
WARNING: 27_io/ostringstream_members.cc compilation failed to produce executable
FAIL: 27_io/standard_manipulators.cc (test for excess errors)
WARNING: 27_io/standard_manipulators.cc compilation failed to produce executable
FAIL: 27_io/streambuf.cc (test for excess errors)
WARNING: 27_io/streambuf.cc compilation failed to produce executable
FAIL: 27_io/stringbuf.cc (test for excess errors)
WARNING: 27_io/stringbuf.cc compilation failed to produce executable
FAIL: 27_io/stringbuf_virtuals.cc (test for excess errors)
WARNING: 27_io/stringbuf_virtuals.cc compilation failed to produce executable
FAIL: 27_io/stringstream.cc (test for excess errors)
WARNING: 27_io/stringstream.cc compilation failed to produce executable
FAIL: 27_io/stringstream_members.cc (test for excess errors)
WARNING: 27_io/stringstream_members.cc compilation failed to produce executable
FAIL: 27_io/wide_stream_objects.cc (test for excess errors)
WARNING: 27_io/wide_stream_objects.cc compilation failed to produce executable
FAIL: backward/header_deque_h.cc (test for excess errors)
WARNING: backward/header_deque_h.cc compilation failed to produce executable
FAIL: backward/header_hash_map_h.cc (test for excess errors)
WARNING: backward/header_hash_map_h.cc compilation failed to produce executable
FAIL: backward/header_hash_set_h.cc (test for excess errors)
WARNING: backward/header_hash_set_h.cc compilation failed to produce executable
FAIL: backward/header_hashtable_h.cc (test for excess errors)
WARNING: backward/header_hashtable_h.cc compilation failed to produce executable
FAIL: backward/header_iterator_h.cc (test for excess errors)
WARNING: backward/header_iterator_h.cc compilation failed to produce executable
FAIL: backward/header_rope_h.cc (test for excess errors)
WARNING: backward/header_rope_h.cc compilation failed to produce executable
FAIL: backward/header_slist_h.cc (test for excess errors)
WARNING: backward/header_slist_h.cc compilation failed to produce executable
FAIL: backward/header_tempbuf_h.cc (test for excess errors)
WARNING: backward/header_tempbuf_h.cc compilation failed to produce executable
FAIL: ext/allocators.cc (test for excess errors)
WARNING: ext/allocators.cc compilation failed to produce executable
FAIL: ext/concept_checks.cc (test for excess errors)
WARNING: ext/concept_checks.cc compilation failed to produce executable
FAIL: ext/headers.cc (test for excess errors)
WARNING: ext/headers.cc compilation failed to produce executable
FAIL: ext/rope.cc (test for excess errors)
WARNING: ext/rope.cc compilation failed to produce executable
FAIL: thread/pthread1.cc (test for excess errors)
WARNING: thread/pthread1.cc compilation failed to produce executable
FAIL: thread/pthread2.cc (test for excess errors)
WARNING: thread/pthread2.cc compilation failed to produce executable
FAIL: thread/pthread3.cc (test for excess errors)
WARNING: thread/pthread3.cc compilation failed to produce executable
FAIL: thread/pthread4.cc (test for excess errors)
WARNING: thread/pthread4.cc compilation failed to produce executable
FAIL: thread/pthread5.cc (test for excess errors)
WARNING: thread/pthread5.cc compilation failed to produce executable
FAIL: thread/pthread6.cc (test for excess errors)
WARNING: thread/pthread6.cc compilation failed to produce executable
=== libstdc++-v3 Summary for unix/-m64 ===
# of expected passes 24
# of unexpected failures 188
=== libstdc++-v3 Summary ===
# of expected passes 380
# of unexpected failures 205
# of unexpected successes 9
# of expected failures 16
Compiler version: 3.1 20020426 (prerelease)
Platform: sparc-sun-solaris2.8
configure flags: --host=sparc-sun-solaris2.8 --prefix=/vol/gcc --with-local-prefix=/vol/gcc --disable-nls