This is the mail archive of the
gcc-testresults@gcc.gnu.org
mailing list for the GCC project.
Results for 3.1 20020424 (prerelease) testsuite on i686-redhat7-linux-gnu
- From: Manfred Hollstein <manfredh at redhat dot com>
- To: gcc-testresults at gcc dot gnu dot org
- Date: Wed, 24 Apr 2002 16:42:14 +0200
- Subject: Results for 3.1 20020424 (prerelease) testsuite on i686-redhat7-linux-gnu
- Reply-to: Manfred Hollstein <manfred dot h at gmx dot net>
Compiler version: 3.1 20020424 (prerelease)
Platform:
i686-redhat7-linux-gnu
Sources:
gcc-3_1-branch
LAST_UPDATED:
Wed Apr 24 08:12:11 UTC 2002
Patches:
[1] `PATCH: Fix to successfully build libjava as a
shared library'
<http://gcc.gnu.org/ml/gcc-patches/2001-09/msg00714.html>
Environment:
- autoconf-2.13-14
- automake-1.4p5-2
- binutils-2.12
- dejagnu-1.4.1-2
- Red Hat Linux 7.2 + recommended updates as of today
- Kernel 2.4.9-31 (compiled by "gcc version
2.96 20000731 (Red Hat Linux 7.1 2.96-98)")
- glibc-2.2.4-24
- glibc-common-2.2.4-24
- glibc-devel-2.2.4-24
Remarks:
None.
configure flags: i686-redhat7-linux-gnu --target=i686-redhat7-linux-gnu
--build=i686-redhat7-linux-gnu --srcdir=../gcc-3.1 --prefix=/opt/gnu
--exec-prefix=/opt/gnu/H-ia32-linux --with-gnu-as --with-gnu-ld
--disable-checking --enable-clocale=gnu --enable-interpreter
--enable-shared --enable-threads=posix --with-system-zlib
--with-local-prefix=/opt/gnu --enable-nls --verbose
BOOT_CC:
gcc version 3.1 20020407 (prerelease) (as of
2002/04/07 12:38:32 +0200)
BOOT_CFLAGS:
-O9 -march=i686 -fomit-frame-pointer -g
CFLAGS:
-O9 -march=i686 -fomit-frame-pointer -g
CXXFLAGS:
-O9 -march=i686 -fomit-frame-pointer -g
GCJFLAGS:
-O9 -march=i686 -fomit-frame-pointer -g
Native configuration is i686-redhat7-linux-gnu
=== g++ tests ===
Running target unix
=== g++ Summary ===
# of expected passes 7169
# of expected failures 88
# of untested testcases 9
# of unsupported tests 3
/home/gnu/work/GNU/gcc-3.1-i686-redhat7-linux-gnu/gcc/testsuite/../g++
version 3.1 20020424 (prerelease)
=== g77 tests ===
Running target unix
=== g77 Summary ===
# of expected passes 1468
/home/gnu/work/GNU/gcc-3.1-i686-redhat7-linux-gnu/gcc/testsuite/../g77
version 3.1 20020424 (prerelease)
=== gcc tests ===
Running target unix
FAIL: gcc.c-torture/execute/20020307-2.c execution, -O1
FAIL: gcc.c-torture/execute/20020307-2.c execution, -O2
FAIL: gcc.c-torture/execute/20020307-2.c execution, -O3
-fomit-frame-pointer
FAIL: gcc.c-torture/execute/20020307-2.c execution, -O3
-fomit-frame-pointer -funroll-loops
FAIL: gcc.c-torture/execute/20020307-2.c execution, -O3
-fomit-frame-pointer -funroll-all-loops -finline-functions
FAIL: gcc.c-torture/execute/20020307-2.c execution, -O3 -g
FAIL: gcc.c-torture/execute/20020402-1.c execution, -Os
=== gcc Summary ===
# of expected passes 18327
# of unexpected failures 7
# of expected failures 66
# of unsupported tests 43
/home/gnu/work/GNU/gcc-3.1-i686-redhat7-linux-gnu/gcc/xgcc version 3.1
20020424 (prerelease)
=== objc tests ===
Running target unix
=== objc Summary ===
# of expected passes 1036
# of expected failures 6
/home/gnu/work/GNU/gcc-3.1-i686-redhat7-linux-gnu/gcc/xgcc version 3.1
20020424 (prerelease)
=== libjava tests ===
Running target unix
=== libjava Summary ===
# of expected passes 2075
# of expected failures 18
# of untested testcases 14
=== libstdc++-v3 tests ===
Running target unix
XPASS: 22_locale/ctype_members_char.cc execution test
XPASS: 22_locale/members.cc execution test
XPASS: 22_locale/messages_byname.cc execution test
XPASS: 22_locale/messages_members_char.cc execution test
XPASS: 22_locale/money_get_members_char.cc execution test
XPASS: 22_locale/money_get_members_wchar_t.cc execution test
XPASS: 22_locale/money_put_members_char.cc execution test
XPASS: 22_locale/money_put_members_wchar_t.cc execution test
XPASS: 22_locale/moneypunct_byname.cc execution test
XPASS: 22_locale/moneypunct_members_char.cc execution test
XPASS: 22_locale/moneypunct_members_wchar_t.cc execution test
XPASS: 22_locale/num_get_members_char.cc execution test
XPASS: 22_locale/num_get_members_wchar_t.cc execution test
XPASS: 22_locale/num_put_members_char.cc execution test
XPASS: 22_locale/num_put_members_wchar_t.cc execution test
XPASS: 22_locale/numpunct_byname.cc execution test
XPASS: 22_locale/numpunct_members_char.cc execution test
XPASS: 22_locale/numpunct_members_wchar_t.cc execution test
XPASS: 22_locale/time_get_members_char.cc execution test
XPASS: 22_locale/time_get_members_wchar_t.cc execution test
XPASS: 22_locale/time_put_members_char.cc execution test
XPASS: 22_locale/time_put_members_wchar_t.cc execution test
FAIL: 26_numerics/c99_classification_macros_c.cc (test for excess errors)
=== libstdc++-v3 Summary ===
# of expected passes 372
# of unexpected failures 1
# of unexpected successes 22
# of expected failures 3
Counting all warnings,
there are 57 warnings in stage3 of this bootstrap.
Number of warnings per file:
23 gcc/combine.c
10 gcc/regclass.c
4 gcc/optabs.c
4 gcc/gcc.c
2 gcc/java/javaop.def
2 gcc/fold-const.c
2 gcc/crtstuff.c
2 gcc/ada/a-except.adb
1 gcc/reload.c
1 gcc/profile.c
1 gcc/objc/lang-specs.h
1 gcc/java/jvspec.c
1 gcc/function.c
1 gcc/emit-rtl.c
1 gcc/cp/lang-specs.h
1 gcc/config/i386/i386.c
Number of warning types:
38 comparison between signed and unsigned
7 string length `???' is greater than the length `???' ISO C89
compilers are required to support
5 signed and unsigned type in conditional expression
2 operation on `???' may be undefined
2 `???' might be used uninitialized in this function
2 `???' defined but not used
1 pointer targets in passing arg ??? of `???' differ in signedness