This is the mail archive of the
gcc-testresults@gcc.gnu.org
mailing list for the GCC project.
Results for 3.1 20020417 (prerelease) testsuite on sparc-sun-solaris2.7
- From: Joe Buck <Joe dot Buck at synopsys dot com>
- To: gcc-testresults at gcc dot gnu dot org
- Date: Thu, 18 Apr 2002 15:11:26 -0700 (PDT)
- Subject: Results for 3.1 20020417 (prerelease) testsuite on sparc-sun-solaris2.7
LAST_UPDATED:
Native configuration is sparc-sun-solaris2.7
=== g++ tests ===
Running target unix
FAIL: g++.dg/special/conpr-2.C execution test
FAIL: g++.dg/special/conpr-3.C execution test
FAIL: g++.dg/special/initp1.C execution test
=== g++ Summary ===
# of expected passes 7148
# of unexpected failures 3
# of expected failures 86
# of untested testcases 21
# of unsupported tests 3
/remote/dtg103/jbuck/gnu/src/cvs/3_1_branch/gcc.sol2/gcc/testsuite/../g++ version 3.1 20020417 (prerelease)
=== g77 tests ===
Running target unix
=== g77 Summary ===
# of expected passes 1452
# of unsupported tests 8
/remote/dtg103/jbuck/gnu/src/cvs/3_1_branch/gcc.sol2/gcc/testsuite/../g77 version 3.1 20020417 (prerelease)
=== gcc tests ===
Running target unix
FAIL: gcc.dg/cpp/charconst.c (test for excess errors)
=== gcc Summary ===
# of expected passes 18136
# of unexpected failures 1
# of expected failures 62
# of unsupported tests 107
/remote/dtg103/jbuck/gnu/src/cvs/3_1_branch/gcc.sol2/gcc/xgcc version 3.1 20020417 (prerelease)
=== libstdc++-v3 tests ===
Running target unix
FAIL: 18_support/numeric_limits.cc execution test
XPASS: 22_locale/collate_members_wchar_t.cc execution test
XPASS: 22_locale/money_get_members_wchar_t.cc execution test
XPASS: 22_locale/money_put_members_wchar_t.cc execution test
XPASS: 22_locale/moneypunct_members_wchar_t.cc execution test
XPASS: 22_locale/num_get_members_wchar_t.cc execution test
XPASS: 22_locale/num_put_members_wchar_t.cc execution test
XPASS: 22_locale/numpunct_members_wchar_t.cc execution test
XPASS: 22_locale/time_get_members_wchar_t.cc execution test
XPASS: 22_locale/time_put_members_wchar_t.cc execution test
FAIL: 27_io/filebuf_virtuals.cc execution test
FAIL: 27_io/istream_extractor_arith.cc execution test
FAIL: 27_io/streambuf.cc execution test
FAIL: 27_io/stringbuf.cc execution test
=== libstdc++-v3 Summary ===
# of expected passes 368
# of unexpected failures 5
# of unexpected successes 9
# of expected failures 16
Compiler version: 3.1 20020417 (prerelease)
Platform: sparc-sun-solaris2.7
configure flags: --host=sparc-sun-solaris2.7 --prefix=/u/jbuck/gcc-3.1-pre.sol2 --enable-languages=c,c++,f77