This is the mail archive of the gcc-testresults@gcc.gnu.org mailing list for the GCC project.


Index Nav: [Date Index] [Subject Index] [Author Index] [Thread Index]
Message Nav: [Date Prev] [Date Next] [Thread Prev] [Thread Next]
Other format: [Raw text]

Results for 3.2 20020413 (experimental) testsuite on mcore-unknown-elf



The following results are for a build of the gcc main development
trunk for C/C++ using the binutils 2.12 branch as checked out this
morning and newlib 1.10.0 with minor patches.

Joel Sherrill
   
LAST_UPDATED: 
Target is mcore-unknown-elf
Host   is i686-pc-linux-gnu

		=== gcc tests ===


Running target mcore-sim
WARNING: program timed out.
FAIL: gcc.c-torture/compile/20001226-1.c,  -O0  
FAIL: gcc.c-torture/compile/20001226-1.c,  -O2  
FAIL: gcc.c-torture/compile/20001226-1.c,  -O3 -fomit-frame-pointer  
FAIL: gcc.c-torture/compile/20001226-1.c,  -O3 -g  
FAIL: gcc.c-torture/compile/20001226-1.c,  -Os  
FAIL: gcc.c-torture/compile/20010605-1.c,  -O0  
FAIL: gcc.c-torture/compile/20010605-1.c,  -O1  
FAIL: gcc.c-torture/compile/20010605-1.c,  -O2  
FAIL: gcc.c-torture/compile/20010605-1.c,  -O3 -fomit-frame-pointer  
FAIL: gcc.c-torture/compile/20010605-1.c,  -O3 -g  
FAIL: gcc.c-torture/compile/20010605-1.c,  -Os  
FAIL: gcc.c-torture/compile/921203-2.c,  -O0  
FAIL: gcc.c-torture/compile/921203-2.c,  -O1  
FAIL: gcc.c-torture/compile/921203-2.c,  -O2  
FAIL: gcc.c-torture/compile/921203-2.c,  -O3 -fomit-frame-pointer  
FAIL: gcc.c-torture/compile/921203-2.c,  -O3 -g  
FAIL: gcc.c-torture/compile/921203-2.c,  -Os  
FAIL: gcc.c-torture/compile/981006-1.c,  -O0  -Wuninitialized -Werror -fpic
FAIL: gcc.c-torture/compile/981006-1.c,  -O1  -Wuninitialized -Werror -fpic
FAIL: gcc.c-torture/compile/981006-1.c,  -O2  -Wuninitialized -Werror -fpic
FAIL: gcc.c-torture/compile/981006-1.c,  -O3 -fomit-frame-pointer  -Wuninitialized -Werror -fpic
FAIL: gcc.c-torture/compile/981006-1.c,  -O3 -g  -Wuninitialized -Werror -fpic
FAIL: gcc.c-torture/compile/981006-1.c,  -Os  -Wuninitialized -Werror -fpic
FAIL: gcc.c-torture/compile/structs.c,  -O0  
FAIL: gcc.c-torture/compile/structs.c,  -O1  
FAIL: gcc.c-torture/compile/structs.c,  -O2  
FAIL: gcc.c-torture/compile/structs.c,  -O3 -fomit-frame-pointer  
FAIL: gcc.c-torture/compile/structs.c,  -O3 -g  
FAIL: gcc.c-torture/compile/structs.c,  -Os  
FAIL: gcc.c-torture/execute/20000402-1.c execution,  -O0 
FAIL: gcc.c-torture/execute/20000402-1.c execution,  -O1 
FAIL: gcc.c-torture/execute/20000402-1.c execution,  -O2 
FAIL: gcc.c-torture/execute/20000402-1.c execution,  -O3 -fomit-frame-pointer 
FAIL: gcc.c-torture/execute/20000402-1.c execution,  -O3 -g 
FAIL: gcc.c-torture/execute/20000402-1.c execution,  -Os 
FAIL: gcc.c-torture/execute/20010119-1.c compilation,  -O3 -fomit-frame-pointer 
UNRESOLVED: gcc.c-torture/execute/20010119-1.c execution,  -O3 -fomit-frame-pointer 
FAIL: gcc.c-torture/execute/20010119-1.c compilation,  -O3 -fomit-frame-pointer -funroll-loops 
UNRESOLVED: gcc.c-torture/execute/20010119-1.c execution,  -O3 -fomit-frame-pointer -funroll-loops 
FAIL: gcc.c-torture/execute/20010119-1.c compilation,  -O3 -fomit-frame-pointer -funroll-all-loops -finline-functions 
UNRESOLVED: gcc.c-torture/execute/20010119-1.c execution,  -O3 -fomit-frame-pointer -funroll-all-loops -finline-functions 
FAIL: gcc.c-torture/execute/20010119-1.c compilation,  -O3 -g 
UNRESOLVED: gcc.c-torture/execute/20010119-1.c execution,  -O3 -g 
FAIL: gcc.c-torture/execute/20010122-1.c execution,  -O0 
FAIL: gcc.c-torture/execute/20010122-1.c execution,  -O1 
FAIL: gcc.c-torture/execute/20010122-1.c execution,  -O2 
FAIL: gcc.c-torture/execute/20010122-1.c execution,  -O3 -fomit-frame-pointer 
FAIL: gcc.c-torture/execute/20010122-1.c execution,  -O3 -fomit-frame-pointer -funroll-loops 
FAIL: gcc.c-torture/execute/20010122-1.c execution,  -O3 -fomit-frame-pointer -funroll-all-loops -finline-functions 
FAIL: gcc.c-torture/execute/20010122-1.c execution,  -O3 -g 
FAIL: gcc.c-torture/execute/20010122-1.c execution,  -Os 
FAIL: gcc.c-torture/execute/20020226-1.c execution,  -O1 
FAIL: gcc.c-torture/execute/20020412-1.c execution,  -O0 
FAIL: gcc.c-torture/execute/20020412-1.c execution,  -O1 
FAIL: gcc.c-torture/execute/20020412-1.c execution,  -O2 
FAIL: gcc.c-torture/execute/20020412-1.c execution,  -O3 -fomit-frame-pointer 
FAIL: gcc.c-torture/execute/20020412-1.c execution,  -O3 -fomit-frame-pointer -funroll-loops 
FAIL: gcc.c-torture/execute/20020412-1.c execution,  -O3 -fomit-frame-pointer -funroll-all-loops -finline-functions 
FAIL: gcc.c-torture/execute/20020412-1.c execution,  -O3 -g 
FAIL: gcc.c-torture/execute/20020412-1.c execution,  -Os 
FAIL: gcc.c-torture/execute/920501-8.c execution,  -O0 
FAIL: gcc.c-torture/execute/920501-8.c execution,  -O1 
FAIL: gcc.c-torture/execute/920501-8.c execution,  -O2 
FAIL: gcc.c-torture/execute/920501-8.c execution,  -O3 -fomit-frame-pointer 
FAIL: gcc.c-torture/execute/920501-8.c execution,  -O3 -g 
FAIL: gcc.c-torture/execute/920501-8.c execution,  -Os 
FAIL: gcc.c-torture/execute/920625-1.c execution,  -O3 -fomit-frame-pointer 
FAIL: gcc.c-torture/execute/920625-1.c execution,  -O3 -fomit-frame-pointer -funroll-loops 
FAIL: gcc.c-torture/execute/920625-1.c execution,  -O3 -fomit-frame-pointer -funroll-all-loops -finline-functions 
FAIL: gcc.c-torture/execute/920625-1.c execution,  -O3 -g 
FAIL: gcc.c-torture/execute/930513-1.c execution,  -O0 
FAIL: gcc.c-torture/execute/930513-1.c execution,  -O1 
FAIL: gcc.c-torture/execute/930513-1.c execution,  -O2 
FAIL: gcc.c-torture/execute/930513-1.c execution,  -O3 -fomit-frame-pointer 
FAIL: gcc.c-torture/execute/930513-1.c execution,  -O3 -g 
FAIL: gcc.c-torture/execute/930513-1.c execution,  -Os 
FAIL: gcc.c-torture/execute/930713-1.c compilation,  -O0 
UNRESOLVED: gcc.c-torture/execute/930713-1.c execution,  -O0 
FAIL: gcc.c-torture/execute/930713-1.c compilation,  -O1 
UNRESOLVED: gcc.c-torture/execute/930713-1.c execution,  -O1 
FAIL: gcc.c-torture/execute/930713-1.c compilation,  -O2 
UNRESOLVED: gcc.c-torture/execute/930713-1.c execution,  -O2 
FAIL: gcc.c-torture/execute/930713-1.c compilation,  -O3 -fomit-frame-pointer 
UNRESOLVED: gcc.c-torture/execute/930713-1.c execution,  -O3 -fomit-frame-pointer 
FAIL: gcc.c-torture/execute/930713-1.c compilation,  -O3 -g 
UNRESOLVED: gcc.c-torture/execute/930713-1.c execution,  -O3 -g 
FAIL: gcc.c-torture/execute/930713-1.c compilation,  -Os 
UNRESOLVED: gcc.c-torture/execute/930713-1.c execution,  -Os 
FAIL: gcc.c-torture/execute/931005-1.c compilation,  -O0 
UNRESOLVED: gcc.c-torture/execute/931005-1.c execution,  -O0 
FAIL: gcc.c-torture/execute/931005-1.c compilation,  -O1 
UNRESOLVED: gcc.c-torture/execute/931005-1.c execution,  -O1 
FAIL: gcc.c-torture/execute/931005-1.c compilation,  -O2 
UNRESOLVED: gcc.c-torture/execute/931005-1.c execution,  -O2 
FAIL: gcc.c-torture/execute/931005-1.c compilation,  -O3 -fomit-frame-pointer 
UNRESOLVED: gcc.c-torture/execute/931005-1.c execution,  -O3 -fomit-frame-pointer 
FAIL: gcc.c-torture/execute/931005-1.c compilation,  -O3 -g 
UNRESOLVED: gcc.c-torture/execute/931005-1.c execution,  -O3 -g 
FAIL: gcc.c-torture/execute/931005-1.c compilation,  -Os 
UNRESOLVED: gcc.c-torture/execute/931005-1.c execution,  -Os 
FAIL: gcc.c-torture/execute/950704-1.c execution,  -O0 
FAIL: gcc.c-torture/execute/950704-1.c execution,  -O1 
FAIL: gcc.c-torture/execute/960218-1.c compilation,  -O3 -fomit-frame-pointer 
UNRESOLVED: gcc.c-torture/execute/960218-1.c execution,  -O3 -fomit-frame-pointer 
FAIL: gcc.c-torture/execute/960218-1.c compilation,  -O3 -fomit-frame-pointer -funroll-loops 
UNRESOLVED: gcc.c-torture/execute/960218-1.c execution,  -O3 -fomit-frame-pointer -funroll-loops 
FAIL: gcc.c-torture/execute/960218-1.c compilation,  -O3 -fomit-frame-pointer -funroll-all-loops -finline-functions 
UNRESOLVED: gcc.c-torture/execute/960218-1.c execution,  -O3 -fomit-frame-pointer -funroll-all-loops -finline-functions 
FAIL: gcc.c-torture/execute/960218-1.c compilation,  -O3 -g 
UNRESOLVED: gcc.c-torture/execute/960218-1.c execution,  -O3 -g 
FAIL: gcc.c-torture/execute/980709-1.c execution,  -O0 
FAIL: gcc.c-torture/execute/980709-1.c execution,  -O1 
FAIL: gcc.c-torture/execute/980709-1.c execution,  -O2 
FAIL: gcc.c-torture/execute/980709-1.c execution,  -O3 -fomit-frame-pointer 
FAIL: gcc.c-torture/execute/980709-1.c execution,  -O3 -g 
FAIL: gcc.c-torture/execute/980709-1.c execution,  -Os 
FAIL: gcc.c-torture/execute/990826-0.c execution,  -O0 
FAIL: gcc.c-torture/execute/990826-0.c execution,  -O1 
FAIL: gcc.c-torture/execute/990826-0.c execution,  -O2 
FAIL: gcc.c-torture/execute/990826-0.c execution,  -O3 -fomit-frame-pointer 
FAIL: gcc.c-torture/execute/990826-0.c execution,  -O3 -fomit-frame-pointer -funroll-loops 
FAIL: gcc.c-torture/execute/990826-0.c execution,  -O3 -fomit-frame-pointer -funroll-all-loops -finline-functions 
FAIL: gcc.c-torture/execute/990826-0.c execution,  -O3 -g 
FAIL: gcc.c-torture/execute/990826-0.c execution,  -Os 
FAIL: gcc.c-torture/execute/991118-1.c execution,  -O0 
FAIL: gcc.c-torture/execute/991118-1.c execution,  -O1 
FAIL: gcc.c-torture/execute/991118-1.c execution,  -O2 
FAIL: gcc.c-torture/execute/991118-1.c execution,  -O3 -fomit-frame-pointer 
FAIL: gcc.c-torture/execute/991118-1.c execution,  -O3 -g 
FAIL: gcc.c-torture/execute/991118-1.c execution,  -Os 
FAIL: gcc.c-torture/execute/991216-2.c execution,  -O0 
FAIL: gcc.c-torture/execute/991216-2.c execution,  -O1 
FAIL: gcc.c-torture/execute/991216-2.c execution,  -O2 
FAIL: gcc.c-torture/execute/991216-2.c execution,  -O3 -fomit-frame-pointer 
FAIL: gcc.c-torture/execute/991216-2.c execution,  -O3 -fomit-frame-pointer -funroll-loops 
FAIL: gcc.c-torture/execute/991216-2.c execution,  -O3 -fomit-frame-pointer -funroll-all-loops -finline-functions 
FAIL: gcc.c-torture/execute/991216-2.c execution,  -O3 -g 
FAIL: gcc.c-torture/execute/991216-2.c execution,  -Os 
FAIL: gcc.c-torture/execute/991216-3.c execution,  -O0 
FAIL: gcc.c-torture/execute/991216-3.c execution,  -O1 
FAIL: gcc.c-torture/execute/991216-3.c execution,  -O2 
FAIL: gcc.c-torture/execute/991216-3.c execution,  -O3 -fomit-frame-pointer 
FAIL: gcc.c-torture/execute/991216-3.c execution,  -O3 -fomit-frame-pointer -funroll-loops 
FAIL: gcc.c-torture/execute/991216-3.c execution,  -O3 -fomit-frame-pointer -funroll-all-loops -finline-functions 
FAIL: gcc.c-torture/execute/991216-3.c execution,  -O3 -g 
FAIL: gcc.c-torture/execute/991216-3.c execution,  -Os 
FAIL: gcc.c-torture/execute/longlong.c compilation,  -O1 
UNRESOLVED: gcc.c-torture/execute/longlong.c execution,  -O1 
FAIL: gcc.c-torture/execute/longlong.c compilation,  -O2 
UNRESOLVED: gcc.c-torture/execute/longlong.c execution,  -O2 
FAIL: gcc.c-torture/execute/longlong.c compilation,  -O3 -fomit-frame-pointer 
UNRESOLVED: gcc.c-torture/execute/longlong.c execution,  -O3 -fomit-frame-pointer 
FAIL: gcc.c-torture/execute/longlong.c compilation,  -O3 -g 
UNRESOLVED: gcc.c-torture/execute/longlong.c execution,  -O3 -g 
FAIL: gcc.c-torture/execute/longlong.c compilation,  -Os 
UNRESOLVED: gcc.c-torture/execute/longlong.c execution,  -Os 
FAIL: gcc.c-torture/execute/nest-stdar-1.c execution,  -O0 
FAIL: gcc.c-torture/execute/nest-stdar-1.c execution,  -O1 
FAIL: gcc.c-torture/execute/nest-stdar-1.c execution,  -O2 
FAIL: gcc.c-torture/execute/nest-stdar-1.c execution,  -O3 -fomit-frame-pointer 
FAIL: gcc.c-torture/execute/nest-stdar-1.c execution,  -O3 -g 
FAIL: gcc.c-torture/execute/nest-stdar-1.c execution,  -Os 
FAIL: gcc.c-torture/execute/nestfunc-1.c execution,  -O1 
FAIL: gcc.c-torture/execute/nestfunc-1.c execution,  -O2 
FAIL: gcc.c-torture/execute/nestfunc-1.c execution,  -O3 -fomit-frame-pointer 
FAIL: gcc.c-torture/execute/nestfunc-1.c execution,  -O3 -g 
FAIL: gcc.c-torture/execute/nestfunc-1.c execution,  -Os 
FAIL: gcc.c-torture/execute/nestfunc-2.c execution,  -O1 
FAIL: gcc.c-torture/execute/nestfunc-2.c execution,  -O2 
FAIL: gcc.c-torture/execute/nestfunc-2.c execution,  -O3 -fomit-frame-pointer 
FAIL: gcc.c-torture/execute/nestfunc-2.c execution,  -O3 -fomit-frame-pointer -funroll-loops 
FAIL: gcc.c-torture/execute/nestfunc-2.c execution,  -O3 -fomit-frame-pointer -funroll-all-loops -finline-functions 
FAIL: gcc.c-torture/execute/nestfunc-2.c execution,  -O3 -g 
FAIL: gcc.c-torture/execute/nestfunc-2.c execution,  -Os 
FAIL: gcc.c-torture/execute/nestfunc-3.c execution,  -O1 
FAIL: gcc.c-torture/execute/nestfunc-3.c execution,  -O2 
FAIL: gcc.c-torture/execute/nestfunc-3.c execution,  -O3 -fomit-frame-pointer 
FAIL: gcc.c-torture/execute/nestfunc-3.c execution,  -O3 -fomit-frame-pointer -funroll-loops 
FAIL: gcc.c-torture/execute/nestfunc-3.c execution,  -O3 -fomit-frame-pointer -funroll-all-loops -finline-functions 
FAIL: gcc.c-torture/execute/nestfunc-3.c execution,  -O3 -g 
FAIL: gcc.c-torture/execute/nestfunc-3.c execution,  -Os 
FAIL: gcc.c-torture/execute/struct-ret-1.c execution,  -O3 -fomit-frame-pointer 
FAIL: gcc.c-torture/execute/struct-ret-1.c execution,  -O3 -g 
FAIL: gcc.c-torture/execute/tstdi-1.c execution,  -O0 
FAIL: gcc.c-torture/execute/tstdi-1.c execution,  -O1 
FAIL: gcc.c-torture/execute/va-arg-11.c execution,  -O3 -fomit-frame-pointer 
FAIL: gcc.c-torture/execute/va-arg-11.c execution,  -O3 -fomit-frame-pointer -funroll-loops 
FAIL: gcc.c-torture/execute/va-arg-11.c execution,  -O3 -fomit-frame-pointer -funroll-all-loops -finline-functions 
FAIL: gcc.c-torture/execute/va-arg-11.c execution,  -O3 -g 
FAIL: gcc.c-torture/execute/va-arg-15.c execution,  -O0 
FAIL: gcc.c-torture/execute/va-arg-15.c execution,  -O1 
FAIL: gcc.c-torture/execute/va-arg-15.c execution,  -O2 
FAIL: gcc.c-torture/execute/va-arg-15.c execution,  -O3 -fomit-frame-pointer 
FAIL: gcc.c-torture/execute/va-arg-15.c execution,  -O3 -fomit-frame-pointer -funroll-loops 
FAIL: gcc.c-torture/execute/va-arg-15.c execution,  -O3 -fomit-frame-pointer -funroll-all-loops -finline-functions 
FAIL: gcc.c-torture/execute/va-arg-15.c execution,  -O3 -g 
FAIL: gcc.c-torture/execute/va-arg-15.c execution,  -Os 
FAIL: gcc.c-torture/execute/va-arg-17.c execution,  -O0 
FAIL: gcc.c-torture/execute/va-arg-17.c execution,  -O1 
FAIL: gcc.c-torture/execute/va-arg-17.c execution,  -O2 
FAIL: gcc.c-torture/execute/va-arg-17.c execution,  -O3 -fomit-frame-pointer 
FAIL: gcc.c-torture/execute/va-arg-17.c execution,  -O3 -g 
FAIL: gcc.c-torture/execute/va-arg-17.c execution,  -Os 
FAIL: gcc.c-torture/execute/va-arg-5.c execution,  -O0 
FAIL: gcc.c-torture/execute/va-arg-5.c execution,  -O1 
FAIL: gcc.c-torture/execute/va-arg-5.c execution,  -O2 
FAIL: gcc.c-torture/execute/va-arg-5.c execution,  -O3 -fomit-frame-pointer 
FAIL: gcc.c-torture/execute/va-arg-5.c execution,  -O3 -g 
FAIL: gcc.c-torture/execute/va-arg-5.c execution,  -Os 
FAIL: gcc.c-torture/execute/va-arg-6.c execution,  -O0 
FAIL: gcc.c-torture/execute/va-arg-6.c execution,  -O1 
FAIL: gcc.c-torture/execute/va-arg-6.c execution,  -O2 
FAIL: gcc.c-torture/execute/va-arg-6.c execution,  -O3 -fomit-frame-pointer 
FAIL: gcc.c-torture/execute/va-arg-6.c execution,  -O3 -g 
FAIL: gcc.c-torture/execute/va-arg-6.c execution,  -Os 
FAIL: gcc.c-torture/execute/ieee/hugeval.c execution,  -O0 
FAIL: gcc.c-torture/execute/ieee/hugeval.c execution,  -O1 
FAIL: gcc.c-torture/execute/ieee/hugeval.c execution,  -O2 
FAIL: gcc.c-torture/execute/ieee/hugeval.c execution,  -O3 -fomit-frame-pointer 
FAIL: gcc.c-torture/execute/ieee/hugeval.c execution,  -O3 -g 
FAIL: gcc.c-torture/execute/ieee/hugeval.c execution,  -Os 
FAIL: gcc.dg/cpp/if-3.c simple truncation (test for bogus messages, line 13)
FAIL: gcc.dg/cpp/if-3.c bit shift truncation (test for bogus messages, line 19)
FAIL: gcc.dg/cpp/if-3.c math truncation (test for bogus messages, line 24)
FAIL: gcc.dg/cpp/if-3.c (test for excess errors)
FAIL: gcc.dg/debug/20020327-1.c (test for excess errors)
FAIL: gcc.dg/debug/20020327-1.c (test for excess errors)
FAIL: gcc.dg/debug/20020327-1.c (test for excess errors)
FAIL: gcc.dg/debug/20020327-1.c (test for excess errors)
FAIL: gcc.dg/debug/20020327-1.c (test for excess errors)
FAIL: gcc.dg/debug/20020327-1.c (test for excess errors)
FAIL: gcc.dg/debug/20020327-1.c (test for excess errors)
FAIL: gcc.dg/debug/20020327-1.c (test for excess errors)
FAIL: gcc.dg/debug/20020327-1.c (test for excess errors)
FAIL: gcc.dg/debug/20020327-1.c (test for excess errors)
FAIL: gcc.dg/debug/20020327-1.c (test for excess errors)
FAIL: gcc.dg/debug/20020327-1.c (test for excess errors)
FAIL: gcc.dg/debug/20020327-1.c (test for excess errors)
FAIL: gcc.dg/debug/20020327-1.c (test for excess errors)
FAIL: gcc.dg/debug/20020327-1.c (test for excess errors)
FAIL: gcc.dg/debug/20020327-1.c (test for excess errors)
FAIL: gcc.dg/debug/20020327-1.c (test for excess errors)
FAIL: gcc.dg/debug/20020327-1.c (test for excess errors)
FAIL: gcc.dg/debug/debug-1.c scan-assembler xyzzy
FAIL: gcc.dg/debug/debug-1.c scan-assembler xyzzy
FAIL: gcc.dg/debug/debug-1.c scan-assembler xyzzy
FAIL: gcc.dg/debug/debug-1.c scan-assembler xyzzy
FAIL: gcc.dg/debug/debug-2.c scan-assembler xyzzy
FAIL: gcc.dg/debug/debug-2.c scan-assembler xyzzy
FAIL: gcc.dg/debug/debug-2.c scan-assembler xyzzy
FAIL: gcc.dg/debug/debug-2.c scan-assembler xyzzy
FAIL: gcc.dg/asm-fs-1.c scan-assembler-not \\*_bar
FAIL: gcc.dg/asm-fs-1.c scan-assembler-not \\*_baz
FAIL: gcc.dg/asm-names.c (test for excess errors)
FAIL: gcc.dg/c99-array-lval-1.c (test for excess errors)
FAIL: gcc.dg/m-un-1.c uninitialized warning regression (test for bogus messages, line 28)
FAIL: gcc.dg/struct-alias-1.c (test for excess errors)
FAIL: gcc.dg/wchar_t-1.c (test for excess errors)
FAIL: gcc.dg/wint_t-1.c (test for excess errors)
FAIL: gcc.dg/special/gcsec-1.c execution test
FAIL: gcc.misc-tests/bprob-1.c compilation,  -g  -fprofile-arcs
UNRESOLVED: gcc.misc-tests/bprob-1.c execution,    -g  -fprofile-arcs
UNRESOLVED: gcc.misc-tests/bprob-1.c compilation,  -g  -fbranch-probabilities
UNRESOLVED: gcc.misc-tests/bprob-1.c execution,    -g  -fbranch-probabilities
FAIL: gcc.misc-tests/bprob-1.c compilation,  -O0  -fprofile-arcs
UNRESOLVED: gcc.misc-tests/bprob-1.c execution,    -O0  -fprofile-arcs
UNRESOLVED: gcc.misc-tests/bprob-1.c compilation,  -O0  -fbranch-probabilities
UNRESOLVED: gcc.misc-tests/bprob-1.c execution,    -O0  -fbranch-probabilities
FAIL: gcc.misc-tests/bprob-1.c compilation,  -O1  -fprofile-arcs
UNRESOLVED: gcc.misc-tests/bprob-1.c execution,    -O1  -fprofile-arcs
UNRESOLVED: gcc.misc-tests/bprob-1.c compilation,  -O1  -fbranch-probabilities
UNRESOLVED: gcc.misc-tests/bprob-1.c execution,    -O1  -fbranch-probabilities
FAIL: gcc.misc-tests/bprob-1.c compilation,  -O2 -DPERFTIME  -fprofile-arcs
UNRESOLVED: gcc.misc-tests/bprob-1.c execution,    -O2 -DPERFTIME  -fprofile-arcs
UNRESOLVED: gcc.misc-tests/bprob-1.c compilation,  -O2 -DPERFTIME  -fbranch-probabilities
UNRESOLVED: gcc.misc-tests/bprob-1.c execution,    -O2 -DPERFTIME  -fbranch-probabilities
FAIL: gcc.misc-tests/bprob-1.c compilation,  -O3 -DPERFTIME  -fprofile-arcs
UNRESOLVED: gcc.misc-tests/bprob-1.c execution,    -O3 -DPERFTIME  -fprofile-arcs
UNRESOLVED: gcc.misc-tests/bprob-1.c compilation,  -O3 -DPERFTIME  -fbranch-probabilities
UNRESOLVED: gcc.misc-tests/bprob-1.c execution,    -O3 -DPERFTIME  -fbranch-probabilities
FAIL: gcc.misc-tests/bprob-1.c compilation,  -O3 -g -DPERFTIME  -fprofile-arcs
UNRESOLVED: gcc.misc-tests/bprob-1.c execution,    -O3 -g -DPERFTIME  -fprofile-arcs
UNRESOLVED: gcc.misc-tests/bprob-1.c compilation,  -O3 -g -DPERFTIME  -fbranch-probabilities
UNRESOLVED: gcc.misc-tests/bprob-1.c execution,    -O3 -g -DPERFTIME  -fbranch-probabilities
FAIL: gcc.misc-tests/bprob-1.c compilation,  -Os  -fprofile-arcs
UNRESOLVED: gcc.misc-tests/bprob-1.c execution,    -Os  -fprofile-arcs
UNRESOLVED: gcc.misc-tests/bprob-1.c compilation,  -Os  -fbranch-probabilities
UNRESOLVED: gcc.misc-tests/bprob-1.c execution,    -Os  -fbranch-probabilities
FAIL: gcc.misc-tests/bprob-2.c compilation,  -g  -fprofile-arcs
UNRESOLVED: gcc.misc-tests/bprob-2.c execution,    -g  -fprofile-arcs
UNRESOLVED: gcc.misc-tests/bprob-2.c compilation,  -g  -fbranch-probabilities
UNRESOLVED: gcc.misc-tests/bprob-2.c execution,    -g  -fbranch-probabilities
FAIL: gcc.misc-tests/bprob-2.c compilation,  -O0  -fprofile-arcs
UNRESOLVED: gcc.misc-tests/bprob-2.c execution,    -O0  -fprofile-arcs
UNRESOLVED: gcc.misc-tests/bprob-2.c compilation,  -O0  -fbranch-probabilities
UNRESOLVED: gcc.misc-tests/bprob-2.c execution,    -O0  -fbranch-probabilities
FAIL: gcc.misc-tests/bprob-2.c compilation,  -O1  -fprofile-arcs
UNRESOLVED: gcc.misc-tests/bprob-2.c execution,    -O1  -fprofile-arcs
UNRESOLVED: gcc.misc-tests/bprob-2.c compilation,  -O1  -fbranch-probabilities
UNRESOLVED: gcc.misc-tests/bprob-2.c execution,    -O1  -fbranch-probabilities
FAIL: gcc.misc-tests/bprob-2.c compilation,  -O2 -DPERFTIME  -fprofile-arcs
UNRESOLVED: gcc.misc-tests/bprob-2.c execution,    -O2 -DPERFTIME  -fprofile-arcs
UNRESOLVED: gcc.misc-tests/bprob-2.c compilation,  -O2 -DPERFTIME  -fbranch-probabilities
UNRESOLVED: gcc.misc-tests/bprob-2.c execution,    -O2 -DPERFTIME  -fbranch-probabilities
FAIL: gcc.misc-tests/bprob-2.c compilation,  -O3 -DPERFTIME  -fprofile-arcs
UNRESOLVED: gcc.misc-tests/bprob-2.c execution,    -O3 -DPERFTIME  -fprofile-arcs
UNRESOLVED: gcc.misc-tests/bprob-2.c compilation,  -O3 -DPERFTIME  -fbranch-probabilities
UNRESOLVED: gcc.misc-tests/bprob-2.c execution,    -O3 -DPERFTIME  -fbranch-probabilities
FAIL: gcc.misc-tests/bprob-2.c compilation,  -O3 -g -DPERFTIME  -fprofile-arcs
UNRESOLVED: gcc.misc-tests/bprob-2.c execution,    -O3 -g -DPERFTIME  -fprofile-arcs
UNRESOLVED: gcc.misc-tests/bprob-2.c compilation,  -O3 -g -DPERFTIME  -fbranch-probabilities
UNRESOLVED: gcc.misc-tests/bprob-2.c execution,    -O3 -g -DPERFTIME  -fbranch-probabilities
FAIL: gcc.misc-tests/bprob-2.c compilation,  -Os  -fprofile-arcs
UNRESOLVED: gcc.misc-tests/bprob-2.c execution,    -Os  -fprofile-arcs
UNRESOLVED: gcc.misc-tests/bprob-2.c compilation,  -Os  -fbranch-probabilities
UNRESOLVED: gcc.misc-tests/bprob-2.c execution,    -Os  -fbranch-probabilities

		=== gcc Summary ===

# of expected passes		17926
# of unexpected failures	249
# of expected failures		68
# of unresolved testcases	67
# of unsupported tests		126
/opt/usr3/ftp_archive/gnu/gcc/ss/bCVS/b-mcore-elf/gcc/xgcc version 3.2 20020413 (experimental)

Host   is i686-pc-linux-gnu

		=== g++ tests ===


Running target mcore-sim
ERROR: GXX_UNDER_TEST (mcore-elf-c++) does not exist

Compiler version: 3.2 20020413 (experimental) 
Platform: mcore-unknown-elf
configure flags: --target=mcore-elf --prefix=/opt/gnucross --with-gnu-as --with-gnu-ld --with-newlib --verbose --enable-languages=c%g


Index Nav: [Date Index] [Subject Index] [Author Index] [Thread Index]
Message Nav: [Date Prev] [Date Next] [Thread Prev] [Thread Next]