This is the mail archive of the
gcc-testresults@gcc.gnu.org
mailing list for the GCC project.
Results for 3.1 20020414 (prerelease) testsuite onpowerpc-unknown-linux-gnu
- From: Kaoru Fukui <k_fukui at highway dot ne dot jp>
- To: gcc-testresults at gcc dot gnu dot org
- Date: Tue, 16 Apr 2002 01:15:59 +0900 (JST)
- Subject: Results for 3.1 20020414 (prerelease) testsuite onpowerpc-unknown-linux-gnu
LAST_UPDATED:
Native configuration is powerpc-unknown-linux-gnu
=== g++ tests ===
Running target unix
FAIL: g++.dg/opt/cleanup1.C execution test
=== g++ Summary ===
# of expected passes 7141
# of unexpected failures 1
# of expected failures 86
# of untested testcases 23
# of unsupported tests 4
/usr/src/redhat/BUILD/gcc-3.1/obj-powerpc-unknown-linux-gnu/gcc/testsuite/../g++ version 3.1 20020414 (prerelease)
=== g77 tests ===
Running target unix
FAIL: g77.f-torture/execute/f90-intrinsic-numeric.f execution, -O1
FAIL: g77.f-torture/execute/f90-intrinsic-numeric.f execution, -O2
FAIL: g77.f-torture/execute/f90-intrinsic-numeric.f execution, -O3 -fomit-frame-pointer
FAIL: g77.f-torture/execute/f90-intrinsic-numeric.f execution, -O3 -g
FAIL: g77.f-torture/execute/f90-intrinsic-numeric.f execution, -Os
=== g77 Summary ===
# of expected passes 1447
# of unexpected failures 5
# of unsupported tests 8
/usr/src/redhat/BUILD/gcc-3.1/obj-powerpc-unknown-linux-gnu/gcc/testsuite/../g77 version 3.1 20020414 (prerelease)
=== gcc tests ===
Running target unix
FAIL: gcc.dg/cpp/charconst.c (test for excess errors)
FAIL: gcc.dg/20020103-1.c scan-assembler-not LC
FAIL: gcc.dg/20020118-1.c execution test
=== gcc Summary ===
# of expected passes 18139
# of unexpected failures 3
# of expected failures 62
# of unsupported tests 103
/usr/src/redhat/BUILD/gcc-3.1/obj-powerpc-unknown-linux-gnu/gcc/xgcc version 3.1 20020414 (prerelease)
=== objc tests ===
Running target unix
=== objc Summary ===
# of expected passes 1036
# of expected failures 6
/usr/src/redhat/BUILD/gcc-3.1/obj-powerpc-unknown-linux-gnu/gcc/xgcc version 3.1 20020414 (prerelease)
=== libjava tests ===
Running target unix
FAIL: Array_3 execution from source compiled test
FAIL: Array_3 execution from bytecode->native test
FAIL: Array_3 -O execution from source compiled test
FAIL: Array_3 -O execution from bytecode->native test
FAIL: test_long output from bytecode->native test
FAIL: test_long -O output from bytecode->native test
=== libjava Summary ===
# of expected passes 2051
# of unexpected failures 6
# of expected failures 18
# of untested testcases 18
=== libstdc++-v3 tests ===
Running target unix
XPASS: 22_locale/collate_byname.cc execution test
XPASS: 22_locale/collate_members_char.cc execution test
XPASS: 22_locale/collate_members_wchar_t.cc execution test
XPASS: 22_locale/ctype_members_char.cc execution test
XPASS: 22_locale/members.cc execution test
XPASS: 22_locale/messages_byname.cc execution test
XPASS: 22_locale/messages_members_char.cc execution test
XPASS: 22_locale/moneypunct_byname.cc execution test
XPASS: 22_locale/moneypunct_members_char.cc execution test
XPASS: 22_locale/moneypunct_members_wchar_t.cc execution test
XPASS: 22_locale/num_get_members_char.cc execution test
XPASS: 22_locale/num_get_members_wchar_t.cc execution test
XPASS: 22_locale/num_put_members_char.cc execution test
XPASS: 22_locale/num_put_members_wchar_t.cc execution test
XPASS: 22_locale/numpunct_byname.cc execution test
XPASS: 22_locale/numpunct_members_char.cc execution test
XPASS: 22_locale/numpunct_members_wchar_t.cc execution test
XPASS: 22_locale/time_get_members_char.cc execution test
XPASS: 22_locale/time_get_members_wchar_t.cc execution test
XPASS: 22_locale/time_put_members_char.cc execution test
XPASS: 22_locale/time_put_members_wchar_t.cc execution test
FAIL: 26_numerics/c99_classification_macros_c.cc (test for excess errors)
=== libstdc++-v3 Summary ===
# of expected passes 370
# of unexpected failures 1
# of unexpected successes 21
# of expected failures 4
Compiler version: 3.1 20020414 (prerelease)
Platform: powerpc-unknown-linux-gnu
configure flags: --enable-altivec=no --prefix=/usr --mandir=/usr/share/man --infodir=/usr/share/info --enable-shared --disable-checking --enable-threads=posix --with-system-zlib --host=powerpc-unknown-linux-gnu