This is the mail archive of the
gcc-testresults@gcc.gnu.org
mailing list for the GCC project.
Results for 3.0.5 20020410 (prerelease) testsuite on i686-pc-linux-gnu
- From: Andris Pavenis <andris at hal dot astr dot lu dot lv>
- To: gcc-testresults at gcc dot gnu dot org
- Date: Thu, 11 Apr 2002 02:37:40 +0300
- Subject: Results for 3.0.5 20020410 (prerelease) testsuite on i686-pc-linux-gnu
Source: gcc 3.0 branch (last updated 2002 Apr 11 01:03 +0300)
System: Linux kernel 2.4.19-pre1-ac1
glibc-2.2.5
binutils-2.11.90.0.19
LAST_UPDATED: Wed Apr 10 22:03:02 UTC 2002
Native configuration is i686-pc-linux-gnu
=== g++ tests ===
Running target unix
FAIL: g++.eh/spec6.C (test for excess errors)
FAIL: g++.ext/instantiate1.C not instantiated (test for errors, line 20)
=== g++ Summary ===
# of expected passes 6517
# of unexpected failures 2
# of expected failures 102
# of untested testcases 9
/disk2/cvs/gcc30/build/build.lnx/gcc/testsuite/../g++ version 3.0.5 20020410 (prerelease)
=== g77 tests ===
Running target unix
=== g77 Summary ===
# of expected passes 955
=== gcc tests ===
Running target unix
FAIL: gcc.c-torture/compile/20020304-1.c, -O2
FAIL: gcc.c-torture/compile/20020304-1.c, -O3 -fomit-frame-pointer
FAIL: gcc.c-torture/compile/20020304-1.c, -O3 -fomit-frame-pointer -funroll-loops
FAIL: gcc.c-torture/compile/20020304-1.c, -O3 -fomit-frame-pointer -funroll-all-loops -finline-functions
FAIL: gcc.c-torture/compile/20020304-1.c, -O3 -g
FAIL: gcc.c-torture/compile/20020304-1.c, -Os
XPASS: gcc.c-torture/execute/20000801-4.c execution, -O0
XPASS: gcc.c-torture/execute/20000801-4.c execution, -O1
XPASS: gcc.c-torture/execute/20000801-4.c execution, -O2
XPASS: gcc.c-torture/execute/20000801-4.c execution, -O3 -fomit-frame-pointer
XPASS: gcc.c-torture/execute/20000801-4.c execution, -O3 -g
XPASS: gcc.c-torture/execute/20000801-4.c execution, -Os
FAIL: gcc.dg/format/c99-scanf-1.c %hhu sign (test for warnings, line 144)
FAIL: gcc.dg/format/xopen-1.c multiple use of scanf argument (test for warnings, line 115)
FAIL: gcc.dg/format/xopen-1.c (test for excess errors)
=== gcc Summary ===
# of expected passes 15343
# of unexpected failures 9
# of unexpected successes 6
# of expected failures 77
# of unsupported tests 20
/disk2/cvs/gcc30/build/build.lnx/gcc/xgcc version 3.0.5 20020410 (prerelease)
=== objc tests ===
Running target unix
=== objc Summary ===
# of expected passes 153
# of expected failures 1
/disk2/cvs/gcc30/build/build.lnx/gcc/xgcc version 3.0.5 20020410 (prerelease)
=== libstdc++-v3 tests ===
Running target unix
=== libstdc++-v3 Summary ===
# of expected passes 247
# of expected failures 8
Compiler version: 3.0.5 20020410 (prerelease)
Platform: i686-pc-linux-gnu
configure flags: --host=i686-pc-linux-gnu --prefix=/disk2/gcctest --enable-shared --enable-languages=c,c++,f77,objc --verbose --enable-threads=posix
Counting all warnings,
there are 108 warnings in stage3 of this bootstrap.
Number of warnings per file:
28 gcc/combine.c
10 gcc/reg-stack.c
6 gcc/cp/pt.c
5 gcc/cse.c
5 gcc/cp/error.c
5 gcc/cp/call.c
4 gcc/except.c
3 insn-emit.c
3 gcc/reload1.c
3 gcc/gcc.c
3 gcc/config/i386/i386.md
3 gcc/config/i386/i386.c
2 gcc/varasm.c
2 gcc/reload.c
2 gcc/function.c
2 gcc/fold-const.c
2 gcc/expr.c
2 gcc/dwarf2out.c
2 gcc/alias.c
1 gcc/version.c
1 gcc/unwind-dw2.c
1 gcc/sched-deps.c
1 gcc/rtlanal.c
1 gcc/regmove.c
1 gcc/objc/lang-specs.h
1 gcc/flow.c
1 gcc/final.c
1 gcc/f/lang-specs.h
1 gcc/expmed.c
1 gcc/dwarfout.c
1 gcc/cppmacro.c
1 gcc/cp/typeck2.c
1 gcc/cp/lang-specs.h
1 gcc/cp/init.c
1 gcc/cp/errfn.c
Number of warning types:
57 comparison between signed and unsigned
14 `???' might be used uninitialized in this function
7 signed and unsigned type in conditional expression
6 string length `???' is greater than the length `???' ISO C89 compilers are required to support
5 unused variable `???'
5 initialization from incompatible pointer type
3 function declaration isn't a prototype
2 unused parameter `???'
2 passing arg ??? of `???' from incompatible pointer type
2 destination missing a mode?
1 traditional C ignores #include with the # indented
1 pointer targets in passing arg ??? of `???' differ in signedness
1 passing arg ??? of `???' discards qualifiers from pointer target type
1 operand 0 missing mode?
1 ??? format, ??? arg (arg ???)