This is the mail archive of the
gcc-testresults@gcc.gnu.org
mailing list for the GCC project.
Results for 3.1 20020406 (prerelease) testsuite on i686-pc-linux-gnu
- From: Mark Wielaard <mark at wildebeest dot org>
- To: gcc-testresults at gcc dot gnu dot org
- Date: Sun, 07 Apr 2002 02:18:35 +0200
- Subject: Results for 3.1 20020406 (prerelease) testsuite on i686-pc-linux-gnu
Debian GNU/Linux 3.0
Linux 2.4.18-k7
binutils Version: 2.12.90.0.1-1
glibc Version: 2.2.5-4
Test results for libjava include the results of the Mauve testsuite
(see http://sources.redhat.com/mauve/)
Source includes some of my pending patches for gcc/libjava and mauve.
(see http://gcc.gnu.org/ml/libjava/current)
(see http://sources.redhat.com/ml/mauve-discuss/current)
LAST_UPDATED: Sat Apr 6 23:14:57 UTC 2002
Native configuration is i686-pc-linux-gnu
=== gcc tests ===
Running target unix
FAIL: gcc.c-torture/execute/20020307-2.c execution, -O1
FAIL: gcc.c-torture/execute/20020307-2.c execution, -O2
FAIL: gcc.c-torture/execute/20020307-2.c execution, -O3 -fomit-frame-pointer
FAIL: gcc.c-torture/execute/20020307-2.c execution, -O3 -fomit-frame-pointer -funroll-loops
FAIL: gcc.c-torture/execute/20020307-2.c execution, -O3 -fomit-frame-pointer -funroll-all-loops -finline-functions
FAIL: gcc.c-torture/execute/20020307-2.c execution, -O3 -g
FAIL: gcc.c-torture/execute/20020402-1.c execution, -Os
=== gcc Summary ===
# of expected passes 18227
# of unexpected failures 7
# of expected failures 66
# of unsupported tests 42
/opt/src/gcc-obj/gcc/xgcc version 3.1 20020406 (prerelease)
=== g++ tests ===
Running target unix
=== g++ Summary ===
# of expected passes 7145
# of expected failures 86
# of untested testcases 9
# of unsupported tests 3
/opt/src/gcc-obj/gcc/testsuite/../g++ version 3.1 20020406 (prerelease)
=== libjava tests ===
Running target unix
FAIL: gnu.testlet.java.io.PipedStream.close (number 1)
FAIL: gnu.testlet.java.lang.Character.classify12 (number 1)
FAIL: gnu.testlet.java.lang.Character.getType (number 11)
FAIL: gnu.testlet.java.lang.Character.getType (number 20)
FAIL: gnu.testlet.java.lang.Character.getType (number 22)
FAIL: gnu.testlet.java.lang.Class.ClassTest: Error: test_getClassLoader failed - 1 (number 1)
FAIL: gnu.testlet.java.lang.Class.ClassTest: Error: test_getClassLoader failed - 2 (number 1)
FAIL: gnu.testlet.java.lang.Double.DoubleTest: Error: test_toString failed - 8 (number 1)
FAIL: gnu.testlet.java.lang.Double.DoubleTest: Error: test_equals failed CYGNUS: Double.equals - 8 (number 1)
FAIL: gnu.testlet.java.lang.Double.DoubleTest: Error: test_intValue returned wrong results CYGNUS: Float to int conversions - 1 (number 1)
FAIL: gnu.testlet.java.lang.Double.DoubleTest: Error: test_longValue returned wrong results CYGNUS: Float to int conversions - 1 (number 1)
FAIL: gnu.testlet.java.lang.Float.FloatTest: Error: test_Basics failed - 3 (number 1)
FAIL: gnu.testlet.java.lang.Float.FloatTest: Error: test_Basics failed - 4 (number 1)
FAIL: gnu.testlet.java.lang.Float.FloatTest: Error: test_toString failed - 8 (number 1)
FAIL: gnu.testlet.java.lang.Float.FloatTest: Error: test_equals failed - 8 (number 1)
FAIL: gnu.testlet.java.lang.Float.FloatTest: Error: test_intValue returned wrong results - 1 (number 1)
FAIL: gnu.testlet.java.lang.Float.FloatTest: test_valueOf 3.4e+32f (number 1)
FAIL: gnu.testlet.java.lang.Float.FloatTest: test_valueOf " -23.45f " (number 1)
FAIL: gnu.testlet.java.lang.Integer.getInteger (number 17)
FAIL: gnu.testlet.java.lang.Math.MathTest: Error : test_atan2 failed - 5 (number 1)
FAIL: gnu.testlet.java.lang.Math.max (number 2)
FAIL: gnu.testlet.java.lang.Math.max (number 18)
FAIL: Compile gnu/testlet/java/lang/Math/min.o for gnu.testlet.java.lang.Math.min
FAIL: gnu.testlet.java.lang.String.CASE_INSENSITIVE_ORDER: unicode mappings (number 1)
FAIL: gnu.testlet.java.lang.String.CASE_INSENSITIVE_ORDER: unicode mappings (number 2)
FAIL: gnu.testlet.java.lang.StringBuffer.plus (number 1)
FAIL: gnu.testlet.java.lang.ref.PhantomReference.phantom: unreachable (number 1)
FAIL: gnu.testlet.java.net.DatagramSocket.DatagramSocketTest: Error : test_echoWithTimeout failed - 5 Exception occured while sending/receiving (number 1)
FAIL: gnu.testlet.java.net.URL.URLTest: new URL(string) (number 16)
FAIL: gnu.testlet.java.net.URL.URLTest: new URL(string) (number 18)
FAIL: gnu.testlet.java.net.URLConnection.URLConnectionTest: Error in test_getContentFunctions - 1 content type was not correct (number 1)
FAIL: gnu.testlet.java.net.URLConnection.URLConnectionTest: Error in test_getContentFunctions - 3 size was not correct (number 1)
FAIL: gnu.testlet.java.net.URLConnection.URLConnectionTest: Error in test_getContentFunctions - 4 getContent did not return proper results (number 1)
FAIL: gnu.testlet.java.net.URLConnection.URLConnectionTest: Error in test_getHeaderField - 0 0 header field wrong (number 1)
FAIL: gnu.testlet.java.net.URLConnection.URLConnectionTest: Error in test_getHeaderField - 1 2 header field wrong (number 1)
FAIL: gnu.testlet.java.net.URLConnection.URLConnectionTest: Error in test_getHeaderField - 2 4 header field wrong (number 1)
FAIL: gnu.testlet.java.net.URLConnection.URLConnectionTest: Error in test_getHeaderField - 3 5 header field wrong (number 1)
FAIL: gnu.testlet.java.net.URLConnection.URLConnectionTest: Error in test_getHeaderField - 4 0 headerkey field wrong (number 1)
FAIL: gnu.testlet.java.net.URLConnection.URLConnectionTest: Error in test_getHeaderField - 7 3 headerkey field wrong (number 1)
FAIL: gnu.testlet.java.net.URLConnection.URLConnectionTest: Error in test_getHeaderField - 8 4 headerkey field wrong (number 1)
FAIL: gnu.testlet.java.net.URLConnection.URLConnectionTest: Error in test_URLConnection - 23 should not have raised exception here (number 1)
FAIL: gnu.testlet.java.net.URLConnection.URLConnectionTest: Error in test_HttpURLConnectionI - 1 should not have raised Throwable here (number 1)
FAIL: Link for gnu.testlet.java.text.AttributedCharacterIterator.implement
FAIL: gnu.testlet.java.text.AttributedString.Test: Attribute key count (number 1)
FAIL: gnu.testlet.java.text.DateFormatSymbols.Test: invalid locale (number 1)
FAIL: gnu.testlet.java.text.SimpleDateFormat.regress: CDT (number 1)
FAIL: gnu.testlet.java.text.SimpleDateFormat.regress: EDT (number 1)
FAIL: gnu.testlet.java.text.SimpleDateFormat.regress: EST (number 1)
FAIL: gnu.testlet.java.text.SimpleDateFormat.regress: PDT (number 1)
FAIL: Link for gnu.testlet.java.util.AbstractMap.AcuniaAbstractMapTest
FAIL: gnu.testlet.java.util.HashMap.AcuniaHashMapTest: checking value of loadFactor, got 1.5 (number 1)
FAIL: gnu.testlet.java.util.HashMap.AcuniaHashMapTest: it.hasNext should not throw ConcurrentModificationException (number 1)
FAIL: gnu.testlet.java.util.HashMap.AcuniaHashMapTest: should throw an UnsupportedOperationException (number 1)
FAIL: gnu.testlet.java.util.Hashtable.AcuniaHashtableTest: should throw NullPointerException (number 1)
FAIL: gnu.testlet.java.util.Hashtable.AcuniaHashtableTest: should throw NullPointerException -- 1 (number 1)
FAIL: gnu.testlet.java.util.Properties.AcuniaPropertiesTest: should throw NullPointerException -- 1 (number 1)
FAIL: gnu.testlet.java.util.Properties.AcuniaPropertiesTest: v does not contain:\$longvalue=I'mtryingtogiveavaluelongerthen40characters\$ (number 1)
FAIL: gnu.testlet.java.util.Properties.AcuniaPropertiesTest: should throw NullPointerException -- 1 (number 1)
FAIL: gnu.testlet.java.util.Properties.AcuniaPropertiesTest: all elements are the same (number 1)
FAIL: gnu.testlet.java.util.Properties.AcuniaPropertiesTest: checkvalue -- got:\$ents=\$ (number 1)
FAIL: gnu.testlet.java.util.Properties.AcuniaPropertiesTest: checkvalue -- got:\$dog=nocat \$ (number 1)
FAIL: gnu.testlet.java.util.Properties.AcuniaPropertiesTest: check if all elements were found -- got: [dog=no\\cat ] (number 1)
=== libjava Summary ===
# of expected passes 8561
# of unexpected failures 62
# of expected failures 55
# of untested testcases 14
=== libstdc++-v3 tests ===
Running target unix
FAIL: 26_numerics/c99_classification_macros_c.cc (test for excess errors)
=== libstdc++-v3 Summary ===
# of expected passes 370
# of unexpected failures 1
# of expected failures 25
Compiler version: 3.1 20020406 (prerelease)
Platform: i686-pc-linux-gnu
configure flags: --host=i686-pc-linux-gnu --enable-languages=c++,java --enable-shared --enable-threads --prefix=/usr/local/gcc-3.1 --with-system-zlib