This is the mail archive of the
gcc-testresults@gcc.gnu.org
mailing list for the GCC project.
Results for 3.0.4 testsuite on armv5l-unknown-linux-gnu
- From: jeroen dobbelaere <jeroen dot dobbelaere at acunia dot com>
- To: gcc-testresults at gcc dot gnu dot org
- Date: Thu, 28 Feb 2002 08:48:43 +0100
- Subject: Results for 3.0.4 testsuite on armv5l-unknown-linux-gnu
- Organization: ACUNIA
Linux version 2.4.16-rmk1-xng1
glibc-2.2.5 (+ arm patch)
binutils 2.11.92.0.12.3 ( + xscale patch)
LAST_UPDATED:
Native configuration is armv5l-unknown-linux-gnu
=== libjava tests ===
Running target unix
FAIL: G19990210_1 compilation from source
FAIL: G19990210_1 -O compilation from source
FAIL: G19990217_01 compilation from source
FAIL: G19990217_01 -O compilation from source
XPASS: N19990310_4 output from source compiled test
XPASS: N19990310_4 -O output from source compiled test
XPASS: stringconst output from bytecode->native test
XPASS: stringconst -O output from bytecode->native test
XPASS: stub compilation from source
XPASS: stub byte compilation
XPASS: stub compilation from bytecode
XPASS: stub -O compilation from source
XPASS: stub byte compilation
XPASS: stub -O compilation from bytecode
=== libjava Summary ===
# of expected passes 1672
# of unexpected failures 4
# of unexpected successes 10
# of expected failures 14
# of untested testcases 16
=== libstdc++-v3 tests ===
Running target unix
=== libstdc++-v3 Summary ===
# of expected passes 247
# of expected failures 8
=== g++ tests ===
Running target unix
FAIL: g++.abi/ptrmem.C Execution test
FAIL: g++.ext/instantiate1.C not instantiated (test for errors, line 20)
=== g++ Summary ===
# of expected passes 6498
# of unexpected failures 2
# of expected failures 103
# of untested testcases 21
/usr/src/build/tmp/build-3.0.4/gcc/testsuite/../g++ version 3.0.4
=== g77 tests ===
Running target unix
=== g77 Summary ===
# of expected passes 939
# of unsupported tests 8
=== gcc tests ===
Running target unix
FAIL: gcc.c-torture/execute/961122-1.c compilation, -O3 -fomit-frame-pointer
FAIL: gcc.c-torture/execute/961122-1.c compilation, -O3 -g
FAIL: gcc.c-torture/execute/990208-1.c execution, -O3 -fomit-frame-pointer
FAIL: gcc.c-torture/execute/990208-1.c execution, -O3 -g
FAIL: gcc.c-torture/execute/991216-1.c compilation, -O3 -g
FAIL: gcc.c-torture/execute/nest-stdar-1.c compilation, -O0
FAIL: gcc.dg/asm-fs-1.c scan-assembler-not \\*_bar
FAIL: gcc.dg/asm-fs-1.c scan-assembler-not \\*_baz
FAIL: gcc.dg/pack-test-1.c (test for excess errors)
FAIL: gcc.dg/pack-test-2.c (test for errors, line 7)
FAIL: gcc.dg/pack-test-2.c (test for errors, line 14)
FAIL: gcc.dg/pack-test-2.c (test for errors, line 19)
FAIL: gcc.dg/pack-test-2.c (test for excess errors)
=== gcc Summary ===
# of expected passes 15278
# of unexpected failures 13
# of expected failures 76
# of unresolved testcases 4
# of unsupported tests 52
/usr/src/build/tmp/build-3.0.4/gcc/xgcc version 3.0.4
=== objc tests ===
Running target unix
=== objc Summary ===
# of expected passes 153
# of expected failures 1
/usr/src/build/tmp/build-3.0.4/gcc/xgcc version 3.0.4
Compiler version: 3.0.4
Platform: armv5l-unknown-linux-gnu
configure flags: --host=armv5l-unknown-linux-gnu --prefix=/usr --with-cpu=xscale
--
--
Jeroen Dobbelaere
Embedded Software Engineer
ACUNIA Embedded Solutions
http://www.acunia.com