This is the mail archive of the
gcc-testresults@gcc.gnu.org
mailing list for the GCC project.
Results for 3.1 20020225 (experimental) testsuite on alphaev6-dec-osf4.0f
- From: Alexandre Oliva <oliva at ic dot unicamp dot br>
- To: gcc-testresults at gcc dot gnu dot org
- Date: Wed, 27 Feb 2002 20:57:44 -0300 (EST)
- Subject: Results for 3.1 20020225 (experimental) testsuite on alphaev6-dec-osf4.0f
Native configuration is alphaev6-dec-osf4.0f
=== binutils tests ===
Running target unix
FAIL: strip with saving a symbol
FAIL: run stripped executable with saving a symbol
=== binutils Summary ===
# of expected passes 20
# of unexpected failures 2
# of expected failures 4
=== g++ tests ===
Running target unix
FAIL: g++.dg/ext/instantiate1.C suppressing f<int> (test for errors, line )
FAIL: g++.dg/ext/instantiate1.C suppressing A<int> (test for errors, line )
FAIL: g++.dg/ext/instantiate1.C (test for excess errors)
FAIL: g++.dg/init/init-ref2.C execution test
FAIL: g++.dg/special/conpr-1.C execution test
FAIL: g++.dg/special/conpr-2.C execution test
FAIL: g++.dg/special/conpr-3.C (test for excess errors)
FAIL: g++.dg/special/conpr-3.C execution test
FAIL: g++.dg/special/conpr-3.C (test for excess errors)
FAIL: g++.dg/special/conpr-3.C execution test
FAIL: g++.dg/special/initp1.C execution test
FAIL: g++.bob/inherit2.C (test for excess errors)
FAIL: g++.eh/ia64-1.C (test for excess errors)
FAIL: g++.ext/instantiate2.C not instantiated (test for errors, line 19)
FAIL: g++.ext/instantiate3.C not instantiated (test for errors, line 13)
FAIL: g++.mike/net40.C (test for excess errors)
FAIL: g++.other/dwarf2-1.C (test for excess errors)
FAIL: g++.pt/instantiate5.C (test for excess errors)
FAIL: g++.robertl/eb44.C (test for excess errors)
=== g++ Summary ===
# of expected passes 7016
# of unexpected failures 19
# of expected failures 94
# of untested testcases 22
/tmp_mnt/n/test/log/cotia/.ltmp/egcs/gcc/testsuite/../g++ version 3.1 20020225 (experimental)
=== g77 tests ===
Running target unix
=== g77 Summary ===
# of expected passes 1452
# of unsupported tests 8
/tmp_mnt/n/test/log/cotia/.ltmp/egcs/gcc/testsuite/../g77 version 3.1 20020225 (experimental)
=== gcc tests ===
Running target unix
FAIL: gcc.c-torture/compile/labels-3.c, -O0
FAIL: gcc.c-torture/compile/labels-3.c, -O1
FAIL: gcc.c-torture/compile/labels-3.c, -O2
FAIL: gcc.c-torture/compile/labels-3.c, -O3 -fomit-frame-pointer
FAIL: gcc.c-torture/compile/labels-3.c, -O3 -g
FAIL: gcc.c-torture/compile/labels-3.c, -Os
FAIL: gcc.c-torture/execute/20001229-1.c compilation, -O3 -fomit-frame-pointer
FAIL: gcc.c-torture/execute/20001229-1.c compilation, -O3 -g
FAIL: gcc.dg/cpp/wchar-1.c execution test
XPASS: gcc.dg/c99-intconst-1.c (test for excess errors)
FAIL: gcc.dg/inline-2.c scan-assembler bsr
=== gcc Summary ===
# of expected passes 17755
# of unexpected failures 10
# of unexpected successes 1
# of expected failures 66
# of unresolved testcases 2
# of unsupported tests 105
/tmp_mnt/n/test/log/cotia/.ltmp/egcs/gcc/xgcc version 3.1 20020225 (experimental)
=== objc tests ===
Running target unix
FAIL: objc/execute/formal_protocol-6.m execution, -O0
FAIL: objc/execute/formal_protocol-6.m execution, -O1
FAIL: objc/execute/formal_protocol-6.m execution, -O2
FAIL: objc/execute/formal_protocol-6.m execution, -O3 -fomit-frame-pointer
FAIL: objc/execute/formal_protocol-6.m execution, -O3 -g
FAIL: objc/execute/formal_protocol-6.m execution, -Os
=== objc Summary ===
# of expected passes 1036
# of unexpected failures 6
/tmp_mnt/n/test/log/cotia/.ltmp/egcs/gcc/xgcc version 3.1 20020225 (experimental)
Compiler version: 3.1 20020225 (experimental)
Platform: alphaev6-dec-osf4.0f
BOOT_CFLAGS: -g -O9 -W -Wall
Counting all warnings,
there are 15 warnings in stage3 of this bootstrap.
Number of warnings per file:
6 libobjc/class.c
4 libobjc/hash.c
1 libobjc/sendmsg.c
1 libf2c/libU77/vxtidate_.c
1 libf2c/libU77/date_.c
1 libf2c/libI77/open.c
1 config.h
Number of warning types:
11 cast from pointer to integer of different size
2 no return statement in function returning non-void
1 this is the location of the previous definition
1 `_XOPEN_SOURCE' redefined