This is the mail archive of the
gcc-testresults@gcc.gnu.org
mailing list for the GCC project.
Results for 3.1 20020227 (prerelease) testsuite on alphaev6-unknown-linux-gnu
- From: Richard Henderson <rth at cygnus dot com>
- To: gcc-testresults at gcc dot gnu dot org
- Date: Wed, 27 Feb 2002 10:32:23 -0800
- Subject: Results for 3.1 20020227 (prerelease) testsuite on alphaev6-unknown-linux-gnu
LAST_UPDATED: Wed Feb 27 09:02:44 UTC 2002
Native configuration is alphaev6-unknown-linux-gnu
=== libjava tests ===
Running target unix
FAIL: StringBuffer_1 execution from source compiled test
FAIL: StringBuffer_1 execution from bytecode->native test
FAIL: StringBuffer_1 -O execution from source compiled test
FAIL: StringBuffer_1 -O execution from bytecode->native test
=== libjava Summary ===
# of expected passes 2021
# of unexpected failures 4
# of expected failures 14
# of untested testcases 12
=== libstdc++-v3 tests ===
Running target unix
XPASS: 22_locale/ctype_members_char.cc execution test
XPASS: 22_locale/members.cc execution test
XPASS: 22_locale/messages_byname.cc execution test
XPASS: 22_locale/messages_members_char.cc execution test
XPASS: 22_locale/money_get_members_char.cc execution test
XPASS: 22_locale/money_get_members_wchar_t.cc execution test
XPASS: 22_locale/money_put_members_char.cc execution test
XPASS: 22_locale/money_put_members_wchar_t.cc execution test
XPASS: 22_locale/moneypunct_byname.cc execution test
XPASS: 22_locale/moneypunct_members_char.cc execution test
XPASS: 22_locale/moneypunct_members_wchar_t.cc execution test
XPASS: 22_locale/num_get_members_char.cc execution test
XPASS: 22_locale/num_get_members_wchar_t.cc execution test
XPASS: 22_locale/num_put_members_char.cc execution test
XPASS: 22_locale/num_put_members_wchar_t.cc execution test
XPASS: 22_locale/numpunct_byname.cc execution test
XPASS: 22_locale/numpunct_members_char.cc execution test
XPASS: 22_locale/numpunct_members_wchar_t.cc execution test
XPASS: 22_locale/time_get_members_char.cc execution test
XPASS: 22_locale/time_get_members_wchar_t.cc execution test
XPASS: 22_locale/time_put_members_char.cc execution test
FAIL: 26_numerics/c99_classification_macros_c.cc (test for excess errors)
FAIL: 27_io/ios_manip_basefield.cc execution test
=== libstdc++-v3 Summary ===
# of expected passes 355
# of unexpected failures 2
# of unexpected successes 21
# of expected failures 4
=== g++ tests ===
Running target unix
=== g++ Summary ===
# of expected passes 7062
# of expected failures 92
# of untested testcases 22
/castro/street/rth/gcc/build/3.1/gcc/testsuite/../g++ version 3.1 20020227 (prerelease)
=== g77 tests ===
Running target unix
=== g77 Summary ===
# of expected passes 1452
# of unsupported tests 8
/castro/street/rth/gcc/build/3.1/gcc/testsuite/../g77 version 3.1 20020227 (prerelease)
=== gcc tests ===
Running target unix
XPASS: gcc.dg/c99-intconst-1.c (test for excess errors)
=== objc tests ===
Running target unix
FAIL: objc/execute/formal_protocol-6.m execution, -O0
FAIL: objc/execute/formal_protocol-6.m execution, -O1
FAIL: objc/execute/formal_protocol-6.m execution, -O2
FAIL: objc/execute/formal_protocol-6.m execution, -O3 -fomit-frame-pointer
FAIL: objc/execute/formal_protocol-6.m execution, -O3 -g
FAIL: objc/execute/formal_protocol-6.m execution, -Os
=== objc Summary ===
# of expected passes 1036
# of unexpected failures 6
/castro/street/rth/gcc/build/3.1/gcc/xgcc version 3.1 20020227 (prerelease)
Compiler version: 3.1 20020227 (prerelease)
Platform: alphaev6-unknown-linux-gnu
configure flags: --host=alphaev6-unknown-linux-gnu --prefix=/castro/street/H-alpha-linux --enable-threads