This is the mail archive of the
gcc-testresults@gcc.gnu.org
mailing list for the GCC project.
Results for 3.1 20020220 (experimental) testsuite on i686-pc-linux-gnu
- From: "H . J . Lu" <hjl at lucon dot org>
- To: gcc-testresults at gcc dot gnu dot org
- Date: Wed, 20 Feb 2002 15:53:15 -0800
- Subject: Results for 3.1 20020220 (experimental) testsuite on i686-pc-linux-gnu
LAST_UPDATED: Wed Feb 20 18:08:51 UTC 2002
Native configuration is i686-pc-linux-gnu
=== g77 tests ===
Running target unix
=== g77 Summary ===
# of expected passes 1468
/export/build/gnu/gcc-mips/build-i686-linux/gcc/testsuite/../g77 version 3.1 20020220 (experimental)
=== gcc tests ===
Running target unix
FAIL: gcc.c-torture/execute/20011223-1.c execution, -O2
FAIL: gcc.c-torture/execute/20011223-1.c execution, -O3 -fomit-frame-pointer
FAIL: gcc.c-torture/execute/20011223-1.c execution, -O3 -g
FAIL: gcc.c-torture/execute/20011223-1.c execution, -Os
FAIL: gcc.dg/i386-sse-2.c (test for excess errors)
=== gcc Summary ===
# of expected passes 17779
# of unexpected failures 5
# of expected failures 66
# of unsupported tests 35
/export/build/gnu/gcc-mips/build-i686-linux/gcc/xgcc version 3.1 20020220 (experimental)
=== g++ tests ===
Running target unix
XPASS: g++.dg/template/friend.C (test for bogus messages, line 19)
XPASS: g++.dg/template/friend.C (test for bogus messages, line 21)
XPASS: g++.dg/template/friend.C (test for bogus messages, line 28)
=== g++ Summary ===
# of expected passes 7046
# of unexpected successes 3
# of expected failures 88
# of untested testcases 9
/export/build/gnu/gcc-mips/build-i686-linux/gcc/testsuite/../g++ version 3.1 20020220 (experimental)
=== objc tests ===
Running target unix
FAIL: objc/execute/formal_protocol-6.m execution, -O0
FAIL: objc/execute/formal_protocol-6.m execution, -O1
FAIL: objc/execute/formal_protocol-6.m execution, -O2
FAIL: objc/execute/formal_protocol-6.m execution, -O3 -fomit-frame-pointer
FAIL: objc/execute/formal_protocol-6.m execution, -O3 -g
FAIL: objc/execute/formal_protocol-6.m execution, -Os
=== objc Summary ===
# of expected passes 1036
# of unexpected failures 6
/export/build/gnu/gcc-mips/build-i686-linux/gcc/xgcc version 3.1 20020220 (experimental)
=== libjava tests ===
Running target unix
FAIL: noclass run
FAIL: throwit run
FAIL: linking cxxtest
FAIL: Divide_1 execution from source compiled test
FAIL: Divide_1 execution from bytecode->native test
FAIL: Divide_1 -O execution from source compiled test
FAIL: Divide_1 -O execution from bytecode->native test
FAIL: Final execution from source compiled test
FAIL: Final execution from bytecode->native test
FAIL: Final -O execution from source compiled test
FAIL: Final -O execution from bytecode->native test
FAIL: G19990302_02 execution from source compiled test
FAIL: G19990302_02 execution from bytecode->native test
FAIL: G19990302_02 -O execution from source compiled test
FAIL: G19990302_02 -O execution from bytecode->native test
FAIL: G19990303_01 execution from source compiled test
FAIL: G19990303_01 execution from bytecode->native test
FAIL: G19990303_01 -O execution from source compiled test
FAIL: G19990303_01 -O execution from bytecode->native test
FAIL: G19990303_02 execution from source compiled test
FAIL: G19990303_02 execution from bytecode->native test
FAIL: G19990303_02 -O execution from source compiled test
FAIL: G19990303_02 -O execution from bytecode->native test
FAIL: G19990304_01 execution from source compiled test
FAIL: G19990304_01 execution from bytecode->native test
FAIL: G19990304_01 -O execution from source compiled test
FAIL: G19990304_01 -O execution from bytecode->native test
FAIL: InterfaceDispatch execution from source compiled test
FAIL: InterfaceDispatch execution from bytecode->native test
FAIL: InterfaceDispatch -O execution from source compiled test
FAIL: InterfaceDispatch -O execution from bytecode->native test
FAIL: Invoke_1 execution from source compiled test
FAIL: Invoke_1 execution from bytecode->native test
FAIL: Invoke_1 -O execution from source compiled test
FAIL: Invoke_1 -O execution from bytecode->native test
FAIL: PR141 execution from source compiled test
FAIL: PR141 execution from bytecode->native test
FAIL: PR141 -O execution from source compiled test
FAIL: PR141 -O execution from bytecode->native test
FAIL: PR218 execution from source compiled test
FAIL: PR218 execution from bytecode->native test
FAIL: PR218 -O execution from source compiled test
FAIL: PR218 -O execution from bytecode->native test
FAIL: invokethrow execution from source compiled test
FAIL: invokethrow execution from bytecode->native test
FAIL: invokethrow -O execution from source compiled test
FAIL: invokethrow -O execution from bytecode->native test
FAIL: StringBuffer_1 execution from source compiled test
FAIL: StringBuffer_1 execution from bytecode->native test
FAIL: StringBuffer_1 -O execution from source compiled test
FAIL: StringBuffer_1 -O execution from bytecode->native test
FAIL: Thread_Alive execution from source compiled test
FAIL: Thread_Alive execution from bytecode->native test
FAIL: Thread_Alive -O execution from source compiled test
FAIL: Thread_Alive -O execution from bytecode->native test
FAIL: Thread_Interrupt execution from source compiled test
FAIL: Thread_Interrupt execution from bytecode->native test
FAIL: Thread_Interrupt -O execution from source compiled test
FAIL: Thread_Interrupt -O execution from bytecode->native test
FAIL: Thread_Wait_2 execution from source compiled test
FAIL: Thread_Wait_2 execution from bytecode->native test
FAIL: Thread_Wait_2 -O execution from source compiled test
FAIL: Thread_Wait_2 -O execution from bytecode->native test
FAIL: Thread_Wait_Interrupt execution from source compiled test
FAIL: Thread_Wait_Interrupt execution from bytecode->native test
FAIL: Thread_Wait_Interrupt -O execution from source compiled test
FAIL: Thread_Wait_Interrupt -O execution from bytecode->native test
FAIL: Throw_1 execution from source compiled test
FAIL: Throw_1 execution from bytecode->native test
FAIL: Throw_1 -O execution from source compiled test
FAIL: Throw_1 -O execution from bytecode->native test
FAIL: instinit2 execution from source compiled test
FAIL: instinit2 output from bytecode->native test
FAIL: instinit2 -O execution from source compiled test
FAIL: instinit2 -O output from bytecode->native test
FAIL: nested_with_ctor output from bytecode->native test
FAIL: nested_with_ctor -O output from bytecode->native test
FAIL: pr184 execution from source compiled test
FAIL: pr184 execution from bytecode->native test
FAIL: pr184 -O execution from source compiled test
FAIL: pr184 -O execution from bytecode->native test
FAIL: pr83 execution from source compiled test
FAIL: pr83 execution from bytecode->native test
FAIL: pr83 -O execution from source compiled test
FAIL: pr83 -O execution from bytecode->native test
FAIL: Array_3 execution from source compiled test
FAIL: Array_3 execution from bytecode->native test
FAIL: Array_3 -O execution from source compiled test
FAIL: Array_3 -O execution from bytecode->native test
FAIL: FileHandleGcTest execution from source compiled test
FAIL: FileHandleGcTest execution from bytecode->native test
FAIL: FileHandleGcTest -O execution from source compiled test
FAIL: FileHandleGcTest -O execution from bytecode->native test
FAIL: ArrayStore execution from source compiled test
FAIL: ArrayStore execution from bytecode->native test
FAIL: ArrayStore -O execution from source compiled test
FAIL: ArrayStore -O execution from bytecode->native test
FAIL: ArrayStore2 execution from source compiled test
FAIL: ArrayStore2 execution from bytecode->native test
FAIL: ArrayStore2 -O execution from source compiled test
FAIL: ArrayStore2 -O execution from bytecode->native test
=== libjava Summary ===
# of expected passes 1823
# of unexpected failures 101
# of expected failures 11
# of untested testcases 104
=== libstdc++-v3 tests ===
Running target unix
XPASS: 22_locale/ctype_members_char.cc execution test
XPASS: 22_locale/members.cc execution test
XPASS: 22_locale/messages_byname.cc execution test
XPASS: 22_locale/messages_members_char.cc execution test
XPASS: 22_locale/money_get_members_char.cc execution test
XPASS: 22_locale/money_get_members_wchar_t.cc execution test
XPASS: 22_locale/money_put_members_char.cc execution test
XPASS: 22_locale/money_put_members_wchar_t.cc execution test
XPASS: 22_locale/moneypunct_byname.cc execution test
XPASS: 22_locale/moneypunct_members_char.cc execution test
XPASS: 22_locale/moneypunct_members_wchar_t.cc execution test
XPASS: 22_locale/num_get_members_char.cc execution test
XPASS: 22_locale/num_get_members_wchar_t.cc execution test
XPASS: 22_locale/num_put_members_char.cc execution test
XPASS: 22_locale/num_put_members_wchar_t.cc execution test
XPASS: 22_locale/numpunct_byname.cc execution test
XPASS: 22_locale/numpunct_members_char.cc execution test
XPASS: 22_locale/numpunct_members_wchar_t.cc execution test
XPASS: 22_locale/time_get_members_char.cc execution test
XPASS: 22_locale/time_get_members_wchar_t.cc execution test
XPASS: 22_locale/time_put_members_char.cc execution test
FAIL: 26_numerics/c99_classification_macros_c.cc (test for excess errors)
FAIL: thread/pthread4.cc execution test
=== libstdc++-v3 Summary ===
# of expected passes 353
# of unexpected failures 2
# of unexpected successes 21
# of expected failures 4
Compiler version: 3.1 20020220 (experimental)
Platform: i686-pc-linux-gnu
configure flags: --host=i686-pc-linux-gnu --enable-clocale=gnu --with-system-zlib --enable-shared --enable-threads=posix --enable-haifa --disable-checking --prefix=/usr/gcc-3.1 --with-local-prefix=/usr/local