This is the mail archive of the
gcc-testresults@gcc.gnu.org
mailing list for the GCC project.
Results for 3.1 20020207 (experimental) testsuite on hppa2.0w-hp-hpux11.00
- From: John David Anglin <dave at hiauly2 dot hia dot nrc dot ca>
- To: dave at hiauly2 dot hia dot nrc dot ca, gcc-testresults at gcc dot gnu dot org
- Date: Fri, 8 Feb 2002 11:53:23 -0500 (EST)
- Subject: Results for 3.1 20020207 (experimental) testsuite on hppa2.0w-hp-hpux11.00
LAST_UPDATED: Thu Feb 7 23:12:20 UTC 2002
Native configuration is hppa2.0w-hp-hpux11.00
=== g++ tests ===
Running target unix
FAIL: g++.dg/ext/instantiate1.C (test for excess errors)
FAIL: g++.dg/warn/weak1.C (test for excess errors)
FAIL: g++.bob/inherit2.C (test for excess errors)
FAIL: g++.ext/attrib5.C (test for excess errors)
XPASS: g++.mike/eh33.C (test for excess errors)
XPASS: g++.mike/eh33.C Execution test
XPASS: g++.mike/eh50.C (test for excess errors)
XPASS: g++.mike/eh50.C Execution test
FAIL: g++.mike/net40.C (test for excess errors)
FAIL: g++.other/dwarf2-1.C (test for excess errors)
FAIL: g++.other/mangle11.C (test for excess errors)
FAIL: g++.other/mangle3.C (test for excess errors)
FAIL: g++.robertl/eb44.C (test for excess errors)
=== g++ Summary ===
# of expected passes 6851
# of unexpected failures 9
# of unexpected successes 4
# of expected failures 101
# of untested testcases 23
# of unsupported tests 1
/xxx/gnu/gcc-3.1/objdir/gcc/testsuite/../g++ version 3.1 20020207 (experimental)
=== g77 tests ===
Running target unix
FAIL: g77.f-torture/execute/f90-intrinsic-numeric.f execution, -O1
FAIL: g77.f-torture/execute/f90-intrinsic-numeric.f execution, -O2
FAIL: g77.f-torture/execute/f90-intrinsic-numeric.f execution, -O3 -fomit-frame-pointer
FAIL: g77.f-torture/execute/f90-intrinsic-numeric.f execution, -O3 -g
FAIL: g77.f-torture/execute/f90-intrinsic-numeric.f execution, -Os
=== g77 Summary ===
# of expected passes 1405
# of unexpected failures 5
# of expected failures 6
# of unsupported tests 8
/xxx/gnu/gcc-3.1/objdir/gcc/testsuite/../g77 version 3.1 20020207 (experimental)
=== gcc tests ===
Running target unix
FAIL: gcc.c-torture/execute/strct-pack-1.c execution, -O2
FAIL: gcc.c-torture/execute/strct-pack-1.c execution, -Os
FAIL: gcc.dg/debug/dwarf2-1.c (test for excess errors)
FAIL: gcc.dg/debug/dwarf2-1.c (test for excess errors)
FAIL: gcc.dg/debug/dwarf2-1.c (test for excess errors)
FAIL: gcc.dg/debug/dwarf2-1.c (test for excess errors)
FAIL: gcc.dg/debug/dwarf2-1.c (test for excess errors)
FAIL: gcc.dg/debug/dwarf2-1.c (test for excess errors)
FAIL: gcc.dg/debug/dwarf2-1.c (test for excess errors)
FAIL: gcc.dg/debug/dwarf2-1.c (test for excess errors)
FAIL: gcc.dg/debug/dwarf2-1.c (test for excess errors)
FAIL: gcc.dg/debug/dwarf2-1.c (test for excess errors)
FAIL: gcc.dg/debug/dwarf2-1.c (test for excess errors)
FAIL: gcc.dg/debug/dwarf2-1.c (test for excess errors)
FAIL: gcc.dg/debug/dwarf2-1.c (test for excess errors)
FAIL: gcc.dg/debug/dwarf2-1.c (test for excess errors)
FAIL: gcc.dg/debug/dwarf2-1.c (test for excess errors)
FAIL: gcc.dg/debug/dwarf2-1.c (test for excess errors)
FAIL: gcc.dg/debug/dwarf2-1.c (test for excess errors)
FAIL: gcc.dg/debug/dwarf2-1.c (test for excess errors)
FAIL: gcc.dg/asm-names.c (test for excess errors)
FAIL: gcc.dg/inline-1.c scan-assembler-not xyzzy
FAIL: gcc.dg/noncompile/930622-1.c (test for excess errors)
=== gcc Summary ===
# of expected passes 17522
# of unexpected failures 23
# of expected failures 62
# of unresolved testcases 4
# of unsupported tests 106
/xxx/gnu/gcc-3.1/objdir/gcc/xgcc version 3.1 20020207 (experimental)
=== objc tests ===
Running target unix
FAIL: objc/execute/formal_protocol-6.m execution, -O0
FAIL: objc/execute/formal_protocol-6.m execution, -O1
FAIL: objc/execute/formal_protocol-6.m execution, -O2
FAIL: objc/execute/formal_protocol-6.m execution, -O3 -fomit-frame-pointer
FAIL: objc/execute/formal_protocol-6.m execution, -O3 -g
FAIL: objc/execute/formal_protocol-6.m execution, -Os
=== objc Summary ===
# of expected passes 1036
# of unexpected failures 6
/xxx/gnu/gcc-3.1/objdir/gcc/xgcc version 3.1 20020207 (experimental)
=== libstdc++-v3 tests ===
Running target unix
FAIL: 21_strings/capacity.cc (test for excess errors)
XPASS: 22_locale/collate_members_wchar_t.cc execution test
FAIL: 22_locale/money_get_members_char.cc (test for excess errors)
XPASS: 22_locale/money_get_members_wchar_t.cc execution test
XPASS: 22_locale/money_put_members_wchar_t.cc execution test
XPASS: 22_locale/moneypunct_members_wchar_t.cc execution test
XPASS: 22_locale/num_get_members_wchar_t.cc execution test
XPASS: 22_locale/num_put_members_wchar_t.cc execution test
XPASS: 22_locale/numpunct_members_wchar_t.cc execution test
XPASS: 22_locale/time_get_members_wchar_t.cc execution test
XPASS: 22_locale/time_put_members_wchar_t.cc execution test
FAIL: 26_numerics/c99_classification_macros_c.cc (test for excess errors)
FAIL: 27_io/ios_init.cc (test for excess errors)
=== libstdc++-v3 Summary ===
# of expected passes 337
# of unexpected failures 4
# of unexpected successes 9
# of expected failures 16
# of unsupported tests 6
Compiler version: 3.1 20020207 (experimental)
Platform: hppa2.0w-hp-hpux11.00
configure flags: --host=hppa2.0w-hp-hpux11.00 --with-gnu-as --with-as=/opt/gnu/bin/as --enable-shared --prefix=/opt/gnu --enable-debug=no