This is the mail archive of the
gcc-testresults@gcc.gnu.org
mailing list for the GCC project.
Results for 3.1 20020201 (experimental) testsuite on i686-pc-linux-gnu
- From: Andris Pavenis <andris at hal dot astr dot lu dot lv>
- To: gcc-testresults at gcc dot gnu dot org
- Date: Sat, 2 Feb 2002 06:43:21 +0200
- Subject: Results for 3.1 20020201 (experimental) testsuite on i686-pc-linux-gnu
Last updated from CVS: 2002 Feb 02 04:04 +0200
System: Linux kernel 2.4.18-pre7
glibc-2.2.3
binutils-2.11.90.0.31
LAST_UPDATED: Sat Feb 2 02:04:38 UTC 2002
Native configuration is i686-pc-linux-gnu
=== g++ tests ===
Running target unix
FAIL: g++.ext/instantiate2.C not instantiated (test for errors, line 19)
=== g++ Summary ===
# of expected passes 6894
# of unexpected failures 1
# of expected failures 91
# of untested testcases 9
/disk2/cvs/gcc31/build/build.lnx/gcc/testsuite/../g++ version 3.1 20020201 (experimental)
=== g77 tests ===
Running target unix
=== g77 Summary ===
# of expected passes 1396
/disk2/cvs/gcc31/build/build.lnx/gcc/testsuite/../g77 version 3.1 20020201 (experimental)
=== gcc tests ===
Running target unix
FAIL: gcc.c-torture/execute/20011223-1.c execution, -O2
FAIL: gcc.c-torture/execute/20011223-1.c execution, -O3 -fomit-frame-pointer
FAIL: gcc.c-torture/execute/20011223-1.c execution, -O3 -g
FAIL: gcc.c-torture/execute/20011223-1.c execution, -Os
FAIL: gcc.dg/20020201-1.c execution test
FAIL: gcc.dg/20020201-2.c (test for excess errors)
FAIL: gcc.dg/i386-sse-2.c (test for excess errors)
FAIL: gcc.dg/format/c99-printf-1.c %hhn unsigned char (test for warnings, line 196)
FAIL: gcc.dg/format/ext-3.c bad %^# (test for warnings, line 215)
FAIL: gcc.dg/format/xopen-1.c multiple use of scanf argument (test for warnings, line 124)
FAIL: gcc.dg/format/xopen-1.c (test for excess errors)
=== gcc Summary ===
# of expected passes 17524
# of unexpected failures 11
# of expected failures 58
# of unsupported tests 34
/disk2/cvs/gcc31/build/build.lnx/gcc/xgcc version 3.1 20020201 (experimental)
=== objc tests ===
Running target unix
FAIL: objc/execute/formal_protocol-6.m execution, -O0
FAIL: objc/execute/formal_protocol-6.m execution, -O1
FAIL: objc/execute/formal_protocol-6.m execution, -O2
FAIL: objc/execute/formal_protocol-6.m execution, -O3 -fomit-frame-pointer
FAIL: objc/execute/formal_protocol-6.m execution, -O3 -g
FAIL: objc/execute/formal_protocol-6.m execution, -Os
=== objc Summary ===
# of expected passes 1036
# of unexpected failures 6
/disk2/cvs/gcc31/build/build.lnx/gcc/xgcc version 3.1 20020201 (experimental)
=== libstdc++-v3 tests ===
Running target unix
XPASS: 22_locale/ctype_members_char.cc execution test
XPASS: 22_locale/members.cc execution test
XPASS: 22_locale/messages_byname.cc execution test
XPASS: 22_locale/messages_members_char.cc execution test
XPASS: 22_locale/money_get_members_char.cc execution test
XPASS: 22_locale/money_get_members_wchar_t.cc execution test
XPASS: 22_locale/money_put_members_char.cc execution test
XPASS: 22_locale/money_put_members_wchar_t.cc execution test
XPASS: 22_locale/moneypunct_byname.cc execution test
XPASS: 22_locale/moneypunct_members_char.cc execution test
XPASS: 22_locale/moneypunct_members_wchar_t.cc execution test
XPASS: 22_locale/num_get_members_char.cc execution test
XPASS: 22_locale/num_get_members_wchar_t.cc execution test
XPASS: 22_locale/num_put_members_char.cc execution test
XPASS: 22_locale/num_put_members_wchar_t.cc execution test
XPASS: 22_locale/numpunct_byname.cc execution test
XPASS: 22_locale/numpunct_members_char.cc execution test
XPASS: 22_locale/numpunct_members_wchar_t.cc execution test
FAIL: 22_locale/operators.cc (test for excess errors)
XPASS: 22_locale/time_get_members_char.cc execution test
XPASS: 22_locale/time_get_members_wchar_t.cc execution test
XPASS: 22_locale/time_put_members_char.cc execution test
FAIL: 26_numerics/c99_classification_macros_c.cc (test for excess errors)
=== libstdc++-v3 Summary ===
# of expected passes 353
# of unexpected failures 2
# of unexpected successes 21
# of expected failures 4
Compiler version: 3.1 20020201 (experimental)
Platform: i686-pc-linux-gnu
configure flags: --host=i686-pc-linux-gnu --prefix=/disk2/gcc31 --enable-shared --enable-languages=c,c++,f77,objc --verbose --enable-threads=posix
Counting all warnings,
there are 50 warnings in stage3 of this bootstrap.
Number of warnings per file:
24 gcc/combine.c
10 gcc/regclass.c
4 gcc/optabs.c
4 gcc/gcc.c
2 gcc/fold-const.c
1 gcc/reload.c
1 gcc/profile.c
1 gcc/objc/lang-specs.h
1 gcc/ifcvt.c
1 gcc/function.c
1 gcc/cp/lang-specs.h
Number of warning types:
37 comparison between signed and unsigned
6 string length `???' is greater than the length `???' ISO C89 compilers are required to support
5 signed and unsigned type in conditional expression
1 pointer targets in passing arg ??? of `???' differ in signedness
1 `???' might be used uninitialized in this function