This is the mail archive of the
gcc-testresults@gcc.gnu.org
mailing list for the GCC project.
Results for 3.1 20011205 (experimental) testsuite on hppa1.1-hp-hpux11.00
- From: rbrown64 at csc dot com dot au
- To: gcc-testresults at gcc dot gnu dot org
- Date: Mon, 10 Dec 2001 17:59:43 +1100
- Subject: Results for 3.1 20011205 (experimental) testsuite on hppa1.1-hp-hpux11.00
LAST_UPDATED: Wed Dec 5 21:53:11 UTC 2001
Native configuration is hppa1.1-hp-hpux11.00
=== g++ tests ===
Running target unix
FAIL: g++.dg/ext/instantiate1.C (test for excess errors)
FAIL: g++.dg/init/init-ref2.C (test for excess errors)
FAIL: g++.brendan/err-msg1.C .term.* (test for errors, line 6)
FAIL: g++.bugs/900520_02.C passed to here (test for errors, line 11)
FAIL: g++.bugs/900520_02.C invalid call (test for errors, line 21)
FAIL: g++.eh/badalloc1.C Execution test
FAIL: g++.eh/terminate1.C (test for excess errors)
FAIL: g++.ext/attrib5.C (test for excess errors)
FAIL: g++.jason/access17.C (test for errors, line 7)
FAIL: g++.jason/access17.C (test for errors, line 24)
FAIL: g++.law/arm16.C caused compiler crash
FAIL: g++.law/profile1.C (test for excess errors)
XPASS: g++.mike/eh33.C (test for excess errors)
XPASS: g++.mike/eh33.C Execution test
XPASS: g++.mike/eh50.C (test for excess errors)
XPASS: g++.mike/eh50.C Execution test
FAIL: g++.mike/p4263.C (test for errors, line 8)
FAIL: g++.mike/p4263.C (test for errors, line 9)
FAIL: g++.mike/p9129.C (test for errors, line 12)
FAIL: g++.mike/warn5.C (test for warnings, line 20)
FAIL: g++.oliva/overload1.C candidate (test for errors, line 9)
FAIL: g++.oliva/overload1.C candidate (test for errors, line 10)
FAIL: g++.oliva/overload1.C overload resolution fails (test for errors, line 19)
FAIL: g++.oliva/overload1.C overload resolution fails (test for errors, line 22)
FAIL: g++.other/defarg9.C (test for excess errors)
FAIL: g++.other/enum5.C (test for excess errors)
FAIL: g++.other/init15.C caused compiler crash
FAIL: g++.other/mangle3.C (test for excess errors)
XPASS: g++.pt/decl2.C ICE - (test for errors, line 8)
FAIL: g++.pt/explicit74.C (test for excess errors)
FAIL: g++.pt/spec9.C (test for excess errors)
XPASS: g++.robertl/eb17.C Execution test
=== g++ Summary for unix ===
# of expected passes 6664
# of unexpected failures 26
# of unexpected successes 6
# of expected failures 106
# of untested testcases 21
# of unsupported tests 1
Running target unix/-march=1.0
FAIL: g++.dg/ext/instantiate1.C (test for excess errors)
FAIL: g++.dg/init/init-ref2.C (test for excess errors)
FAIL: g++.brendan/err-msg1.C .term.* (test for errors, line 6)
FAIL: g++.bugs/900520_02.C passed to here (test for errors, line 11)
FAIL: g++.bugs/900520_02.C invalid call (test for errors, line 21)
FAIL: g++.eh/badalloc1.C Execution test
FAIL: g++.eh/terminate1.C (test for excess errors)
FAIL: g++.ext/attrib5.C (test for excess errors)
FAIL: g++.jason/access17.C (test for errors, line 7)
FAIL: g++.jason/access17.C (test for errors, line 24)
FAIL: g++.law/arm16.C caused compiler crash
FAIL: g++.law/profile1.C (test for excess errors)
XPASS: g++.mike/eh33.C (test for excess errors)
XPASS: g++.mike/eh33.C Execution test
XPASS: g++.mike/eh50.C (test for excess errors)
XPASS: g++.mike/eh50.C Execution test
FAIL: g++.mike/p4263.C (test for errors, line 8)
FAIL: g++.mike/p4263.C (test for errors, line 9)
FAIL: g++.mike/p9129.C (test for errors, line 12)
FAIL: g++.mike/warn5.C (test for warnings, line 20)
FAIL: g++.oliva/overload1.C candidate (test for errors, line 9)
FAIL: g++.oliva/overload1.C candidate (test for errors, line 10)
FAIL: g++.oliva/overload1.C overload resolution fails (test for errors, line 19)
FAIL: g++.oliva/overload1.C overload resolution fails (test for errors, line 22)
FAIL: g++.other/defarg9.C (test for excess errors)
FAIL: g++.other/enum5.C (test for excess errors)
FAIL: g++.other/init15.C caused compiler crash
FAIL: g++.other/mangle3.C (test for excess errors)
XPASS: g++.pt/decl2.C ICE - (test for errors, line 8)
FAIL: g++.pt/explicit74.C (test for excess errors)
FAIL: g++.pt/spec9.C (test for excess errors)
XPASS: g++.robertl/eb17.C Execution test
=== g++ Summary for unix/-march=1.0 ===
# of expected passes 6664
# of unexpected failures 26
# of unexpected successes 6
# of expected failures 106
# of untested testcases 21
# of unsupported tests 1
=== g++ Summary ===
# of expected passes 13328
# of unexpected failures 52
# of unexpected successes 12
# of expected failures 212
# of untested testcases 42
# of unsupported tests 2
/devel/src/gcc-3.1-experimental/gcc/testsuite/../g++ version 3.1 20011205 (experimental)
=== g77 tests ===
Running target unix
FAIL: g77.dg/bprob/bprob-1.f execution, -O3 -fbranch-probabilities
FAIL: g77.dg/bprob/bprob-1.f execution, -O3 -g -fbranch-probabilities
FAIL: g77.f-torture/execute/20010430.f execution, -O2
FAIL: g77.f-torture/execute/20010430.f execution, -O3 -fomit-frame-pointer
FAIL: g77.f-torture/execute/20010430.f execution, -O3 -fomit-frame-pointer -funroll-loops
FAIL: g77.f-torture/execute/20010430.f execution, -O3 -fomit-frame-pointer -funroll-all-loops -finline-functions
FAIL: g77.f-torture/execute/20010430.f execution, -O3 -g
FAIL: g77.f-torture/execute/f90-intrinsic-bit.f execution, -O1
FAIL: g77.f-torture/execute/f90-intrinsic-numeric.f execution, -O1
FAIL: g77.f-torture/execute/f90-intrinsic-numeric.f execution, -O2
FAIL: g77.f-torture/execute/f90-intrinsic-numeric.f execution, -O3 -fomit-frame-pointer
FAIL: g77.f-torture/execute/f90-intrinsic-numeric.f execution, -O3 -g
FAIL: g77.f-torture/execute/f90-intrinsic-numeric.f execution, -Os
FAIL: g77.f-torture/execute/io0.f execution, -O0
FAIL: g77.f-torture/execute/io0.f execution, -O1
FAIL: g77.f-torture/execute/io0.f execution, -O2
FAIL: g77.f-torture/execute/io0.f execution, -O3 -fomit-frame-pointer
FAIL: g77.f-torture/execute/io0.f execution, -O3 -g
FAIL: g77.f-torture/execute/io0.f execution, -Os
FAIL: g77.f-torture/execute/u77-test.f execution, -O0
FAIL: g77.f-torture/execute/u77-test.f execution, -O1
FAIL: g77.f-torture/execute/u77-test.f execution, -O2
FAIL: g77.f-torture/execute/u77-test.f execution, -O3 -fomit-frame-pointer
FAIL: g77.f-torture/execute/u77-test.f execution, -O3 -fomit-frame-pointer -funroll-loops
FAIL: g77.f-torture/execute/u77-test.f execution, -O3 -fomit-frame-pointer -funroll-all-loops -finline-functions
FAIL: g77.f-torture/execute/u77-test.f execution, -O3 -g
FAIL: g77.f-torture/execute/u77-test.f execution, -Os
=== g77 Summary for unix ===
# of expected passes 1317
# of unexpected failures 27
# of unsupported tests 8
Running target unix/-march=1.0
FAIL: g77.dg/bprob/bprob-1.f execution, -O3 -fbranch-probabilities
FAIL: g77.dg/bprob/bprob-1.f execution, -O3 -g -fbranch-probabilities
FAIL: g77.f-torture/execute/19990826-2.f execution, -O0
FAIL: g77.f-torture/execute/20010430.f execution, -O2
FAIL: g77.f-torture/execute/20010430.f execution, -O3 -fomit-frame-pointer
FAIL: g77.f-torture/execute/20010430.f execution, -O3 -fomit-frame-pointer -funroll-loops
FAIL: g77.f-torture/execute/20010430.f execution, -O3 -fomit-frame-pointer -funroll-all-loops -finline-functions
FAIL: g77.f-torture/execute/20010430.f execution, -O3 -g
FAIL: g77.f-torture/execute/f90-intrinsic-bit.f execution, -O1
FAIL: g77.f-torture/execute/f90-intrinsic-numeric.f execution, -O1
FAIL: g77.f-torture/execute/f90-intrinsic-numeric.f execution, -O2
FAIL: g77.f-torture/execute/f90-intrinsic-numeric.f execution, -O3 -fomit-frame-pointer
FAIL: g77.f-torture/execute/f90-intrinsic-numeric.f execution, -O3 -g
FAIL: g77.f-torture/execute/f90-intrinsic-numeric.f execution, -Os
FAIL: g77.f-torture/execute/io0.f execution, -O0
FAIL: g77.f-torture/execute/io0.f execution, -O1
FAIL: g77.f-torture/execute/io0.f execution, -O2
FAIL: g77.f-torture/execute/io0.f execution, -O3 -fomit-frame-pointer
FAIL: g77.f-torture/execute/io0.f execution, -O3 -g
FAIL: g77.f-torture/execute/io0.f execution, -Os
FAIL: g77.f-torture/execute/u77-test.f execution, -O0
FAIL: g77.f-torture/execute/u77-test.f execution, -O1
FAIL: g77.f-torture/execute/u77-test.f execution, -O2
FAIL: g77.f-torture/execute/u77-test.f execution, -O3 -fomit-frame-pointer
FAIL: g77.f-torture/execute/u77-test.f execution, -O3 -fomit-frame-pointer -funroll-loops
FAIL: g77.f-torture/execute/u77-test.f execution, -O3 -fomit-frame-pointer -funroll-all-loops -finline-functions
FAIL: g77.f-torture/execute/u77-test.f execution, -O3 -g
FAIL: g77.f-torture/execute/u77-test.f execution, -Os
=== g77 Summary for unix/-march=1.0 ===
# of expected passes 1316
# of unexpected failures 28
# of unsupported tests 8
=== g77 Summary ===
# of expected passes 2633
# of unexpected failures 55
# of unsupported tests 16
/devel/src/gcc-3.1-experimental/gcc/testsuite/../g77 version 3.1 20011205 (experimental)
=== gcc tests ===
Running target unix
FAIL: gcc.c-torture/compile/20001226-1.c, -O1
FAIL: gcc.c-torture/compile/20001226-1.c, -O2
FAIL: gcc.c-torture/compile/20001226-1.c, -O3 -fomit-frame-pointer
FAIL: gcc.c-torture/compile/20001226-1.c, -O3 -g
FAIL: gcc.c-torture/compile/20001226-1.c, -Os
FAIL: gcc.c-torture/compile/920625-1.c, -O3 -fomit-frame-pointer
FAIL: gcc.c-torture/compile/920625-1.c, -O3 -fomit-frame-pointer -funroll-loops
FAIL: gcc.c-torture/compile/920625-1.c, -O3 -fomit-frame-pointer -funroll-all-loops -finline-functions
FAIL: gcc.c-torture/compile/920625-1.c, -O3 -g
FAIL: gcc.c-torture/compile/structs.c, -O1
FAIL: gcc.c-torture/execute/950628-1.c compilation, -O1
FAIL: gcc.c-torture/execute/strct-pack-1.c execution, -O2
FAIL: gcc.c-torture/execute/strct-pack-1.c execution, -Os
FAIL: gcc.c-torture/execute/strct-stdarg-1.c execution, -O0
FAIL: gcc.c-torture/execute/strct-stdarg-1.c execution, -O1
FAIL: gcc.c-torture/execute/strct-stdarg-1.c execution, -O2
FAIL: gcc.c-torture/execute/strct-stdarg-1.c execution, -O3 -fomit-frame-pointer
FAIL: gcc.c-torture/execute/strct-stdarg-1.c execution, -O3 -fomit-frame-pointer -funroll-loops
FAIL: gcc.c-torture/execute/strct-stdarg-1.c execution, -O3 -fomit-frame-pointer -funroll-all-loops -finline-functions
FAIL: gcc.c-torture/execute/strct-stdarg-1.c execution, -O3 -g
FAIL: gcc.c-torture/execute/strct-stdarg-1.c execution, -Os
FAIL: gcc.dg/asm-fs-1.c (test for excess errors)
FAIL: gcc.dg/asm-names.c (test for excess errors)
FAIL: gcc.dg/c99-complit-2.c non-const (test for errors, line 42)
FAIL: gcc.dg/c99-complit-2.c non-const (test for errors, line 46)
FAIL: gcc.dg/c99-complit-2.c struct bad init (test for errors, line 51)
FAIL: gcc.dg/c99-complit-2.c union bad init (test for errors, line 53)
FAIL: gcc.dg/c99-complit-2.c array bad init (test for errors, line 58)
FAIL: gcc.dg/c99-complit-2.c array bad init (test for errors, line 66)
FAIL: gcc.dg/c99-complit-2.c (test for excess errors)
FAIL: gcc.dg/c99-intconst-1.c (test for excess errors)
FAIL: gcc.dg/noncompile/930622-1.c (test for excess errors)
=== gcc Summary for unix ===
# of expected passes 16521
# of unexpected failures 32
# of expected failures 43
# of unresolved testcases 4
# of unsupported tests 67
Running target unix/-march=1.0
FAIL: gcc.c-torture/compile/20001226-1.c, -O1
FAIL: gcc.c-torture/compile/20001226-1.c, -O2
FAIL: gcc.c-torture/compile/20001226-1.c, -O3 -fomit-frame-pointer
FAIL: gcc.c-torture/compile/20001226-1.c, -O3 -g
FAIL: gcc.c-torture/compile/20001226-1.c, -Os
FAIL: gcc.c-torture/compile/920625-1.c, -O3 -fomit-frame-pointer
FAIL: gcc.c-torture/compile/920625-1.c, -O3 -fomit-frame-pointer -funroll-loops
FAIL: gcc.c-torture/compile/920625-1.c, -O3 -fomit-frame-pointer -funroll-all-loops -finline-functions
FAIL: gcc.c-torture/compile/920625-1.c, -O3 -g
FAIL: gcc.c-torture/compile/structs.c, -O1
FAIL: gcc.c-torture/execute/20010605-2.c execution, -O0
FAIL: gcc.c-torture/execute/20010605-2.c execution, -O1
FAIL: gcc.c-torture/execute/20010605-2.c execution, -O2
FAIL: gcc.c-torture/execute/20010605-2.c execution, -O3 -fomit-frame-pointer
FAIL: gcc.c-torture/execute/20010605-2.c execution, -O3 -g
FAIL: gcc.c-torture/execute/20010605-2.c execution, -Os
FAIL: gcc.c-torture/execute/950628-1.c compilation, -O1
FAIL: gcc.c-torture/execute/complex-5.c execution, -O0
FAIL: gcc.c-torture/execute/complex-5.c execution, -O1
FAIL: gcc.c-torture/execute/complex-5.c execution, -O2
FAIL: gcc.c-torture/execute/complex-5.c execution, -Os
FAIL: gcc.c-torture/execute/strct-pack-1.c execution, -O2
FAIL: gcc.c-torture/execute/strct-pack-1.c execution, -Os
FAIL: gcc.c-torture/execute/strct-stdarg-1.c execution, -O0
FAIL: gcc.c-torture/execute/strct-stdarg-1.c execution, -O1
FAIL: gcc.c-torture/execute/strct-stdarg-1.c execution, -O2
FAIL: gcc.c-torture/execute/strct-stdarg-1.c execution, -O3 -fomit-frame-pointer
FAIL: gcc.c-torture/execute/strct-stdarg-1.c execution, -O3 -fomit-frame-pointer -funroll-loops
FAIL: gcc.c-torture/execute/strct-stdarg-1.c execution, -O3 -fomit-frame-pointer -funroll-all-loops -finline-functions
FAIL: gcc.c-torture/execute/strct-stdarg-1.c execution, -O3 -g
FAIL: gcc.c-torture/execute/strct-stdarg-1.c execution, -Os
FAIL: gcc.dg/asm-fs-1.c (test for excess errors)
FAIL: gcc.dg/asm-names.c (test for excess errors)
FAIL: gcc.dg/c99-complit-2.c non-const (test for errors, line 42)
FAIL: gcc.dg/c99-complit-2.c non-const (test for errors, line 46)
FAIL: gcc.dg/c99-complit-2.c struct bad init (test for errors, line 51)
FAIL: gcc.dg/c99-complit-2.c union bad init (test for errors, line 53)
FAIL: gcc.dg/c99-complit-2.c array bad init (test for errors, line 58)
FAIL: gcc.dg/c99-complit-2.c array bad init (test for errors, line 66)
FAIL: gcc.dg/c99-complit-2.c (test for excess errors)
FAIL: gcc.dg/c99-intconst-1.c (test for excess errors)
FAIL: gcc.dg/noncompile/930622-1.c (test for excess errors)
=== gcc Summary for unix/-march=1.0 ===
# of expected passes 16511
# of unexpected failures 42
# of expected failures 43
# of unresolved testcases 4
# of unsupported tests 67
=== gcc Summary ===
# of expected passes 33032
# of unexpected failures 74
# of expected failures 86
# of unresolved testcases 8
# of unsupported tests 134
/devel/src/gcc-3.1-experimental/gcc/xgcc version 3.1 20011205 (experimental)
=== objc tests ===
Running target unix
FAIL: objc/execute/formal_protocol-6.m execution, -O
=== objc Summary for unix ===
# of expected passes 209
# of unexpected failures 1
Running target unix/-march=1.0
FAIL: objc/execute/formal_protocol-6.m execution, -O
=== objc Summary for unix/-march=1.0 ===
# of expected passes 209
# of unexpected failures 1
=== objc Summary ===
# of expected passes 418
# of unexpected failures 2
/devel/src/gcc-3.1-experimental/gcc/xgcc version 3.1 20011205 (experimental)
=== libstdc++-v3 tests ===
Running target unix
FAIL: 21_strings/capacity.cc (test for excess errors)
XPASS: 22_locale/collate_members_wchar_t.cc execution test
FAIL: 22_locale/ctype_members_char.cc execution test
FAIL: 22_locale/facet.cc (test for excess errors)
XPASS: 22_locale/money_get_members_wchar_t.cc execution test
XPASS: 22_locale/money_put_members_wchar_t.cc execution test
XPASS: 22_locale/moneypunct_members_wchar_t.cc execution test
XPASS: 22_locale/num_get_members_wchar_t.cc execution test
XPASS: 22_locale/num_put_members_wchar_t.cc execution test
XPASS: 22_locale/numpunct_members_wchar_t.cc execution test
XPASS: 22_locale/time_get_members_wchar_t.cc execution test
XPASS: 22_locale/time_put_members_wchar_t.cc execution test
FAIL: 26_numerics/complex_inserters_extractors.cc (test for excess errors)
FAIL: ext/rope.cc (test for excess errors)
=== libstdc++-v3 Summary for unix ===
# of expected passes 322
# of unexpected failures 5
# of unexpected successes 9
# of expected failures 19
Running target unix/-march=1.0
FAIL: 21_strings/capacity.cc (test for excess errors)
XPASS: 22_locale/collate_members_wchar_t.cc execution test
FAIL: 22_locale/ctype_members_char.cc execution test
FAIL: 22_locale/facet.cc (test for excess errors)
XPASS: 22_locale/money_get_members_wchar_t.cc execution test
XPASS: 22_locale/money_put_members_wchar_t.cc execution test
XPASS: 22_locale/moneypunct_members_wchar_t.cc execution test
XPASS: 22_locale/num_get_members_wchar_t.cc execution test
XPASS: 22_locale/num_put_members_wchar_t.cc execution test
XPASS: 22_locale/numpunct_members_wchar_t.cc execution test
XPASS: 22_locale/time_get_members_wchar_t.cc execution test
XPASS: 22_locale/time_put_members_wchar_t.cc execution test
FAIL: 26_numerics/complex_inserters_extractors.cc (test for excess errors)
FAIL: ext/rope.cc (test for excess errors)
=== libstdc++-v3 Summary for unix/-march=1.0 ===
# of expected passes 322
# of unexpected failures 5
# of unexpected successes 9
# of expected failures 19
=== libstdc++-v3 Summary ===
# of expected passes 644
# of unexpected failures 10
# of unexpected successes 18
# of expected failures 38
Compiler version: 3.1 20011205 (experimental)
Platform: hppa1.1-hp-hpux11.00
configure flags: --host=hppa1.1-hp-hpux11.00 --with-gnu-as --with-as=/usr/local/bin/as
Counting all warnings,
there are 80 warnings in stage3 of this bootstrap.
Number of warnings per file:
22 gcc/combine.c
6 gcc/cse.c
6 gcc/cp/pt.c
5 gcc/emit-rtl.c
4 gcc/intl/localealias.c
4 gcc/intl/l10nflist.c
4 gcc/gcc.c
4 gcc/expr.c
3 gcc/reload1.c
3 gcc/libgcc2.c
3 gcc/function.c
3 gcc/fold-const.c
2 gcc/regmove.c
1 insn-output.c
1 gcc/unwind-pe.h
1 gcc/reload.c
1 gcc/recog.c
1 gcc/objc/lang-specs.h
1 gcc/langhooks.c
1 gcc/java/jvspec.c
1 gcc/intl/loadmsgcat.c
1 gcc/ggc-page.c
1 gcc/cppexp.c
1 gcc/cp/lang-specs.h
Number of warning types:
47 comparison between signed and unsigned
17 signed and unsigned type in conditional expression
5 string length \`???' is greater than the length \`???' ISO C89 compilers are required to support
3 function declaration isn't a prototype
2 \`???' might be used uninitialized in this function
1 unused variable \`???'
1 unused parameter \`???'
1 pointer targets in passing arg ??? of \`???' differ in signedness
1 \`long' switch expression not converted to \`int' in ISO C
1 \`???' defined but not used
1 ??? format, ??? arg (arg ???)