This is the mail archive of the
gcc-testresults@gcc.gnu.org
mailing list for the GCC project.
Results for 3.0.3 20011202 (prerelease) testsuite on i686-pc-linux-gnu
- From: Peter Schmid <schmid at snake dot iap dot physik dot tu-darmstadt dot de>
- To: gcc-testresults at gcc dot gnu dot org
- Date: Sun, 2 Dec 2001 20:04:52 +0100
- Subject: Results for 3.0.3 20011202 (prerelease) testsuite on i686-pc-linux-gnu
LAST_UPDATED:
Native configuration is i686-pc-linux-gnu
=== g++ tests ===
Running target unix
FAIL: g++.ext/instantiate1.C not instantiated (test for errors, line 20)
=== g++ Summary ===
# of expected passes 6515
# of unexpected failures 1
# of expected failures 103
# of untested testcases 9
/mnt/gcc-3/build/gcc/testsuite/../g++ version 3.0.3 20011202 (prerelease)
=== g77 tests ===
Running target unix
=== g77 Summary ===
# of expected passes 949
=== gcc tests ===
Running target unix
XPASS: gcc.c-torture/execute/20000801-4.c execution, -O0
XPASS: gcc.c-torture/execute/20000801-4.c execution, -O1
XPASS: gcc.c-torture/execute/20000801-4.c execution, -O2
XPASS: gcc.c-torture/execute/20000801-4.c execution, -O3 -fomit-frame-pointer
XPASS: gcc.c-torture/execute/20000801-4.c execution, -O3 -g
XPASS: gcc.c-torture/execute/20000801-4.c execution, -Os
=== gcc Summary ===
# of expected passes 15332
# of unexpected successes 6
# of expected failures 77
# of unsupported tests 20
/mnt/gcc-3/build/gcc/xgcc version 3.0.3 20011202 (prerelease)
=== objc tests ===
Running target unix
=== objc Summary ===
# of expected passes 153
# of expected failures 1
/mnt/gcc-3/build/gcc/xgcc version 3.0.3 20011202 (prerelease)
=== libstdc++-v3 tests ===
Running target unix
FAIL: 27_io/ios_base_callbacks.cc execution test
=== libstdc++-v3 Summary ===
# of expected passes 246
# of unexpected failures 1
# of expected failures 8
Compiler version: 3.0.3 20011202 (prerelease)
Platform: i686-pc-linux-gnu
configure flags: --host=i686-pc-linux-gnu --enable-shared --disable-nls --enable-threads=posix --enable-clocale=gnu --enable-languages=c,c++,f77,objc