This is the mail archive of the
gcc-testresults@gcc.gnu.org
mailing list for the GCC project.
Results for 3.1 20010730 (experimental) testsuite on i686-pc-linux-gnu
- To: gcc-testresults at gcc dot gnu dot org
- Subject: Results for 3.1 20010730 (experimental) testsuite on i686-pc-linux-gnu
- From: Andris Pavenis <andris at hal dot astr dot lu dot lv>
- Date: Tue, 31 Jul 2001 06:40:16 +0300
Source: gcc MAIN branch (last updated 2001 Jul 31 04:02 +0300)
System: Linux kernel 2.4.6
glibc-2.2.3
binutils-2.11.90.0.8
LAST_UPDATED: Tue Jul 31 01:02:17 UTC 2001
Native configuration is i686-pc-linux-gnu
=== g++ tests ===
Running target unix
FAIL: g++.other/enum5.C (test for excess errors)
XPASS: g++.robertl/eb17.C Execution test
=== g++ Summary ===
# of expected passes 6581
# of unexpected failures 1
# of unexpected successes 1
# of expected failures 86
# of untested testcases 9
/disk2/cvs/gcc31/build/build.lnx/gcc/testsuite/../g++ version 3.1 20010730 (experimental)
=== g77 tests ===
Running target unix
=== g77 Summary ===
# of expected passes 1105
=== gcc tests ===
Running target unix
FAIL: gcc.c-torture/compile/20001226-1.c, -Os
=== gcc Summary ===
# of expected passes 15672
# of unexpected failures 1
# of expected failures 72
# of unsupported tests 23
/disk2/cvs/gcc31/build/build.lnx/gcc/xgcc version 3.1 20010730 (experimental)
=== objc tests ===
Running target unix
FAIL: objc/execute/formal_protocol-6.m execution, -O
=== objc Summary ===
# of expected passes 185
# of unexpected failures 1
/disk2/cvs/gcc31/build/build.lnx/gcc/xgcc version 3.1 20010730 (experimental)
=== libstdc++-v3 tests ===
Running target unix
=== libstdc++-v3 Summary ===
# of expected passes 281
# of expected failures 10
Compiler version: 3.1 20010730 (experimental)
Platform: i686-pc-linux-gnu
configure flags: --host=i686-pc-linux-gnu --prefix=/disk2/gcc31 --enable-shared --enable-languages=c,c++,f77,objc --verbose --enable-threads=posix
Counting all warnings,
there are 64 warnings in stage3 of this bootstrap.
Number of warnings per file:
23 gcc/combine.c
6 gcc/cp/pt.c
5 gcc/cse.c
5 gcc/cp/error.c
3 gcc/simplify-rtx.c
3 gcc/gcc.c
3 gcc/config/i386/i386.c
2 gcc/tlink.c
2 gcc/fold-const.c
2 gcc/flow.c
2 gcc/emit-rtl.c
1 gcc/unwind-dw2.c
1 gcc/objc/lang-specs.h
1 gcc/function.c
1 gcc/final.c
1 gcc/f/lang-specs.h
1 gcc/expmed.c
1 gcc/cp/lang-specs.h
1 gcc/cp/errfn.c
Number of warning types:
39 comparison between signed and unsigned
6 string length `???' is greater than the length `???' ISO C89 compilers are required to support
5 initialization from incompatible pointer type
3 unused variable `???'
2 variable `???' might be clobbered by `longjmp' or `vfork'
2 passing arg ??? of `???' discards qualifiers from pointer target type
2 function declaration isn't a prototype
1 signed and unsigned type in conditional expression
1 pointer targets in passing arg ??? of `???' differ in signedness
1 passing arg ??? of `???' from incompatible pointer type
1 argument `???' might be clobbered by `longjmp' or `vfork'
1 `???' might be used uninitialized in this function