This is the mail archive of the
gcc-testresults@gcc.gnu.org
mailing list for the GCC project.
Results for 3.0.1 20010730 (prerelease) testsuite on i686-redhat7-linux-gnu
- To: gcc-testresults at gcc dot gnu dot org
- Subject: Results for 3.0.1 20010730 (prerelease) testsuite on i686-redhat7-linux-gnu
- From: Manfred Hollstein <manfredh at redhat dot com>
- Date: Mon, 30 Jul 2001 13:24:17 +0200
- Reply-To: Manfred Hollstein <manfred dot h at gmx dot net>
Compiler version: 3.0.1 20010730 (prerelease)
Platform: i686-redhat7-linux-gnu
Sources: gcc-3_0-branch
LAST_UPDATED: Mon Jul 30 8:18:16 UTC 2001
Patches: None.
Environment: - autoconf-2.13-10
- automake-1.4-8
- binutils-2.11.2 release
- dejagnu-1.4-1
- Red Hat Linux 7.1 + recommended updates as of today
- Kernel 2.4.3-12 (compiled by "gcc version
2.96 20000731 (Red Hat Linux 7.1 2.96-85)")
- glibc-2.2.2-10
- glibc-common-2.2.2-10
- glibc-devel-2.2.2-10
Remarks: None.
configure flags: --host=i686-redhat7-linux-gnu --target=i686-redhat7-linux-gnu --build=i686-redhat7-linux-gnu --srcdir=../gcc-3.0.1 --prefix=/opt/gnu --exec-prefix=/opt/gnu/H-ia32-linux --with-gnu-as --with-gnu-ld --disable-checking --enable-fast-character --enable-java-gc=boehm --enable-shared=gcc,libjava,libstdc++ --enable-threads=posix --with-system-zlib --with-local-prefix=/opt/gnu --enable-nls --verbose
BOOT_CC: gcc version 2.95.4 20010319 (prerelease) (as of 2001/06/17 12:25:27 +0200)
BOOT_CFLAGS: -O3 -march=i686 -fstrict-aliasing -fomit-frame-pointer -mno-push-args
CFLAGS: -O3 -march=i686 -fomit-frame-pointer
CXXFLAGS: -O3 -march=i686 -fstrict-aliasing -g
GCJFLAGS: -O2 -march=i686 -fstrict-aliasing -fkeep-inline-functions -g
Native configuration is i686-redhat7-linux-gnu
=== g++ tests ===
Running target unix
FAIL: g++.ext/instantiate1.C not instantiated (test for errors, line 20)
FAIL: g++.ext/instantiate3.C not instantiated (test for errors, line 13)
=== g++ Summary ===
# of expected passes 6502
# of unexpected failures 2
# of expected failures 102
# of untested testcases 9
/home/gnu/work/GNU/gcc-3.0.1-i686-redhat7-linux-gnu/gcc/testsuite/../g++ version 3.0.1 20010730 (prerelease)
=== g77 tests ===
Running target unix
=== g77 Summary ===
# of expected passes 949
=== gcc tests ===
Running target unix
XPASS: gcc.c-torture/execute/20010114-2.c execution, -O0
XPASS: gcc.c-torture/execute/20010114-2.c execution, -O3 -fomit-frame-pointer
XPASS: gcc.c-torture/execute/20010114-2.c execution, -O3 -g
FAIL: gcc.dg/format/c99-scanf-1.c %hhd sign (test for warnings, line 143)
FAIL: gcc.dg/format/c99-scanf-1.c %hhu sign (test for warnings, line 144)
FAIL: gcc.dg/format/c99-scanf-1.c (test for excess errors)
=== gcc Summary ===
# of expected passes 15216
# of unexpected failures 3
# of unexpected successes 3
# of expected failures 85
# of unsupported tests 20
/home/gnu/work/GNU/gcc-3.0.1-i686-redhat7-linux-gnu/gcc/xgcc version 3.0.1 20010730 (prerelease)
=== objc tests ===
Running target unix
=== objc Summary ===
# of expected passes 153
# of expected failures 1
/home/gnu/work/GNU/gcc-3.0.1-i686-redhat7-linux-gnu/gcc/xgcc version 3.0.1 20010730 (prerelease)
=== libjava tests ===
Running target unix
XPASS: N19990310_4 output from source compiled test
XPASS: N19990310_4 -O output from source compiled test
FAIL: klass -O execution from bytecode->native test
XPASS: stringconst output from bytecode->native test
XPASS: stringconst -O output from bytecode->native test
XPASS: stub compilation from source
XPASS: stub byte compilation
XPASS: stub compilation from bytecode
XPASS: stub -O compilation from source
XPASS: stub byte compilation
XPASS: stub -O compilation from bytecode
=== libjava Summary ===
# of expected passes 1674
# of unexpected failures 1
# of unexpected successes 10
# of expected failures 14
# of untested testcases 17
=== libstdc++-v3 tests ===
Running target unix
=== libstdc++-v3 Summary ===
Counting all warnings,
there are 109 warnings in stage3 of this bootstrap.
Number of warnings per file:
28 gcc/combine.c
10 gcc/reg-stack.c
6 gcc/cp/pt.c
5 gcc/cse.c
5 gcc/cp/error.c
5 gcc/cp/call.c
4 gcc/unwind-dw2.c
4 gcc/except.c
3 insn-emit.c
3 gcc/reload1.c
3 gcc/gcc.c
3 gcc/config/i386/i386.md
3 gcc/config/i386/i386.c
2 gcc/reload.c
2 gcc/function.c
2 gcc/fold-const.c
2 gcc/expr.c
2 gcc/cp/class.c
2 gcc/alias.c
1 gcc/unwind-dw2-fde.c
1 gcc/sched-deps.c
1 gcc/regmove.c
1 gcc/objc/lang-specs.h
1 gcc/libgcc2.c
1 gcc/java/jvspec.c
1 gcc/flow.c
1 gcc/final.c
1 gcc/f/lang-specs.h
1 gcc/expmed.c
1 gcc/dwarfout.c
1 gcc/dwarf2out.c
1 gcc/cp/typeck2.c
1 gcc/cp/lang-specs.h
1 gcc/cp/errfn.c
Number of warning types:
57 comparison between signed and unsigned
14 `???' might be used uninitialized in this function
7 string length `???' is greater than the length `???' ISO C89 compilers are required to support
7 signed and unsigned type in conditional expression
5 initialization from incompatible pointer type
5 implicit declaration of function `???'
3 unused variable `???'
2 passing arg ??? of `???' from incompatible pointer type
2 function declaration isn't a prototype
2 destination missing a mode?
1 unused parameter `???'
1 pointer targets in passing arg ??? of `???' differ in signedness
1 passing arg ??? of `???' discards qualifiers from pointer target type
1 operand 0 missing mode?
1 ??? format, ??? arg (arg ???)