This is the mail archive of the
gcc-testresults@gcc.gnu.org
mailing list for the GCC project.
Results for 3.1 20010726 (experimental) testsuite on i686-pc-linux-gnu
- To: gcc-testresults at gcc dot gnu dot org
- Subject: Results for 3.1 20010726 (experimental) testsuite on i686-pc-linux-gnu
- From: Peter Schmid <schmid at snake dot iap dot physik dot tu-darmstadt dot de>
- Date: Thu, 26 Jul 2001 20:46:21 +0200
Native configuration is i686-pc-linux-gnu
=== g++ tests ===
Running target unix
FAIL: g++.other/enum5.C (test for excess errors)
XPASS: g++.robertl/eb17.C Execution test
=== g++ Summary ===
# of expected passes 6577
# of unexpected failures 1
# of unexpected successes 1
# of expected failures 86
# of untested testcases 9
/mnt/egcs/build/gcc/testsuite/../g++ version 3.1 20010726 (experimental)
=== g77 tests ===
Running target unix
=== g77 Summary ===
# of expected passes 1105
=== gcc tests ===
Running target unix
=== gcc Summary ===
# of expected passes 15673
# of expected failures 72
# of unsupported tests 23
/mnt/egcs/build/gcc/xgcc version 3.1 20010726 (experimental)
=== objc tests ===
Running target unix
FAIL: objc/execute/formal_protocol-6.m execution, -O
=== objc Summary ===
# of expected passes 185
# of unexpected failures 1
/mnt/egcs/build/gcc/xgcc version 3.1 20010726 (experimental)
=== libstdc++-v3 tests ===
Running target unix
XPASS: 22_locale/members.cc execution test
XPASS: 22_locale/numpunct_char_members.cc execution test
=== libstdc++-v3 Summary ===
# of expected passes 281
# of unexpected successes 2
# of expected failures 8
Compiler version: 3.1 20010726 (experimental)
Platform: i686-pc-linux-gnu
configure flags: --host=i686-pc-linux-gnu --enable-shared --enable-threads=posix --enable-languages=c,c++,f77,objc --disable-nls --enable-clocale=gnu