This is the mail archive of the
gcc-testresults@gcc.gnu.org
mailing list for the GCC project.
Results for 3.1 20010721 (experimental) testsuite on i686-redhat-linux-gnu
- To: gcc-testresults at gcc dot gnu dot org
- Subject: Results for 3.1 20010721 (experimental) testsuite on i686-redhat-linux-gnu
- From: Horst von Brand <vonbrand at sleipnir dot valparaiso dot cl>
- Date: Sat, 21 Jul 2001 23:27:18 -0400
Native configuration is i686-redhat-linux-gnu
=== g77 tests ===
Running target unix
=== g77 Summary ===
# of expected passes 1057
=== gcc tests ===
Running target unix
FAIL: gcc.c-torture/execute/20010114-2.c execution, -O1
FAIL: gcc.c-torture/execute/20010114-2.c execution, -O2
FAIL: gcc.c-torture/execute/20010114-2.c execution, -Os
FAIL: gcc.dg/format/xopen-1.c multiple use of scanf argument (test for warnings, line 115)
=== gcc Summary ===
# of expected passes 15649
# of unexpected failures 4
# of expected failures 72
# of unsupported tests 23
/usr/src/build/GCC/build-gcc-20010721/gcc/xgcc version 3.1 20010721 (experimental)
=== g++ tests ===
Running target unix
FAIL: g++.ext/instantiate1.C not instantiated (test for errors, line 20)
FAIL: g++.jason/template18.C caused compiler crash
FAIL: g++.law/except2.C caused compiler crash
FAIL: g++.other/debug7.C caused compiler crash
FAIL: g++.other/enum5.C (test for excess errors)
FAIL: g++.other/fnname1.C caused compiler crash
FAIL: g++.pt/debug1.C caused compiler crash
XPASS: g++.robertl/eb17.C Execution test
=== g++ Summary ===
# of expected passes 6546
# of unexpected failures 7
# of unexpected successes 1
# of expected failures 83
# of untested testcases 9
/usr/src/build/GCC/build-gcc-20010721/gcc/testsuite/../g++ version 3.1 20010721 (experimental)
=== objc tests ===
Running target unix
FAIL: objc/execute/formal_protocol-6.m execution, -O
=== objc Summary ===
# of expected passes 185
# of unexpected failures 1
/usr/src/build/GCC/build-gcc-20010721/gcc/xgcc version 3.1 20010721 (experimental)
=== libjava tests ===
Running target unix
FAIL: G19990210_1 compilation from source
FAIL: G19990210_1 -O compilation from source
FAIL: G19990217_01 compilation from source
FAIL: G19990217_01 -O compilation from source
FAIL: register run
FAIL: Shazam compilation from source
FAIL: pr83 compilation from source
XPASS: stringconst output from bytecode->native test
XPASS: stringconst -O output from bytecode->native test
=== libjava Summary ===
# of expected passes 1815
# of unexpected failures 7
# of unexpected successes 2
# of expected failures 16
# of untested testcases 21
=== libstdc++-v3 tests ===
Running target unix
=== libstdc++-v3 Summary ===
Compiler version: 3.1 20010721 (experimental)
Platform: i686-redhat-linux-gnu
configure flags: --host=i686-redhat-linux --enable-shared --enable-threads --enable-haifa --enable-cpp --with-system-zlib --prefix=/usr