This is the mail archive of the
gcc-testresults@gcc.gnu.org
mailing list for the GCC project.
Results for 3.1 20010719 (experimental) testsuite on mips-sgi-irix6.5
- To: "'gcc-testresults at gcc dot gnu dot org'" <gcc-testresults at gcc dot gnu dot org>
- Subject: Results for 3.1 20010719 (experimental) testsuite on mips-sgi-irix6.5
- From: "Billinghurst, David (CRTS)" <David dot Billinghurst at riotinto dot com>
- Date: Sat, 21 Jul 2001 04:49:46 -0000
With changes to testsuite:
* set LD_LIBRARYN32_PATH externally
* set LD_LIBRARY64_PATH externally
* do not set LD_LIBRARYN32_PATH in g++.exp
* do not set LD_LIBRARY64_PATH in g++.exp
Native configuration is mips-sgi-irix6.5
=== g77 tests ===
Running target unix
FAIL: g77.f-torture/compile/20000511-2.f, -O3 -g
FAIL: g77.f-torture/compile/20000629-1.f, -O3 -g
FAIL: g77.f-torture/execute/19981119-0.f compilation, -O3 -g
FAIL: g77.f-torture/execute/20010430.f execution, -O2
FAIL: g77.f-torture/execute/20010430.f execution, -O3 -fomit-frame-pointer
FAIL: g77.f-torture/execute/20010430.f execution, -O3 -fomit-frame-pointer
-funroll-loops
FAIL: g77.f-torture/execute/20010430.f execution, -O3 -fomit-frame-pointer
-funroll-all-loops -finline-functions
FAIL: g77.f-torture/execute/20010430.f execution, -O3 -g
=== g77 Summary for unix ===
# of expected passes 1010
# of unexpected failures 8
# of untested testcases 1
# of unsupported tests 8
Running target unix/-mabi=64
FAIL: g77.f-torture/compile/20000511-2.f, -O0
FAIL: g77.f-torture/compile/20000511-2.f, -O1
FAIL: g77.f-torture/compile/20000511-2.f, -O2
FAIL: g77.f-torture/compile/20000511-2.f, -O3 -fomit-frame-pointer
FAIL: g77.f-torture/compile/20000511-2.f, -O3 -fomit-frame-pointer
-funroll-loops
FAIL: g77.f-torture/compile/20000511-2.f, -O3 -fomit-frame-pointer
-funroll-all-loops -finline-functions
FAIL: g77.f-torture/compile/20000511-2.f, -O3 -g
FAIL: g77.f-torture/compile/20000511-2.f, -Os
FAIL: g77.f-torture/compile/20000629-1.f, -O3 -g
FAIL: g77.f-torture/compile/980310-3.f, -O0
FAIL: g77.f-torture/compile/980310-3.f, -O1
FAIL: g77.f-torture/compile/980310-3.f, -O2
FAIL: g77.f-torture/compile/980310-3.f, -O3 -fomit-frame-pointer
FAIL: g77.f-torture/compile/980310-3.f, -O3 -fomit-frame-pointer
-funroll-loops
FAIL: g77.f-torture/compile/980310-3.f, -O3 -fomit-frame-pointer
-funroll-all-loops -finline-functions
FAIL: g77.f-torture/compile/980310-3.f, -O3 -g
FAIL: g77.f-torture/compile/980310-3.f, -Os
FAIL: g77.f-torture/compile/19990905-2.f, -O0
FAIL: g77.f-torture/compile/19990905-2.f, -O1
FAIL: g77.f-torture/compile/19990905-2.f, -O2
FAIL: g77.f-torture/compile/19990905-2.f, -O3 -fomit-frame-pointer
FAIL: g77.f-torture/compile/19990905-2.f, -O3 -g
FAIL: g77.f-torture/compile/19990905-2.f, -Os
FAIL: g77.f-torture/compile/19990905-0.f, -O0
FAIL: g77.f-torture/compile/19990905-0.f, -O1
FAIL: g77.f-torture/compile/19990905-0.f, -O2
FAIL: g77.f-torture/compile/19990905-0.f, -O3 -fomit-frame-pointer
FAIL: g77.f-torture/compile/19990905-0.f, -O3 -g
FAIL: g77.f-torture/compile/19990905-0.f, -Os
FAIL: g77.f-torture/execute/19981119-0.f compilation, -O0
FAIL: g77.f-torture/execute/19981119-0.f compilation, -O1
FAIL: g77.f-torture/execute/19981119-0.f compilation, -O2
FAIL: g77.f-torture/execute/19981119-0.f compilation, -O3
-fomit-frame-pointer
FAIL: g77.f-torture/execute/19981119-0.f compilation, -O3 -g
FAIL: g77.f-torture/execute/19981119-0.f compilation, -Os
FAIL: g77.f-torture/execute/20010116.f compilation, -O0
FAIL: g77.f-torture/execute/20010116.f compilation, -O1
FAIL: g77.f-torture/execute/20010116.f compilation, -O2
FAIL: g77.f-torture/execute/20010116.f compilation, -O3
-fomit-frame-pointer
FAIL: g77.f-torture/execute/20010116.f compilation, -O3
-fomit-frame-pointer -funroll-loops
FAIL: g77.f-torture/execute/20010116.f compilation, -O3
-fomit-frame-pointer -funroll-all-loops -finline-functions
FAIL: g77.f-torture/execute/20010116.f compilation, -O3 -g
FAIL: g77.f-torture/execute/20010116.f compilation, -Os
FAIL: g77.f-torture/execute/20010430.f execution, -O2
FAIL: g77.f-torture/execute/20010430.f execution, -O3 -fomit-frame-pointer
FAIL: g77.f-torture/execute/20010430.f execution, -O3 -fomit-frame-pointer
-funroll-loops
FAIL: g77.f-torture/execute/20010430.f execution, -O3 -fomit-frame-pointer
-funroll-all-loops -finline-functions
FAIL: g77.f-torture/execute/20010430.f execution, -O3 -g
FAIL: g77.f-torture/execute/labug1.f compilation, -O2
FAIL: g77.f-torture/execute/labug1.f compilation, -O3 -fomit-frame-pointer
FAIL: g77.f-torture/execute/labug1.f compilation, -O3 -fomit-frame-pointer
-funroll-loops
FAIL: g77.f-torture/execute/labug1.f compilation, -O3 -fomit-frame-pointer
-funroll-all-loops -finline-functions
FAIL: g77.f-torture/execute/labug1.f compilation, -O3 -g
=== g77 Summary for unix/-mabi=64 ===
# of expected passes 947
# of unexpected failures 53
# of untested testcases 19
# of unsupported tests 8
=== g77 Summary ===
# of expected passes 1957
# of unexpected failures 61
# of untested testcases 20
# of unsupported tests 16
=== gcc tests ===
Running target unix
FAIL: gcc.c-torture/compile/20001226-1.c, -O1
FAIL: gcc.c-torture/compile/20001226-1.c, -O2
FAIL: gcc.c-torture/compile/20001226-1.c, -O3 -fomit-frame-pointer
FAIL: gcc.c-torture/compile/20001226-1.c, -O3 -g
FAIL: gcc.c-torture/compile/20001226-1.c, -Os
FAIL: gcc.c-torture/execute/20010122-1.c execution, -O0
FAIL: gcc.c-torture/execute/20010122-1.c execution, -O1
FAIL: gcc.c-torture/execute/20010122-1.c execution, -O2
FAIL: gcc.c-torture/execute/20010122-1.c execution, -O3
-fomit-frame-pointer
FAIL: gcc.c-torture/execute/20010122-1.c execution, -O3
-fomit-frame-pointer -funroll-loops
FAIL: gcc.c-torture/execute/20010122-1.c execution, -O3
-fomit-frame-pointer -funroll-all-loops -finline-functions
FAIL: gcc.c-torture/execute/20010122-1.c execution, -O3 -g
FAIL: gcc.c-torture/execute/20010122-1.c execution, -Os
FAIL: gcc.c-torture/execute/20010518-2.c compilation, -O2
FAIL: gcc.c-torture/execute/20010518-2.c compilation, -O3
-fomit-frame-pointer
FAIL: gcc.c-torture/execute/20010518-2.c compilation, -O3 -g
FAIL: gcc.c-torture/execute/20010518-2.c compilation, -Os
FAIL: gcc.dg/20000707-1.c (test for excess errors)
FAIL: gcc.dg/unused-2.c (test for excess errors)
=== gcc Summary for unix ===
# of expected passes 15547
# of unexpected failures 19
# of expected failures 87
# of unresolved testcases 4
# of unsupported tests 60
Running target unix/-mabi=64
FAIL: gcc.c-torture/compile/20001226-1.c, -O1
FAIL: gcc.c-torture/compile/20001226-1.c, -O2
FAIL: gcc.c-torture/compile/20001226-1.c, -O3 -fomit-frame-pointer
FAIL: gcc.c-torture/compile/20001226-1.c, -O3 -g
FAIL: gcc.c-torture/compile/20001226-1.c, -Os
FAIL: gcc.c-torture/execute/20010122-1.c execution, -O0
FAIL: gcc.c-torture/execute/20010122-1.c execution, -O1
FAIL: gcc.c-torture/execute/20010122-1.c execution, -O2
FAIL: gcc.c-torture/execute/20010122-1.c execution, -O3
-fomit-frame-pointer
FAIL: gcc.c-torture/execute/20010122-1.c execution, -O3
-fomit-frame-pointer -funroll-loops
FAIL: gcc.c-torture/execute/20010122-1.c execution, -O3
-fomit-frame-pointer -funroll-all-loops -finline-functions
FAIL: gcc.c-torture/execute/20010122-1.c execution, -O3 -g
FAIL: gcc.c-torture/execute/20010122-1.c execution, -Os
FAIL: gcc.dg/20000707-1.c (test for excess errors)
FAIL: gcc.dg/unused-2.c (test for excess errors)
=== gcc Summary for unix/-mabi=64 ===
# of expected passes 15555
# of unexpected failures 15
# of expected failures 87
# of unsupported tests 60
=== gcc Summary ===
# of expected passes 31102
# of unexpected failures 34
# of expected failures 174
# of unresolved testcases 4
# of unsupported tests 120
/exd4/billingd/obj/gcc-mainline/gcc/xgcc version 3.1 20010719 (experimental)
=== g++ tests ===
Running target unix
FAIL: g++.ext/instantiate1.C not instantiated (test for errors, line 20)
FAIL: g++.ext/instantiate1.C not instantiated (test for errors, line 22)
XPASS: g++.jason/thunk3.C (test for excess errors)
XPASS: g++.jason/thunk3.C Execution test
FAIL: g++.other/crash18.C (test for excess errors)
FAIL: g++.other/enum5.C (test for excess errors)
XPASS: g++.robertl/eb17.C Execution test
=== g++ Summary for unix ===
# of expected passes 6517
# of unexpected failures 4
# of unexpected successes 3
# of expected failures 93
# of untested testcases 21
Running target unix/-mabi=64
FAIL: g++.ext/instantiate1.C not instantiated (test for errors, line 20)
FAIL: g++.ext/instantiate1.C not instantiated (test for errors, line 22)
XPASS: g++.jason/thunk3.C (test for excess errors)
XPASS: g++.jason/thunk3.C Execution test
FAIL: g++.other/crash18.C (test for excess errors)
FAIL: g++.other/enum5.C (test for excess errors)
XPASS: g++.robertl/eb17.C Execution test
=== g++ Summary for unix/-mabi=64 ===
# of expected passes 6517
# of unexpected failures 4
# of unexpected successes 3
# of expected failures 93
# of untested testcases 21
=== g++ Summary ===
# of expected passes 13034
# of unexpected failures 8
# of unexpected successes 6
# of expected failures 186
# of untested testcases 42
/exd4/billingd/obj/gcc-mainline/gcc/testsuite/../g++ version 3.1 20010719
(experimental)
=== objc tests ===
Running target unix
FAIL: objc/execute/formal_protocol-6.m execution, -O
=== objc Summary for unix ===
# of expected passes 185
# of unexpected failures 1
Running target unix/-mabi=64
FAIL: objc/execute/bycopy-3.m execution, -O
FAIL: objc/execute/formal_protocol-5.m execution, -O
FAIL: objc/execute/formal_protocol-6.m execution, -O
=== objc Summary for unix/-mabi=64 ===
# of expected passes 183
# of unexpected failures 3
=== objc Summary ===
# of expected passes 368
# of unexpected failures 4
/exd4/billingd/obj/gcc-mainline/gcc/xgcc version 3.1 20010719 (experimental)
=== libstdc++-v3 tests ===
Running target unix
FAIL: 17_intro/header_ciso646.cc (test for excess errors)
FAIL: 17_intro/header_cstring.cc (test for excess errors)
FAIL: 18_support/numeric_limits.cc (test for excess errors)
FAIL: 19_diagnostics/stdexceptions.cc (test for excess errors)
FAIL: 20_util/pairs.cc (test for excess errors)
FAIL: 21_strings/append.cc (test for excess errors)
FAIL: 21_strings/c_strings.cc (test for excess errors)
FAIL: 21_strings/capacity.cc (test for excess errors)
FAIL: 21_strings/char_traits_requirements.cc (test for excess errors)
FAIL: 21_strings/compare.cc (test for excess errors)
FAIL: 21_strings/ctor_copy_dtor.cc (test for excess errors)
FAIL: 21_strings/element_access.cc (test for excess errors)
FAIL: 21_strings/find.cc (test for excess errors)
FAIL: 21_strings/insert.cc (test for excess errors)
FAIL: 21_strings/inserters_extractors.cc (test for excess errors)
FAIL: 21_strings/invariants.cc (test for excess errors)
FAIL: 21_strings/nonmember.cc (test for excess errors)
FAIL: 21_strings/operations.cc (test for excess errors)
FAIL: 21_strings/replace.cc (test for excess errors)
FAIL: 21_strings/rfind.cc (test for excess errors)
FAIL: 21_strings/substr.cc (test for excess errors)
FAIL: 22_locale/codecvt_char_char.cc (test for excess errors)
FAIL: 22_locale/ctor_copy_dtor.cc (test for excess errors)
FAIL: 22_locale/ctype_char_members.cc (test for excess errors)
FAIL: 22_locale/global_templates.cc (test for excess errors)
FAIL: 22_locale/members.cc (test for excess errors)
FAIL: 22_locale/numpunct_byname.cc (test for excess errors)
FAIL: 22_locale/numpunct_char_members.cc (test for excess errors)
FAIL: 22_locale/operators.cc (test for excess errors)
FAIL: 22_locale/static_members.cc (test for excess errors)
FAIL: 23_containers/bitset_ctor.cc (test for excess errors)
FAIL: 23_containers/bitset_members.cc (test for excess errors)
FAIL: 23_containers/vector_capacity.cc (test for excess errors)
FAIL: 23_containers/vector_ctor.cc (test for excess errors)
FAIL: 23_containers/vector_element_access.cc (test for excess errors)
FAIL: 24_iterators/istreambuf_iterator.cc (test for excess errors)
FAIL: 24_iterators/iterator.cc (test for excess errors)
FAIL: 24_iterators/ostream_iterator.cc (test for excess errors)
FAIL: 24_iterators/ostreambuf_iterator.cc (test for excess errors)
FAIL: 25_algorithms/min_max.cc (test for excess errors)
FAIL: 26_numerics/binary_closure.cc (test for excess errors)
FAIL: 26_numerics/buggy_complex.cc (test for excess errors)
XPASS: 26_numerics/c99_classification_macros_c.cc (test for excess errors)
FAIL: 26_numerics/c_math.cc (test for excess errors)
FAIL: 26_numerics/complex_inserters_extractors.cc (test for excess errors)
FAIL: 26_numerics/complex_value.cc (test for excess errors)
FAIL: 26_numerics/fabs_inline.cc (test for excess errors)
FAIL: 27_io/filebuf_members.cc (test for excess errors)
FAIL: 27_io/filebuf_virtuals.cc (test for excess errors)
FAIL: 27_io/fpos.cc (test for excess errors)
FAIL: 27_io/ifstream_members.cc (test for excess errors)
FAIL: 27_io/ios_base_members_static.cc (test for excess errors)
FAIL: 27_io/ios_base_storage.cc (test for excess errors)
FAIL: 27_io/ios_ctor.cc (test for excess errors)
FAIL: 27_io/ios_manip_basefield.cc (test for excess errors)
FAIL: 27_io/ios_manip_fmtflags.cc (test for excess errors)
FAIL: 27_io/ios_members.cc (test for excess errors)
FAIL: 27_io/istream_extractor_char.cc (test for excess errors)
FAIL: 27_io/istream_extractor_other.cc (test for excess errors)
FAIL: 27_io/istream_manip.cc (test for excess errors)
FAIL: 27_io/istream_seeks.cc (test for excess errors)
FAIL: 27_io/istream_sentry.cc (test for excess errors)
FAIL: 27_io/istream_unformatted.cc (test for excess errors)
FAIL: 27_io/istringstream_members.cc (test for excess errors)
FAIL: 27_io/narrow_stream_objects.cc (test for excess errors)
FAIL: 27_io/ofstream_members.cc (test for excess errors)
FAIL: 27_io/ostream_inserter_arith.cc execution test
FAIL: 27_io/ostream_inserter_char.cc (test for excess errors)
FAIL: 27_io/ostream_inserter_other.cc (test for excess errors)
FAIL: 27_io/ostream_manip.cc (test for excess errors)
FAIL: 27_io/ostream_seeks.cc (test for excess errors)
FAIL: 27_io/ostream_unformatted.cc (test for excess errors)
FAIL: 27_io/ostringstream_members.cc (test for excess errors)
FAIL: 27_io/streambuf.cc (test for excess errors)
FAIL: 27_io/stringbuf_virtuals.cc (test for excess errors)
FAIL: 27_io/stringstream.cc (test for excess errors)
FAIL: 27_io/stringstream_members.cc (test for excess errors)
=== libstdc++-v3 Summary ===
# of expected passes 133
# of unexpected failures 76
# of unexpected successes 1
# of expected failures 7
=== libstdc++-v3 tests ===
Running target unix
FAIL: 17_intro/header_ciso646.cc (test for excess errors)
FAIL: 17_intro/header_cstring.cc (test for excess errors)
FAIL: 18_support/numeric_limits.cc (test for excess errors)
FAIL: 19_diagnostics/stdexceptions.cc (test for excess errors)
FAIL: 20_util/pairs.cc (test for excess errors)
FAIL: 21_strings/append.cc (test for excess errors)
FAIL: 21_strings/c_strings.cc (test for excess errors)
FAIL: 21_strings/capacity.cc (test for excess errors)
FAIL: 21_strings/char_traits_requirements.cc (test for excess errors)
FAIL: 21_strings/compare.cc (test for excess errors)
FAIL: 21_strings/ctor_copy_dtor.cc (test for excess errors)
FAIL: 21_strings/element_access.cc (test for excess errors)
FAIL: 21_strings/find.cc (test for excess errors)
FAIL: 21_strings/insert.cc (test for excess errors)
FAIL: 21_strings/inserters_extractors.cc (test for excess errors)
FAIL: 21_strings/invariants.cc (test for excess errors)
FAIL: 21_strings/nonmember.cc (test for excess errors)
FAIL: 21_strings/operations.cc (test for excess errors)
FAIL: 21_strings/replace.cc (test for excess errors)
FAIL: 21_strings/rfind.cc (test for excess errors)
FAIL: 21_strings/substr.cc (test for excess errors)
FAIL: 22_locale/codecvt_char_char.cc (test for excess errors)
FAIL: 22_locale/ctor_copy_dtor.cc (test for excess errors)
FAIL: 22_locale/ctype_char_members.cc (test for excess errors)
FAIL: 22_locale/global_templates.cc (test for excess errors)
FAIL: 22_locale/members.cc (test for excess errors)
FAIL: 22_locale/numpunct_byname.cc (test for excess errors)
FAIL: 22_locale/numpunct_char_members.cc (test for excess errors)
FAIL: 22_locale/operators.cc (test for excess errors)
FAIL: 22_locale/static_members.cc (test for excess errors)
FAIL: 23_containers/bitset_ctor.cc (test for excess errors)
FAIL: 23_containers/bitset_members.cc (test for excess errors)
FAIL: 23_containers/vector_capacity.cc (test for excess errors)
FAIL: 23_containers/vector_ctor.cc (test for excess errors)
FAIL: 23_containers/vector_element_access.cc (test for excess errors)
FAIL: 24_iterators/istreambuf_iterator.cc (test for excess errors)
FAIL: 24_iterators/iterator.cc (test for excess errors)
FAIL: 24_iterators/ostream_iterator.cc (test for excess errors)
FAIL: 24_iterators/ostreambuf_iterator.cc (test for excess errors)
FAIL: 25_algorithms/min_max.cc (test for excess errors)
FAIL: 26_numerics/binary_closure.cc (test for excess errors)
FAIL: 26_numerics/buggy_complex.cc (test for excess errors)
XPASS: 26_numerics/c99_classification_macros_c.cc (test for excess errors)
FAIL: 26_numerics/c_math.cc (test for excess errors)
FAIL: 26_numerics/complex_inserters_extractors.cc (test for excess errors)
FAIL: 26_numerics/complex_value.cc (test for excess errors)
FAIL: 26_numerics/fabs_inline.cc (test for excess errors)
FAIL: 27_io/filebuf_members.cc (test for excess errors)
FAIL: 27_io/filebuf_virtuals.cc (test for excess errors)
FAIL: 27_io/fpos.cc (test for excess errors)
FAIL: 27_io/ifstream_members.cc (test for excess errors)
FAIL: 27_io/ios_base_members_static.cc (test for excess errors)
FAIL: 27_io/ios_base_storage.cc (test for excess errors)
FAIL: 27_io/ios_ctor.cc (test for excess errors)
FAIL: 27_io/ios_manip_basefield.cc (test for excess errors)
FAIL: 27_io/ios_manip_fmtflags.cc (test for excess errors)
FAIL: 27_io/ios_members.cc (test for excess errors)
FAIL: 27_io/istream_extractor_char.cc (test for excess errors)
FAIL: 27_io/istream_extractor_other.cc (test for excess errors)
FAIL: 27_io/istream_manip.cc (test for excess errors)
FAIL: 27_io/istream_seeks.cc (test for excess errors)
FAIL: 27_io/istream_sentry.cc (test for excess errors)
FAIL: 27_io/istream_unformatted.cc (test for excess errors)
FAIL: 27_io/istringstream_members.cc (test for excess errors)
FAIL: 27_io/narrow_stream_objects.cc (test for excess errors)
FAIL: 27_io/ofstream_members.cc (test for excess errors)
FAIL: 27_io/ostream_inserter_arith.cc execution test
FAIL: 27_io/ostream_inserter_char.cc (test for excess errors)
FAIL: 27_io/ostream_inserter_other.cc (test for excess errors)
FAIL: 27_io/ostream_manip.cc (test for excess errors)
FAIL: 27_io/ostream_seeks.cc (test for excess errors)
FAIL: 27_io/ostream_unformatted.cc (test for excess errors)
FAIL: 27_io/ostringstream_members.cc (test for excess errors)
FAIL: 27_io/streambuf.cc (test for excess errors)
FAIL: 27_io/stringbuf_virtuals.cc (test for excess errors)
FAIL: 27_io/stringstream.cc (test for excess errors)
FAIL: 27_io/stringstream_members.cc (test for excess errors)
=== libstdc++-v3 Summary ===
# of expected passes 133
# of unexpected failures 76
# of unexpected successes 1
# of expected failures 7
Compiler version: 3.1 20010719 (experimental)
Platform: mips-sgi-irix6.5
configure flags: --host=mips-sgi-irix6.5 --enable-shared --enable-haifa
--enable-threads=single --prefix=/exd4/billingd/tmp/gcc-mainline
Counting all warnings,
there are 479 warnings in stage3 of this bootstrap.
Number of warnings per file:
378 cc1
13 gcc/config/mips/mips.md
11 gcc/config/mips/mips.c
7 gcc/cp/decl.c
6 gcc/gcc.c
6 gcc/except.c
6 gcc/cp/pt.c
6 cpp0
5 gcc/cp/tree.c
5 gcc/cp/error.c
4 gcc/unwind-dw2.c
4 gcc/gcov.c
3 gcc/varasm.c
3 gcc/simplify-rtx.c
3 gcc/expr.c
2 gcc/objc/objc-act.c
2 gcc/flow.c
2 gcc/cp/class.c
1 gcc/toplev.c
1 gcc/reorg.c
1 gcc/reload1.c
1 gcc/objc/lang-specs.h
1 gcc/java/jvspec.c
1 gcc/intl/dcgettext.c
1 gcc/f/lang-specs.h
1 gcc/fold-const.c
1 gcc/final.c
1 gcc/cse.c
1 gcc/cp/lang-specs.h
1 gcc/cp/errfn.c
1 gcc/combine.c
Number of warning types:
193 as it has already been specified as a system directory
190 changing search order for system directory \`include'
20 cast from pointer to integer of different size
10 string length \`???' is greater than the length \`???' ISO C89
compilers are required to support
10 comparison between signed and unsigned
9 signed and unsigned type in conditional expression
6 operand 1 missing mode?
5 ??? format, ??? arg (arg ???)
5 unused parameter \`???'
5 initialization from incompatible pointer type
4 \`???' might be used uninitialized in this function
4 traditional C rejects string concatenation
4 operand 0 missing mode?
4 implicit declaration of function \`???'
3 constraints not supported in define_split
2 variable \`???' might be clobbered by \`longjmp' or \`vfork'
1 suggest not using #elif in traditional C
1 pointer targets in passing arg ??? of \`???' differ in signedness
1 function declaration isn't a prototype
1 changing search order for system directory \`/usr/include'
1 argument \`???' might be clobbered by \`longjmp' or \`vfork'