This is the mail archive of the gcc-testresults@gcc.gnu.org mailing list for the GCC project.
Index Nav: | [Date Index] [Subject Index] [Author Index] [Thread Index] | |
---|---|---|
Message Nav: | [Date Prev] [Date Next] | [Thread Prev] [Thread Next] |
Sorry for the strange subject line).
/ChJ
-----Original Message-----
From: Christian Jönsson
Sent: den 19 juli 2001 08:13
To: Gcc Testresults (E-mail)
Subject: This was on an win2k/sp2 host with an up to date cygwin
install.
This was on an win2k/sp2 host with an up to date cygwin install.
Root dir of cygwin install is C:\\cygwin.
binutils-20010425-2
cygwin-1.3.2-1
dejagnu-20010117-1
(patched as http://mail.gnu.org/pipermail/dejagnu/2001-April/000003.html)
expect-20010117-1
gcc-2.95.3-5
tcltk-20001125-1
/ChJ
Native configuration is i686-pc-cygwin
=== g++ tests ===
Running target unix
FAIL: g++.dg/special/conpr-1.C execution test
FAIL: g++.dg/special/conpr-2.C execution test
FAIL: g++.dg/special/conpr-3.C execution test
FAIL: g++.dg/special/conpr-3.C execution test
FAIL: g++.dg/special/conpr-1.C execution test
FAIL: g++.brendan/crash20.C (test for excess errors)
FAIL: g++.eh/badalloc1.C Execution test
FAIL: g++.ext/instantiate1.C not instantiated (test for errors, line 20)
FAIL: g++.ext/instantiate3.C not instantiated (test for errors, line 13)
XPASS: g++.ext/instantiate3.C (test for excess errors)
XPASS: g++.jason/template18.C (test for excess errors)
XPASS: g++.jason/template18.C Execution test
FAIL: g++.law/code-gen5.C (test for excess errors)
FAIL: g++.law/ctors6.C (test for excess errors)
FAIL: g++.law/operators4.C (test for excess errors)
FAIL: g++.other/headers1.C (test for excess errors)
FAIL: g++.robertl/eb3.C (test for excess errors)
=== g++ Summary ===
# of expected passes 6465
# of unexpected failures 14
# of unexpected successes 3
# of expected failures 101
# of untested testcases 15
/usr/local/src/objdir-gcc-20010716/gcc/testsuite/../g++ version 3.0.1 20010716 (prerelease)
=== g77 tests ===
Running target unix
=== g77 Summary ===
# of expected passes 949
=== gcc tests ===
Running target unix
XPASS: gcc.c-torture/execute/20010114-2.c execution, -O0
XPASS: gcc.c-torture/execute/20010114-2.c execution, -O3 -fomit-frame-pointer
XPASS: gcc.c-torture/execute/20010114-2.c execution, -O3 -g
FAIL: gcc.c-torture/execute/950503-1.c compilation, -O2
FAIL: gcc.dg/asm-fs-1.c scan-assembler-not \\*_bar
FAIL: gcc.dg/asm-fs-1.c scan-assembler-not \\*_baz
FAIL: gcc.dg/wint_t-1.c (test for excess errors)
=== gcc Summary ===
# of expected passes 15210
# of unexpected failures 4
# of unexpected successes 3
# of expected failures 85
# of unresolved testcases 1
# of unsupported tests 25
/usr/local/src/objdir-gcc-20010716/gcc/xgcc version 3.0.1 20010716 (prerelease)
=== objc tests ===
Running target unix
=== objc Summary ===
# of expected passes 153
# of expected failures 1
/usr/local/src/objdir-gcc-20010716/gcc/xgcc version 3.0.1 20010716 (prerelease)
=== libstdc++-v3 tests ===
Running target unix
=== libstdc++-v3 Summary ===
Compiler version: 3.0.1 20010716 (prerelease)
Platform: i686-pc-cygwin
configure flags: --host=i686-pc-cygwin --enable-threads=posix --enable-sjlj-exceptions --disable-shared
Counting all warnings,
there are 121 warnings in stage3 of this bootstrap.
Number of warnings per file:
28 gcc/combine.c
13 gcc/gcc.c
10 gcc/reg-stack.c
6 gcc/cp/pt.c
5 gcc/cse.c
5 gcc/cp/error.c
5 gcc/cp/call.c
4 gcc/dwarf2out.c
3 insn-emit.c
3 gcc/unwind-sjlj.c
3 gcc/reload1.c
3 gcc/except.c
3 gcc/cp/lang-specs.h
3 gcc/config/i386/i386.md
3 gcc/config/i386/i386.c
2 gcc/reload.c
2 gcc/function.c
2 gcc/fold-const.c
2 gcc/expr.c
2 gcc/cp/class.c
2 gcc/alias.c
1 gcc/unwind-pe.h
1 gcc/sdbout.c
1 gcc/sched-deps.c
1 gcc/regmove.c
1 gcc/objc/lang-specs.h
1 gcc/java/jvspec.c
1 gcc/flow.c
1 gcc/final.c
1 gcc/f/lang-specs.h
1 gcc/expmed.c
1 gcc/cp/typeck2.c
1 gcc/cp/errfn.c
Number of warning types:
57 comparison between signed and unsigned
12 \`???' might be used uninitialized in this function
9 string length \`???' is greater than the length \`???' ISO C89 compilers are required to support
7 signed and unsigned type in conditional expression
5 initialization from incompatible pointer type
4 unused parameter \`???'
4 traditional C rejects string concatenation
4 ??? format, ??? arg (arg ???)
3 unused variable \`???'
3 function declaration isn't a prototype
2 suggest parentheses around assignment used as truth value
2 passing arg ??? of \`???' from incompatible pointer type
2 destination missing a mode?
2 assignment of read-only location
2 \`???' defined but not used
1 pointer targets in passing arg ??? of \`???' differ in signedness
1 operand 0 missing mode?
1 assignment discards qualifiers from pointer target type
Index Nav: | [Date Index] [Subject Index] [Author Index] [Thread Index] | |
---|---|---|
Message Nav: | [Date Prev] [Date Next] | [Thread Prev] [Thread Next] |