This is the mail archive of the
gcc-testresults@gcc.gnu.org
mailing list for the GCC project.
Results for 3.1 20010717 (experimental) testsuite on alphaev6-unknown-linux-gnu
- To: gcc-testresults at gcc dot gnu dot org
- Subject: Results for 3.1 20010717 (experimental) testsuite on alphaev6-unknown-linux-gnu
- From: Richard Henderson <rth at cygnus dot com>
- Date: Tue, 17 Jul 2001 09:08:13 -0700
Native configuration is alphaev6-unknown-linux-gnu
=== libjava tests ===
Running target unix
FAIL: G19990210_1 compilation from source
FAIL: G19990210_1 -O compilation from source
FAIL: G19990217_01 compilation from source
FAIL: G19990217_01 -O compilation from source
FAIL: calls.c compilation
FAIL: register run
XPASS: stringconst output from bytecode->native test
XPASS: stringconst -O output from bytecode->native test
=== libjava Summary ===
# of expected passes 1808
# of unexpected failures 6
# of unexpected successes 2
# of expected failures 12
# of untested testcases 17
=== libstdc++-v3 tests ===
Running target unix
FAIL: 17_intro/header_cassert.cc (test for excess errors)
FAIL: 17_intro/header_cerrno.cc (test for excess errors)
FAIL: 17_intro/header_ciso646.cc (test for excess errors)
FAIL: 17_intro/header_csetjmp.cc (test for excess errors)
FAIL: 17_intro/header_cstdarg.cc (test for excess errors)
FAIL: 17_intro/header_cstddef.cc (test for excess errors)
FAIL: 17_intro/header_cstdio.cc (test for excess errors)
FAIL: 17_intro/header_cstdlib.cc (test for excess errors)
FAIL: 17_intro/header_cstring.cc (test for excess errors)
FAIL: 17_intro/header_ctime.cc (test for excess errors)
FAIL: 17_intro/header_cwchar.cc (test for excess errors)
FAIL: 17_intro/header_cwctype.cc (test for excess errors)
FAIL: 17_intro/header_fstream.cc (test for excess errors)
FAIL: 17_intro/header_iomanip.cc (test for excess errors)
FAIL: 17_intro/header_ios.cc (test for excess errors)
FAIL: 17_intro/header_iosfwd.cc (test for excess errors)
FAIL: 17_intro/header_iostream.cc (test for excess errors)
FAIL: 17_intro/header_istream.cc (test for excess errors)
FAIL: 17_intro/header_ostream.cc (test for excess errors)
FAIL: 17_intro/header_sstream.cc (test for excess errors)
FAIL: 17_intro/header_streambuf.cc (test for excess errors)
FAIL: 17_intro/headers.cc (test for excess errors)
FAIL: 17_intro/headers_c++.cc (test for excess errors)
FAIL: 17_intro/headers_c.cc (test for excess errors)
FAIL: 18_support/numeric_limits.cc (test for excess errors)
FAIL: 19_diagnostics/stdexceptions.cc (test for excess errors)
FAIL: 20_util/allocator_members.cc (test for excess errors)
FAIL: 20_util/allocator_members.cc execution test
FAIL: 20_util/auto_ptr.cc (test for excess errors)
FAIL: 20_util/auto_ptr.cc execution test
FAIL: 20_util/binders.cc (test for excess errors)
FAIL: 20_util/comparisons.cc (test for excess errors)
FAIL: 20_util/pairs.cc (test for excess errors)
FAIL: 20_util/raw_storage_iterator.cc (test for excess errors)
FAIL: 21_strings/append.cc (test for excess errors)
FAIL: 21_strings/c_strings.cc (test for excess errors)
FAIL: 21_strings/capacity.cc (test for excess errors)
FAIL: 21_strings/char_traits_requirements.cc (test for excess errors)
FAIL: 21_strings/char_traits_typedefs.cc (test for excess errors)
FAIL: 21_strings/compare.cc (test for excess errors)
FAIL: 21_strings/ctor_copy_dtor.cc (test for excess errors)
FAIL: 21_strings/element_access.cc (test for excess errors)
FAIL: 21_strings/find.cc (test for excess errors)
FAIL: 21_strings/insert.cc (test for excess errors)
FAIL: 21_strings/inserters_extractors.cc (test for excess errors)
FAIL: 21_strings/invariants.cc (test for excess errors)
FAIL: 21_strings/nonmember.cc (test for excess errors)
FAIL: 21_strings/operations.cc (test for excess errors)
FAIL: 21_strings/replace.cc (test for excess errors)
FAIL: 21_strings/rfind.cc (test for excess errors)
FAIL: 21_strings/substr.cc (test for excess errors)
FAIL: 22_locale/codecvt_char_char.cc (test for excess errors)
FAIL: 22_locale/codecvt_unicode_char.cc (test for excess errors)
FAIL: 22_locale/codecvt_unicode_wchar_t.cc (test for excess errors)
FAIL: 22_locale/codecvt_wchar_t_char.cc (test for excess errors)
FAIL: 22_locale/ctor_copy_dtor.cc (test for excess errors)
FAIL: 22_locale/ctype.cc (test for excess errors)
FAIL: 22_locale/ctype_char_members.cc (test for excess errors)
FAIL: 22_locale/ctype_wchar_t_members.cc (test for excess errors)
FAIL: 22_locale/facet.cc (test for excess errors)
FAIL: 22_locale/global_templates.cc (test for excess errors)
FAIL: 22_locale/members.cc (test for excess errors)
FAIL: 22_locale/members.cc execution test
FAIL: 22_locale/numpunct.cc (test for excess errors)
FAIL: 22_locale/numpunct_byname.cc (test for excess errors)
FAIL: 22_locale/numpunct_char_members.cc (test for excess errors)
FAIL: 22_locale/numpunct_char_members.cc execution test
FAIL: 22_locale/operators.cc (test for excess errors)
FAIL: 22_locale/static_members.cc (test for excess errors)
FAIL: 23_containers/bitset_ctor.cc (test for excess errors)
FAIL: 23_containers/bitset_members.cc (test for excess errors)
FAIL: 23_containers/bitset_shift.cc (test for excess errors)
FAIL: 23_containers/multiset.cc (test for excess errors)
FAIL: 23_containers/vector_capacity.cc (test for excess errors)
FAIL: 23_containers/vector_ctor.cc (test for excess errors)
FAIL: 23_containers/vector_element_access.cc (test for excess errors)
FAIL: 23_containers/vector_modifiers.cc (test for excess errors)
FAIL: 24_iterators/back_insert_iterator.cc (test for excess errors)
FAIL: 24_iterators/front_insert_iterator.cc (test for excess errors)
FAIL: 24_iterators/insert_iterator.cc (test for excess errors)
FAIL: 24_iterators/istream_iterator.cc (test for excess errors)
FAIL: 24_iterators/istreambuf_iterator.cc (test for excess errors)
FAIL: 24_iterators/iterator.cc (test for excess errors)
FAIL: 24_iterators/ostream_iterator.cc (test for excess errors)
FAIL: 24_iterators/ostreambuf_iterator.cc (test for excess errors)
FAIL: 24_iterators/reverse_iterator.cc (test for excess errors)
FAIL: 25_algorithms/equal.cc (test for excess errors)
FAIL: 25_algorithms/lower_bound.cc (test for excess errors)
FAIL: 25_algorithms/min_max.cc (test for excess errors)
FAIL: 26_numerics/binary_closure.cc (test for excess errors)
FAIL: 26_numerics/buggy_complex.cc (test for excess errors)
FAIL: 26_numerics/c99_classification_macros_c++.cc (test for excess errors)
FAIL: 26_numerics/c_math.cc (test for excess errors)
FAIL: 26_numerics/complex_inserters_extractors.cc (test for excess errors)
FAIL: 26_numerics/complex_value.cc (test for excess errors)
FAIL: 26_numerics/fabs_inline.cc (test for excess errors)
FAIL: 26_numerics/slice_array_assignment.cc (test for excess errors)
FAIL: 26_numerics/valarray.cc (test for excess errors)
FAIL: 26_numerics/valarray_const_bracket.cc (test for excess errors)
FAIL: 27_io/filebuf.cc (test for excess errors)
FAIL: 27_io/filebuf_members.cc (test for excess errors)
FAIL: 27_io/filebuf_virtuals.cc (test for excess errors)
FAIL: 27_io/fpos.cc (test for excess errors)
FAIL: 27_io/fstream_members.cc (test for excess errors)
FAIL: 27_io/ifstream_members.cc (test for excess errors)
FAIL: 27_io/ios_base_callbacks.cc (test for excess errors)
FAIL: 27_io/ios_base_members_static.cc (test for excess errors)
FAIL: 27_io/ios_base_storage.cc (test for excess errors)
FAIL: 27_io/ios_ctor.cc (test for excess errors)
FAIL: 27_io/ios_init.cc (test for excess errors)
FAIL: 27_io/ios_manip_basefield.cc (test for excess errors)
FAIL: 27_io/ios_manip_basefield.cc execution test
FAIL: 27_io/ios_manip_fmtflags.cc (test for excess errors)
FAIL: 27_io/ios_manip_fmtflags.cc execution test
FAIL: 27_io/ios_members.cc (test for excess errors)
FAIL: 27_io/istream.cc (test for excess errors)
FAIL: 27_io/istream_extractor_arith.cc (test for excess errors)
FAIL: 27_io/istream_extractor_arith.cc execution test
FAIL: 27_io/istream_extractor_char.cc (test for excess errors)
FAIL: 27_io/istream_extractor_other.cc (test for excess errors)
FAIL: 27_io/istream_manip.cc (test for excess errors)
FAIL: 27_io/istream_seeks.cc (test for excess errors)
FAIL: 27_io/istream_sentry.cc (test for excess errors)
FAIL: 27_io/istream_unformatted.cc (test for excess errors)
FAIL: 27_io/istringstream_members.cc (test for excess errors)
FAIL: 27_io/narrow_stream_objects.cc (test for excess errors)
FAIL: 27_io/ofstream_members.cc (test for excess errors)
FAIL: 27_io/ostream.cc (test for excess errors)
FAIL: 27_io/ostream_inserter_arith.cc (test for excess errors)
FAIL: 27_io/ostream_inserter_char.cc (test for excess errors)
FAIL: 27_io/ostream_inserter_other.cc (test for excess errors)
FAIL: 27_io/ostream_manip.cc (test for excess errors)
FAIL: 27_io/ostream_seeks.cc (test for excess errors)
FAIL: 27_io/ostream_unformatted.cc (test for excess errors)
FAIL: 27_io/ostringstream_members.cc (test for excess errors)
FAIL: 27_io/streambuf.cc (test for excess errors)
FAIL: 27_io/stringbuf.cc (test for excess errors)
FAIL: 27_io/stringbuf.cc execution test
FAIL: 27_io/stringbuf_virtuals.cc (test for excess errors)
FAIL: 27_io/stringstream.cc (test for excess errors)
FAIL: 27_io/stringstream_members.cc (test for excess errors)
FAIL: 27_io/wide_stream_objects.cc (test for excess errors)
FAIL: ext/headers.cc (test for excess errors)
=== libstdc++-v3 Summary ===
# of expected passes 124
# of unexpected failures 143
# of expected failures 8
=== g77 tests ===
Running target unix
FAIL: g77.f-torture/compile/20000629-1.f, -O3 -g
FAIL: g77.f-torture/execute/20010430.f execution, -O2
FAIL: g77.f-torture/execute/20010430.f execution, -O3 -fomit-frame-pointer
FAIL: g77.f-torture/execute/20010430.f execution, -O3 -fomit-frame-pointer -funroll-loops
FAIL: g77.f-torture/execute/20010430.f execution, -O3 -fomit-frame-pointer -funroll-all-loops -finline-functions
FAIL: g77.f-torture/execute/20010430.f execution, -O3 -g
=== g77 Summary ===
# of expected passes 1013
# of unexpected failures 6
# of unsupported tests 8
=== gcc tests ===
Running target unix
FAIL: gcc.c-torture/execute/20010518-2.c execution, -O0
FAIL: gcc.c-torture/execute/20010518-2.c execution, -O1
FAIL: gcc.c-torture/execute/20010518-2.c execution, -O2
FAIL: gcc.c-torture/execute/20010518-2.c execution, -O3 -fomit-frame-pointer
FAIL: gcc.c-torture/execute/20010518-2.c execution, -O3 -g
FAIL: gcc.c-torture/execute/20010518-2.c execution, -Os
FAIL: gcc.c-torture/execute/920501-7.c execution, -O2
FAIL: gcc.c-torture/execute/920501-7.c execution, -O3 -fomit-frame-pointer
FAIL: gcc.c-torture/execute/920501-7.c execution, -O3 -g
FAIL: gcc.c-torture/execute/920501-7.c execution, -Os
FAIL: gcc.c-torture/execute/comp-goto-2.c execution, -O2
FAIL: gcc.c-torture/execute/comp-goto-2.c execution, -O3 -fomit-frame-pointer
FAIL: gcc.c-torture/execute/comp-goto-2.c execution, -O3 -g
FAIL: gcc.c-torture/execute/comp-goto-2.c execution, -Os
FAIL: gcc.dg/cpp/ucs.c (test for warnings, line 24)
FAIL: gcc.dg/cpp/ucs.c (test for excess errors)
FAIL: gcc.dg/20000707-1.c (test for excess errors)
FAIL: gcc.dg/unused-2.c (test for excess errors)
=== gcc Summary ===
# of expected passes 15567
# of unexpected failures 18
# of expected failures 70
# of unresolved testcases 1
# of unsupported tests 52
/castro/street/rth/gcc/build/axp/gcc/xgcc version 3.1 20010717 (experimental)
=== g++ tests ===
Running target unix
FAIL: g++.other/crash18.C (test for excess errors)
FAIL: g++.other/enum5.C (test for excess errors)
XPASS: g++.robertl/eb17.C Execution test
=== g++ Summary ===
# of expected passes 6520
# of unexpected failures 2
# of unexpected successes 1
# of expected failures 86
# of unresolved testcases 1
# of untested testcases 20
/castro/street/rth/gcc/build/axp/gcc/testsuite/../g++ version 3.1 20010717 (experimental)
=== objc tests ===
Running target unix
FAIL: objc/execute/formal_protocol-6.m execution, -O
=== objc Summary ===
# of expected passes 185
# of unexpected failures 1
/castro/street/rth/gcc/build/axp/gcc/xgcc version 3.1 20010717 (experimental)
Compiler version: 3.1 20010717 (experimental)
Platform: alphaev6-unknown-linux-gnu
configure flags: --host=alphaev6-unknown-linux-gnu --prefix=/castro/street/H-alpha-linux --enable-threads