This is the mail archive of the
gcc-testresults@gcc.gnu.org
mailing list for the GCC project.
Results for 3.1 20010705 (experimental) testsuite on i686-pc-linux-gnu
- To: gcc-testresults at gcc dot gnu dot org
- Subject: Results for 3.1 20010705 (experimental) testsuite on i686-pc-linux-gnu
- From: Lucier <lucier at texas dot igpm dot rwth-aachen dot de>
- Date: Thu, 5 Jul 2001 10:16:26 +0200
Native configuration is i686-pc-linux-gnu
=== g++ tests ===
Running target unix
XPASS: g++.dg/vtgc1.C (test for excess errors)
XPASS: g++.dg/vtgc1.C scan-assembler .vtable_inherit[ ]*vtable for Multivv3, 0
XPASS: g++.dg/vtgc1.C scan-assembler .vtable_inherit[ ]*VTT for Multivv3, 0
XPASS: g++.dg/vtgc1.C scan-assembler .vtable_inherit[ ]*vtable for Multiss2, vtable for Base2
XPASS: g++.dg/vtgc1.C scan-assembler .vtable_inherit[ ]*vtable for Multivs1, vtable for Base2
XPASS: g++.dg/vtgc1.C scan-assembler .vtable_inherit[ ]*VTT for Multivs1, vtable for Base2
XPASS: g++.dg/vtgc1.C scan-assembler .vtable_inherit[ ]*vtable for Multisv0, vtable for Side0
XPASS: g++.dg/vtgc1.C scan-assembler .vtable_inherit[ ]*VTT for Multisv0, vtable for Side0
XPASS: g++.dg/vtgc1.C scan-assembler .vtable_inherit[ ]*vtable for Side0, 0
XPASS: g++.dg/vtgc1.C scan-assembler .vtable_inherit[ ]*vtable for VbasedA, 0
XPASS: g++.dg/vtgc1.C scan-assembler .vtable_inherit[ ]*VTT for VbasedA, 0
XPASS: g++.dg/vtgc1.C scan-assembler .vtable_inherit[ ]*vtable for Base2, vtable for Base1
XPASS: g++.dg/vtgc1.C scan-assembler .vtable_inherit[ ]*vtable for Base1, vtable for Base0
XPASS: g++.dg/vtgc1.C scan-assembler .vtable_inherit[ ]*vtable for Base0, 0
FAIL: g++.ext/instantiate1.C not instantiated (test for errors, line 20)
XPASS: g++.robertl/eb17.C Execution test
=== g++ Summary ===
# of expected passes 6532
# of unexpected failures 1
# of unexpected successes 15
# of expected failures 85
# of untested testcases 9
/home/lucier/source/gcc/gcc-3.1/objdir/gcc/testsuite/../g++ version 3.1 20010705 (experimental)
=== g77 tests ===
Running target unix
=== g77 Summary ===
# of expected passes 999
=== gcc tests ===
Running target unix
FAIL: gcc.c-torture/execute/20010114-2.c execution, -O1
FAIL: gcc.c-torture/execute/20010114-2.c execution, -O2
FAIL: gcc.c-torture/execute/20010114-2.c execution, -Os
FAIL: gcc.dg/wtr-label-1.c (test for excess errors)
=== gcc Summary ===
# of expected passes 15578
# of unexpected failures 4
# of expected failures 72
# of unsupported tests 22
/home/lucier/source/gcc/gcc-3.1/objdir/gcc/xgcc version 3.1 20010705 (experimental)
=== objc tests ===
Running target unix
FAIL: objc/execute/formal_protocol-6.m execution, -O
=== objc Summary ===
# of expected passes 181
# of unexpected failures 1
/home/lucier/source/gcc/gcc-3.1/objdir/gcc/xgcc version 3.1 20010705 (experimental)
=== libjava tests ===
Running target unix
FAIL: register run
XPASS: N19990310_4 output from source compiled test
XPASS: N19990310_4 -O output from source compiled test
XPASS: stringconst output from bytecode->native test
XPASS: stringconst -O output from bytecode->native test
=== libjava Summary ===
# of expected passes 1705
# of unexpected failures 1
# of unexpected successes 4
# of expected failures 14
# of untested testcases 81
=== libstdc++-v3 tests ===
Running target unix
FAIL: 22_locale/members.cc execution test
FAIL: 22_locale/numpunct_char_members.cc execution test
=== libstdc++-v3 Summary ===
# of expected passes 265
# of unexpected failures 2
# of expected failures 8
Compiler version: 3.1 20010705 (experimental)
Platform: i686-pc-linux-gnu
configure flags: --host=i686-pc-linux-gnu --prefix=/home/lucier/gcc-3.1
Counting all warnings,
there are 222 warnings in stage3 of this bootstrap.
Number of warnings per file:
110 cc1
27 gcc/combine.c
6 gcc/cp/pt.c
5 gcc/cse.c
5 gcc/cp/error.c
5 gcc/cp/call.c
5 gcc/config/i386/i386.c
4 gcc/reg-stack.c
4 gcc/except.c
4 gcc/bitmap.c
3 gcc/reload1.c
3 gcc/reload.c
3 gcc/gcc.c
3 gcc/expr.c
3 gcc/dwarf2out.c
3 gcc/config/i386/i386.md
2 gcc/tlink.c
2 gcc/function.c
2 gcc/fold-const.c
2 gcc/flow.c
2 gcc/final.c
2 gcc/cp/class.c
2 gcc/alias.c
1 gcc/unwind-dw2.c
1 gcc/simplify-rtx.c
1 gcc/sched-deps.c
1 gcc/regmove.c
1 gcc/objc/lang-specs.h
1 gcc/libgcc2.c
1 gcc/java/jvspec.c
1 gcc/intl/dcgettext.c
1 gcc/f/lang-specs.h
1 gcc/f/com.c
1 gcc/expmed.c
1 gcc/df.c
1 gcc/cp/lang-specs.h
1 gcc/cp/init.c
1 gcc/cp/errfn.c
Number of warning types:
55 changing search order for system directory \`include'
55 as it has already been specified as a system directory
53 comparison between signed and unsigned
17 \`???' might be used uninitialized in this function
7 string length \`???' is greater than the length \`???' ISO C89 compilers are required to support
6 signed and unsigned type in conditional expression
5 initialization from incompatible pointer type
4 unused variable \`???'
3 function-like macro \`bitmap_zero' must be used with arguments in traditional C
3 function declaration isn't a prototype
2 passing arg ??? of \`???' discards qualifiers from pointer target type
2 destination missing a mode?
2 ??? format, ??? arg (arg ???)
1 unused parameter \`???'
1 suggest not using #elif in traditional C
1 pointer targets in passing arg ??? of \`???' differ in signedness
1 passing arg ??? of \`???' from incompatible pointer type
1 operand 0 missing mode?
1 large integer implicitly truncated to unsigned type
1 implicit declaration of function \`???'
1 \`???' defined but not used