This is the mail archive of the
gcc-testresults@gcc.gnu.org
mailing list for the GCC project.
Results for 3.0.1 20010703 (prerelease) testsuite on i386-unknown-freebsd4.3
- To: gcc-testresults at gcc dot gnu dot org, ljrittle at acm dot org, obrien at freebsd dot org
- Subject: Results for 3.0.1 20010703 (prerelease) testsuite on i386-unknown-freebsd4.3
- From: Loren James Rittle <ljrittle at ref4 dot freebsd dot org>
- Date: Wed, 4 Jul 2001 01:51:50 -0700 (PDT)
Native configuration is i386-unknown-freebsd4.3
=== g++ tests ===
Running target unix
=== g++ Summary for unix ===
# of expected passes 6479
# of expected failures 102
# of untested testcases 15
Running target unix/-pthread -fpic
FAIL: g++.eh/badalloc1.C Execution test
=== g++ Summary for unix/-pthread -fpic ===
# of expected passes 6478
# of unexpected failures 1
# of expected failures 102
# of untested testcases 15
=== g++ Summary ===
# of expected passes 12957
# of unexpected failures 1
# of expected failures 204
# of untested testcases 30
/local0/scratch/ljrittle/gcc-build-ref4-0703/gcc/testsuite/../g++ version 3.0.1 20010703 (prerelease)
=== g77 tests ===
Running target unix
=== g77 Summary for unix ===
# of expected passes 933
# of unsupported tests 8
Running target unix/-pthread -fpic
=== g77 Summary for unix/-pthread -fpic ===
# of expected passes 933
# of unsupported tests 8
=== g77 Summary ===
# of expected passes 1866
# of unsupported tests 16
=== gcc tests ===
Running target unix
XPASS: gcc.c-torture/execute/20010114-2.c execution, -O0
XPASS: gcc.c-torture/execute/20010114-2.c execution, -O3 -fomit-frame-pointer
XPASS: gcc.c-torture/execute/20010114-2.c execution, -O3 -g
XPASS: gcc.c-torture/execute/ieee/rbug.c execution, -O3 -fomit-frame-pointer
XPASS: gcc.c-torture/execute/ieee/rbug.c execution, -O3 -g
FAIL: gcc.dg/wchar_t-1.c (test for excess errors)
FAIL: gcc.dg/wint_t-1.c (test for excess errors)
=== gcc Summary for unix ===
# of expected passes 15200
# of unexpected failures 2
# of unexpected successes 5
# of expected failures 89
# of unsupported tests 24
Running target unix/-pthread -fpic
FAIL: gcc.c-torture/compile/20000804-1.c, -O0
XPASS: gcc.c-torture/execute/20010114-2.c execution, -O0
FAIL: gcc.c-torture/execute/conversion.c execution, -O3 -fomit-frame-pointer
FAIL: gcc.c-torture/execute/conversion.c execution, -O3 -g
XPASS: gcc.c-torture/execute/loop-2b.c execution, -O2
FAIL: gcc.dg/asm-names.c (test for excess errors)
FAIL: gcc.dg/wchar_t-1.c (test for excess errors)
FAIL: gcc.dg/wint_t-1.c (test for excess errors)
=== gcc Summary for unix/-pthread -fpic ===
# of expected passes 15196
# of unexpected failures 6
# of unexpected successes 2
# of expected failures 92
# of unsupported tests 24
=== gcc Summary ===
# of expected passes 30396
# of unexpected failures 8
# of unexpected successes 7
# of expected failures 181
# of unsupported tests 48
/local0/scratch/ljrittle/gcc-build-ref4-0703/gcc/xgcc version 3.0.1 20010703 (prerelease)
=== objc tests ===
Running target unix
=== objc Summary for unix ===
# of expected passes 149
# of expected failures 1
Running target unix/-pthread -fpic
=== objc Summary for unix/-pthread -fpic ===
# of expected passes 149
# of expected failures 1
=== objc Summary ===
# of expected passes 298
# of expected failures 2
/local0/scratch/ljrittle/gcc-build-ref4-0703/gcc/xgcc version 3.0.1 20010703 (prerelease)
=== libstdc++-v3 tests ===
Running target unix
XPASS: 26_numerics/c99_classification_macros_c.cc (test for excess errors)
=== libstdc++-v3 Summary for unix ===
# of expected passes 245
# of unexpected successes 1
# of expected failures 7
Running target unix/-pthread -fpic
XPASS: 26_numerics/c99_classification_macros_c.cc (test for excess errors)
=== libstdc++-v3 Summary for unix/-pthread -fpic ===
# of expected passes 245
# of unexpected successes 1
# of expected failures 7
=== libstdc++-v3 Summary ===
# of expected passes 490
# of unexpected successes 2
# of expected failures 14
Compiler version: 3.0.1 20010703 (prerelease)
Platform: i386-unknown-freebsd4.3
configure flags: --host=i386-unknown-freebsd4.3 --prefix=/home/ljrittle/tmp-ref4/install-ref4 --with-gnu-as --with-as=/usr/bin/as --with-gnu-ld --with-ld=/usr/bin/ld
BOOT_CFLAGS=-g -O2