This is the mail archive of the gcc-testresults@gcc.gnu.org mailing list for the GCC project.


Index Nav: [Date Index] [Subject Index] [Author Index] [Thread Index]
Message Nav: [Date Prev] [Date Next] [Thread Prev] [Thread Next]

Results for 3.0 20010529 (prerelease) testsuite on hppa1.1-hp-hpux10.20


Native configuration is hppa1.1-hp-hpux10.20

		=== g++ tests ===


Running target unix/-threads
FAIL: g++.dg/mangle1.C scan-assembler 
FAIL: g++.dg/mangle1.C scan-assembler 
FAIL: g++.dg/mangle1.C scan-assembler 
FAIL: g++.dg/mangle1.C scan-assembler 
FAIL: g++.dg/mangle1.C scan-assembler 
FAIL: g++.dg/mangle1.C scan-assembler 
FAIL: g++.dg/mangle1.C scan-assembler 
FAIL: g++.dg/mangle1.C scan-assembler 
FAIL: g++.dg/mangle1.C scan-assembler 
FAIL: g++.dg/mangle1.C scan-assembler 
FAIL: g++.dg/mangle1.C scan-assembler 
FAIL: g++.dg/mangle1.C scan-assembler 
FAIL: g++.dg/mangle1.C scan-assembler 
FAIL: g++.dg/mangle1.C scan-assembler 
FAIL: g++.dg/mangle1.C scan-assembler 
FAIL: g++.ext/instantiate1.C not instantiated (test for errors, line 20)
FAIL: g++.ext/instantiate1.C not instantiated (test for errors, line 22)
FAIL: g++.law/profile1.C (test for excess errors)
XPASS: g++.oliva/delete3.C  Execution test
XPASS: g++.other/crash27.C (test for excess errors)
FAIL: g++.other/mangle3.C (test for excess errors)

		=== g++ Summary for unix/-threads ===

# of expected passes		6401
# of unexpected failures	19
# of unexpected successes	2
# of expected failures		114
# of untested testcases		20

Running target unix/-fPIC
FAIL: g++.dg/mangle1.C scan-assembler 
FAIL: g++.dg/mangle1.C scan-assembler 
FAIL: g++.dg/mangle1.C scan-assembler 
FAIL: g++.dg/mangle1.C scan-assembler 
FAIL: g++.dg/mangle1.C scan-assembler 
FAIL: g++.dg/mangle1.C scan-assembler 
FAIL: g++.dg/mangle1.C scan-assembler 
FAIL: g++.dg/mangle1.C scan-assembler 
FAIL: g++.dg/mangle1.C scan-assembler 
FAIL: g++.dg/mangle1.C scan-assembler 
FAIL: g++.dg/mangle1.C scan-assembler 
FAIL: g++.dg/mangle1.C scan-assembler 
FAIL: g++.dg/mangle1.C scan-assembler 
FAIL: g++.dg/mangle1.C scan-assembler 
FAIL: g++.dg/mangle1.C scan-assembler 
FAIL: g++.ext/instantiate1.C not instantiated (test for errors, line 20)
FAIL: g++.ext/instantiate1.C not instantiated (test for errors, line 22)
FAIL: g++.law/profile1.C caused compiler crash
XPASS: g++.oliva/delete3.C  Execution test
XPASS: g++.other/crash27.C (test for excess errors)
FAIL: g++.other/mangle3.C (test for excess errors)

		=== g++ Summary for unix/-fPIC ===

# of expected passes		6401
# of unexpected failures	19
# of unexpected successes	2
# of expected failures		113
# of untested testcases		20

Running target unix
FAIL: g++.dg/mangle1.C scan-assembler 
FAIL: g++.dg/mangle1.C scan-assembler 
FAIL: g++.dg/mangle1.C scan-assembler 
FAIL: g++.dg/mangle1.C scan-assembler 
FAIL: g++.dg/mangle1.C scan-assembler 
FAIL: g++.dg/mangle1.C scan-assembler 
FAIL: g++.dg/mangle1.C scan-assembler 
FAIL: g++.dg/mangle1.C scan-assembler 
FAIL: g++.dg/mangle1.C scan-assembler 
FAIL: g++.dg/mangle1.C scan-assembler 
FAIL: g++.dg/mangle1.C scan-assembler 
FAIL: g++.dg/mangle1.C scan-assembler 
FAIL: g++.dg/mangle1.C scan-assembler 
FAIL: g++.dg/mangle1.C scan-assembler 
FAIL: g++.dg/mangle1.C scan-assembler 
FAIL: g++.ext/instantiate1.C not instantiated (test for errors, line 20)
FAIL: g++.ext/instantiate1.C not instantiated (test for errors, line 22)
XPASS: g++.oliva/delete3.C  Execution test
XPASS: g++.other/crash27.C (test for excess errors)
FAIL: g++.other/mangle3.C (test for excess errors)

		=== g++ Summary for unix ===

# of expected passes		6403
# of unexpected failures	18
# of unexpected successes	2
# of expected failures		113
# of untested testcases		20

		=== g++ Summary ===

# of expected passes		19205
# of unexpected failures	56
# of unexpected successes	6
# of expected failures		340
# of untested testcases		60
/xxx/gnu/gcc-3.0/objdir/gcc/testsuite/../g++ version 3.0 20010529 (prerelease)

		=== g77 tests ===


Running target unix/-threads
FAIL: g77.f-torture/compile/alpha1.f,  -O0  
FAIL: g77.f-torture/compile/alpha1.f,  -O1  
FAIL: g77.f-torture/compile/alpha1.f,  -O2  
FAIL: g77.f-torture/compile/alpha1.f,  -O3 -fomit-frame-pointer  
FAIL: g77.f-torture/compile/alpha1.f,  -O3 -g  
FAIL: g77.f-torture/compile/alpha1.f,  -Os  
FAIL: g77.f-torture/execute/io0.f execution,  -O0 
FAIL: g77.f-torture/execute/io0.f execution,  -O1 
FAIL: g77.f-torture/execute/io0.f execution,  -O2 
FAIL: g77.f-torture/execute/io0.f execution,  -O3 -fomit-frame-pointer 
FAIL: g77.f-torture/execute/io0.f execution,  -O3 -g 
FAIL: g77.f-torture/execute/io0.f execution,  -Os 
FAIL: g77.f-torture/execute/io1.f execution,  -O0 
FAIL: g77.f-torture/execute/io1.f execution,  -O1 
FAIL: g77.f-torture/execute/io1.f execution,  -O2 
FAIL: g77.f-torture/execute/io1.f execution,  -O3 -fomit-frame-pointer 
FAIL: g77.f-torture/execute/io1.f execution,  -O3 -g 
FAIL: g77.f-torture/execute/io1.f execution,  -Os 

		=== g77 Summary for unix/-threads ===

# of expected passes		915
# of unexpected failures	18
# of unsupported tests		8

Running target unix/-fPIC
FAIL: g77.f-torture/compile/alpha1.f,  -O0  
FAIL: g77.f-torture/compile/alpha1.f,  -O1  
FAIL: g77.f-torture/compile/alpha1.f,  -O2  
FAIL: g77.f-torture/compile/alpha1.f,  -O3 -fomit-frame-pointer  
FAIL: g77.f-torture/compile/alpha1.f,  -O3 -g  
FAIL: g77.f-torture/compile/alpha1.f,  -Os  
FAIL: g77.f-torture/execute/io0.f execution,  -O0 
FAIL: g77.f-torture/execute/io0.f execution,  -O1 
FAIL: g77.f-torture/execute/io0.f execution,  -O2 
FAIL: g77.f-torture/execute/io0.f execution,  -O3 -fomit-frame-pointer 
FAIL: g77.f-torture/execute/io0.f execution,  -O3 -g 
FAIL: g77.f-torture/execute/io0.f execution,  -Os 
FAIL: g77.f-torture/execute/io1.f execution,  -O0 
FAIL: g77.f-torture/execute/io1.f execution,  -O1 
FAIL: g77.f-torture/execute/io1.f execution,  -O2 
FAIL: g77.f-torture/execute/io1.f execution,  -O3 -fomit-frame-pointer 
FAIL: g77.f-torture/execute/io1.f execution,  -O3 -g 
FAIL: g77.f-torture/execute/io1.f execution,  -Os 

		=== g77 Summary for unix/-fPIC ===

# of expected passes		915
# of unexpected failures	18
# of unsupported tests		8

Running target unix
FAIL: g77.f-torture/compile/alpha1.f,  -O0  
FAIL: g77.f-torture/compile/alpha1.f,  -O1  
FAIL: g77.f-torture/compile/alpha1.f,  -O2  
FAIL: g77.f-torture/compile/alpha1.f,  -O3 -fomit-frame-pointer  
FAIL: g77.f-torture/compile/alpha1.f,  -O3 -g  
FAIL: g77.f-torture/compile/alpha1.f,  -Os  
FAIL: g77.f-torture/execute/io0.f execution,  -O0 
FAIL: g77.f-torture/execute/io0.f execution,  -O1 
FAIL: g77.f-torture/execute/io0.f execution,  -O2 
FAIL: g77.f-torture/execute/io0.f execution,  -O3 -fomit-frame-pointer 
FAIL: g77.f-torture/execute/io0.f execution,  -O3 -g 
FAIL: g77.f-torture/execute/io0.f execution,  -Os 
FAIL: g77.f-torture/execute/io1.f execution,  -O0 
FAIL: g77.f-torture/execute/io1.f execution,  -O1 
FAIL: g77.f-torture/execute/io1.f execution,  -O2 
FAIL: g77.f-torture/execute/io1.f execution,  -O3 -fomit-frame-pointer 
FAIL: g77.f-torture/execute/io1.f execution,  -O3 -g 
FAIL: g77.f-torture/execute/io1.f execution,  -Os 

		=== g77 Summary for unix ===

# of expected passes		915
# of unexpected failures	18
# of unsupported tests		8

		=== g77 Summary ===

# of expected passes		2745
# of unexpected failures	54
# of unsupported tests		24
		=== gcc tests ===


Running target unix/-threads
XPASS: gcc.c-torture/execute/20010114-2.c execution,  -O0 
XPASS: gcc.c-torture/execute/20010114-2.c execution,  -O1 
XPASS: gcc.c-torture/execute/20010114-2.c execution,  -O2 
XPASS: gcc.c-torture/execute/20010114-2.c execution,  -O3 -fomit-frame-pointer 
XPASS: gcc.c-torture/execute/20010114-2.c execution,  -O3 -g 
XPASS: gcc.c-torture/execute/20010114-2.c execution,  -Os 
FAIL: gcc.c-torture/execute/20010119-1.c compilation,  -O1 
FAIL: gcc.c-torture/execute/20010119-1.c compilation,  -O2 
FAIL: gcc.c-torture/execute/20010119-1.c compilation,  -O3 -fomit-frame-pointer 
FAIL: gcc.c-torture/execute/20010119-1.c compilation,  -O3 -fomit-frame-pointer -funroll-loops 
FAIL: gcc.c-torture/execute/20010119-1.c compilation,  -O3 -fomit-frame-pointer -funroll-all-loops -finline-functions 
FAIL: gcc.c-torture/execute/20010119-1.c compilation,  -O3 -g 
FAIL: gcc.c-torture/execute/20010119-1.c compilation,  -Os 
FAIL: gcc.c-torture/execute/20010122-1.c execution,  -O0 
FAIL: gcc.c-torture/execute/20010122-1.c execution,  -O1 
FAIL: gcc.c-torture/execute/20010122-1.c execution,  -O2 
FAIL: gcc.c-torture/execute/20010122-1.c execution,  -O3 -fomit-frame-pointer 
FAIL: gcc.c-torture/execute/20010122-1.c execution,  -O3 -fomit-frame-pointer -funroll-loops 
FAIL: gcc.c-torture/execute/20010122-1.c execution,  -O3 -fomit-frame-pointer -funroll-all-loops -finline-functions 
FAIL: gcc.c-torture/execute/20010122-1.c execution,  -O3 -g 
FAIL: gcc.c-torture/execute/20010122-1.c execution,  -Os 
XPASS: gcc.c-torture/execute/loop-2b.c execution,  -O0 
XPASS: gcc.c-torture/execute/loop-2b.c execution,  -O1 
XPASS: gcc.c-torture/execute/loop-2b.c execution,  -O2 
XPASS: gcc.c-torture/execute/loop-2b.c execution,  -O3 -fomit-frame-pointer 
XPASS: gcc.c-torture/execute/loop-2b.c execution,  -O3 -fomit-frame-pointer -funroll-loops 
XPASS: gcc.c-torture/execute/loop-2b.c execution,  -O3 -fomit-frame-pointer -funroll-all-loops -finline-functions 
XPASS: gcc.c-torture/execute/loop-2b.c execution,  -O3 -g 
XPASS: gcc.c-torture/execute/loop-2b.c execution,  -Os 
FAIL: gcc.c-torture/execute/strct-stdarg-1.c execution,  -O0 
FAIL: gcc.c-torture/execute/strct-stdarg-1.c execution,  -O1 
FAIL: gcc.c-torture/execute/strct-stdarg-1.c execution,  -O2 
FAIL: gcc.c-torture/execute/strct-stdarg-1.c execution,  -O3 -fomit-frame-pointer 
FAIL: gcc.c-torture/execute/strct-stdarg-1.c execution,  -O3 -fomit-frame-pointer -funroll-loops 
FAIL: gcc.c-torture/execute/strct-stdarg-1.c execution,  -O3 -fomit-frame-pointer -funroll-all-loops -finline-functions 
FAIL: gcc.c-torture/execute/strct-stdarg-1.c execution,  -O3 -g 
FAIL: gcc.c-torture/execute/strct-stdarg-1.c execution,  -Os 
FAIL: gcc.c-torture/execute/ieee/mzero2.c execution,  -O1 
FAIL: gcc.c-torture/execute/ieee/mzero2.c execution,  -O2 
FAIL: gcc.c-torture/execute/ieee/mzero2.c execution,  -O3 -fomit-frame-pointer 
FAIL: gcc.c-torture/execute/ieee/mzero2.c execution,  -O3 -g 
FAIL: gcc.c-torture/execute/ieee/mzero2.c execution,  -Os 
FAIL: gcc.dg/asm-fs-1.c (test for excess errors)
FAIL: gcc.dg/asm-names.c (test for excess errors)

		=== gcc Summary for unix/-threads ===

# of expected passes		15044
# of unexpected failures	30
# of unexpected successes	14
# of expected failures		87
# of unresolved testcases	10
# of unsupported tests		58

Running target unix/-fPIC
XPASS: gcc.c-torture/execute/20010114-2.c execution,  -O0 
XPASS: gcc.c-torture/execute/20010114-2.c execution,  -O1 
XPASS: gcc.c-torture/execute/20010114-2.c execution,  -O2 
XPASS: gcc.c-torture/execute/20010114-2.c execution,  -O3 -fomit-frame-pointer 
XPASS: gcc.c-torture/execute/20010114-2.c execution,  -O3 -g 
XPASS: gcc.c-torture/execute/20010114-2.c execution,  -Os 
FAIL: gcc.c-torture/execute/20010119-1.c compilation,  -O1 
FAIL: gcc.c-torture/execute/20010119-1.c compilation,  -O2 
FAIL: gcc.c-torture/execute/20010119-1.c compilation,  -O3 -fomit-frame-pointer 
FAIL: gcc.c-torture/execute/20010119-1.c compilation,  -O3 -fomit-frame-pointer -funroll-loops 
FAIL: gcc.c-torture/execute/20010119-1.c compilation,  -O3 -fomit-frame-pointer -funroll-all-loops -finline-functions 
FAIL: gcc.c-torture/execute/20010119-1.c compilation,  -O3 -g 
FAIL: gcc.c-torture/execute/20010119-1.c compilation,  -Os 
FAIL: gcc.c-torture/execute/20010122-1.c execution,  -O0 
FAIL: gcc.c-torture/execute/20010122-1.c execution,  -O1 
FAIL: gcc.c-torture/execute/20010122-1.c execution,  -O2 
FAIL: gcc.c-torture/execute/20010122-1.c execution,  -O3 -fomit-frame-pointer 
FAIL: gcc.c-torture/execute/20010122-1.c execution,  -O3 -fomit-frame-pointer -funroll-loops 
FAIL: gcc.c-torture/execute/20010122-1.c execution,  -O3 -fomit-frame-pointer -funroll-all-loops -finline-functions 
FAIL: gcc.c-torture/execute/20010122-1.c execution,  -O3 -g 
FAIL: gcc.c-torture/execute/20010122-1.c execution,  -Os 
XPASS: gcc.c-torture/execute/loop-2b.c execution,  -O0 
XPASS: gcc.c-torture/execute/loop-2b.c execution,  -O1 
XPASS: gcc.c-torture/execute/loop-2b.c execution,  -O2 
XPASS: gcc.c-torture/execute/loop-2b.c execution,  -O3 -fomit-frame-pointer 
XPASS: gcc.c-torture/execute/loop-2b.c execution,  -O3 -fomit-frame-pointer -funroll-loops 
XPASS: gcc.c-torture/execute/loop-2b.c execution,  -O3 -fomit-frame-pointer -funroll-all-loops -finline-functions 
XPASS: gcc.c-torture/execute/loop-2b.c execution,  -O3 -g 
XPASS: gcc.c-torture/execute/loop-2b.c execution,  -Os 
FAIL: gcc.c-torture/execute/strct-stdarg-1.c execution,  -O0 
FAIL: gcc.c-torture/execute/strct-stdarg-1.c execution,  -O1 
FAIL: gcc.c-torture/execute/strct-stdarg-1.c execution,  -O2 
FAIL: gcc.c-torture/execute/strct-stdarg-1.c execution,  -O3 -fomit-frame-pointer 
FAIL: gcc.c-torture/execute/strct-stdarg-1.c execution,  -O3 -fomit-frame-pointer -funroll-loops 
FAIL: gcc.c-torture/execute/strct-stdarg-1.c execution,  -O3 -fomit-frame-pointer -funroll-all-loops -finline-functions 
FAIL: gcc.c-torture/execute/strct-stdarg-1.c execution,  -O3 -g 
FAIL: gcc.c-torture/execute/strct-stdarg-1.c execution,  -Os 
FAIL: gcc.c-torture/execute/ieee/mzero2.c execution,  -O1 
FAIL: gcc.c-torture/execute/ieee/mzero2.c execution,  -O2 
FAIL: gcc.c-torture/execute/ieee/mzero2.c execution,  -O3 -fomit-frame-pointer 
FAIL: gcc.c-torture/execute/ieee/mzero2.c execution,  -O3 -g 
FAIL: gcc.c-torture/execute/ieee/mzero2.c execution,  -Os 
FAIL: gcc.dg/asm-fs-1.c (test for excess errors)
FAIL: gcc.dg/asm-names.c (test for excess errors)

		=== gcc Summary for unix/-fPIC ===

# of expected passes		15044
# of unexpected failures	30
# of unexpected successes	14
# of expected failures		87
# of unresolved testcases	10
# of unsupported tests		58

Running target unix
XPASS: gcc.c-torture/execute/20010114-2.c execution,  -O0 
XPASS: gcc.c-torture/execute/20010114-2.c execution,  -O1 
XPASS: gcc.c-torture/execute/20010114-2.c execution,  -O2 
XPASS: gcc.c-torture/execute/20010114-2.c execution,  -O3 -fomit-frame-pointer 
XPASS: gcc.c-torture/execute/20010114-2.c execution,  -O3 -g 
XPASS: gcc.c-torture/execute/20010114-2.c execution,  -Os 
FAIL: gcc.c-torture/execute/20010119-1.c compilation,  -O1 
FAIL: gcc.c-torture/execute/20010119-1.c compilation,  -O2 
FAIL: gcc.c-torture/execute/20010119-1.c compilation,  -O3 -fomit-frame-pointer 
FAIL: gcc.c-torture/execute/20010119-1.c compilation,  -O3 -fomit-frame-pointer -funroll-loops 
FAIL: gcc.c-torture/execute/20010119-1.c compilation,  -O3 -fomit-frame-pointer -funroll-all-loops -finline-functions 
FAIL: gcc.c-torture/execute/20010119-1.c compilation,  -O3 -g 
FAIL: gcc.c-torture/execute/20010119-1.c compilation,  -Os 
FAIL: gcc.c-torture/execute/20010122-1.c execution,  -O0 
FAIL: gcc.c-torture/execute/20010122-1.c execution,  -O1 
FAIL: gcc.c-torture/execute/20010122-1.c execution,  -O2 
FAIL: gcc.c-torture/execute/20010122-1.c execution,  -O3 -fomit-frame-pointer 
FAIL: gcc.c-torture/execute/20010122-1.c execution,  -O3 -fomit-frame-pointer -funroll-loops 
FAIL: gcc.c-torture/execute/20010122-1.c execution,  -O3 -fomit-frame-pointer -funroll-all-loops -finline-functions 
FAIL: gcc.c-torture/execute/20010122-1.c execution,  -O3 -g 
FAIL: gcc.c-torture/execute/20010122-1.c execution,  -Os 
XPASS: gcc.c-torture/execute/loop-2b.c execution,  -O0 
XPASS: gcc.c-torture/execute/loop-2b.c execution,  -O1 
XPASS: gcc.c-torture/execute/loop-2b.c execution,  -O2 
XPASS: gcc.c-torture/execute/loop-2b.c execution,  -O3 -fomit-frame-pointer 
XPASS: gcc.c-torture/execute/loop-2b.c execution,  -O3 -fomit-frame-pointer -funroll-loops 
XPASS: gcc.c-torture/execute/loop-2b.c execution,  -O3 -fomit-frame-pointer -funroll-all-loops -finline-functions 
XPASS: gcc.c-torture/execute/loop-2b.c execution,  -O3 -g 
XPASS: gcc.c-torture/execute/loop-2b.c execution,  -Os 
FAIL: gcc.c-torture/execute/strct-stdarg-1.c execution,  -O0 
FAIL: gcc.c-torture/execute/strct-stdarg-1.c execution,  -O1 
FAIL: gcc.c-torture/execute/strct-stdarg-1.c execution,  -O2 
FAIL: gcc.c-torture/execute/strct-stdarg-1.c execution,  -O3 -fomit-frame-pointer 
FAIL: gcc.c-torture/execute/strct-stdarg-1.c execution,  -O3 -fomit-frame-pointer -funroll-loops 
FAIL: gcc.c-torture/execute/strct-stdarg-1.c execution,  -O3 -fomit-frame-pointer -funroll-all-loops -finline-functions 
FAIL: gcc.c-torture/execute/strct-stdarg-1.c execution,  -O3 -g 
FAIL: gcc.c-torture/execute/strct-stdarg-1.c execution,  -Os 
FAIL: gcc.c-torture/execute/ieee/mzero2.c execution,  -O1 
FAIL: gcc.c-torture/execute/ieee/mzero2.c execution,  -O2 
FAIL: gcc.c-torture/execute/ieee/mzero2.c execution,  -O3 -fomit-frame-pointer 
FAIL: gcc.c-torture/execute/ieee/mzero2.c execution,  -O3 -g 
FAIL: gcc.c-torture/execute/ieee/mzero2.c execution,  -Os 
FAIL: gcc.dg/asm-fs-1.c (test for excess errors)
FAIL: gcc.dg/asm-names.c (test for excess errors)

		=== gcc Summary for unix ===

# of expected passes		15044
# of unexpected failures	30
# of unexpected successes	14
# of expected failures		87
# of unresolved testcases	10
# of unsupported tests		58

		=== gcc Summary ===

# of expected passes		45132
# of unexpected failures	90
# of unexpected successes	42
# of expected failures		261
# of unresolved testcases	30
# of unsupported tests		174
/xxx/gnu/gcc-3.0/objdir/gcc/xgcc version 3.0 20010529 (prerelease)

		=== objc tests ===


Running target unix/-threads

		=== objc Summary for unix/-threads ===

# of expected passes		145
# of expected failures		1

Running target unix/-fPIC

		=== objc Summary for unix/-fPIC ===

# of expected passes		145
# of expected failures		1

Running target unix

		=== objc Summary for unix ===

# of expected passes		145
# of expected failures		1

		=== objc Summary ===

# of expected passes		435
# of expected failures		3
/xxx/gnu/gcc-3.0/objdir/gcc/xgcc version 3.0 20010529 (prerelease)

		=== libstdc++-v3 tests ===


Running target unix/-threads
FAIL: 21_strings/capacity.cc (test for excess errors)
FAIL: 22_locale/ctype_char_members.cc execution test
FAIL: 22_locale/numpunct.cc (test for excess errors)
XPASS: 26_numerics/c99_classification_macros_c.cc (test for excess errors)
FAIL: 27_io/filebuf.cc execution test

		=== libstdc++-v3 Summary for unix/-threads ===

# of expected passes		233
# of unexpected failures	4
# of unexpected successes	1
# of expected failures		7

Running target unix/-fPIC
FAIL: 21_strings/capacity.cc (test for excess errors)
FAIL: 22_locale/ctype_char_members.cc execution test
FAIL: 22_locale/numpunct.cc (test for excess errors)
XPASS: 26_numerics/c99_classification_macros_c.cc (test for excess errors)
FAIL: 27_io/fpos.cc execution test
FAIL: 27_io/istream_seeks.cc execution test

		=== libstdc++-v3 Summary for unix/-fPIC ===

# of expected passes		232
# of unexpected failures	5
# of unexpected successes	1
# of expected failures		7

Running target unix
FAIL: 21_strings/capacity.cc (test for excess errors)
FAIL: 22_locale/ctype_char_members.cc execution test
FAIL: 22_locale/numpunct.cc (test for excess errors)
XPASS: 26_numerics/c99_classification_macros_c.cc (test for excess errors)
FAIL: 27_io/filebuf.cc execution test

		=== libstdc++-v3 Summary for unix ===

# of expected passes		233
# of unexpected failures	4
# of unexpected successes	1
# of expected failures		7

		=== libstdc++-v3 Summary ===

# of expected passes		698
# of unexpected failures	13
# of unexpected successes	3
# of expected failures		21

Compiler version: 3.0 20010529 (prerelease) 
Platform: hppa1.1-hp-hpux10.20
configure flags: --host=hppa1.1-hp-hpux10.20 --with-gnu-as --enable-shared --enable-threads --enable-debug=no


Index Nav: [Date Index] [Subject Index] [Author Index] [Thread Index]
Message Nav: [Date Prev] [Date Next] [Thread Prev] [Thread Next]