This is the mail archive of the
gcc-testresults@gcc.gnu.org
mailing list for the GCC project.
Results for 3.0 20010423 (prerelease) testsuite on sparc-sun-solaris2.5.1
- To: gcc-testresults at gcc dot gnu dot org
- Subject: Results for 3.0 20010423 (prerelease) testsuite on sparc-sun-solaris2.5.1
- From: RDBrown at mira dot net
- Date: Fri, 27 Apr 2001 10:50:04 +1000
Native configuration is sparc-sun-solaris2.5.1
=== gcc tests ===
Running target unix
FAIL: gcc.c-torture/compile/20001226-1.c, -O1
FAIL: gcc.c-torture/compile/20001226-1.c, -O2
FAIL: gcc.c-torture/compile/20001226-1.c, -O3 -fomit-frame-pointer
FAIL: gcc.c-torture/compile/20001226-1.c, -O3 -g
FAIL: gcc.c-torture/compile/20001226-1.c, -Os
FAIL: gcc.c-torture/execute/20010122-1.c execution, -O3 -fomit-frame-pointer
FAIL: gcc.c-torture/execute/20010122-1.c execution, -O3 -fomit-frame-pointer -funroll-loops
FAIL: gcc.c-torture/execute/20010122-1.c execution, -O3 -fomit-frame-pointer -funroll-all-loops -finline-functions
FAIL: gcc.c-torture/execute/20010122-1.c execution, -O3 -g
FAIL: gcc.c-torture/execute/20010123-1.c execution, -O0
FAIL: gcc.c-torture/execute/20010123-1.c execution, -O1
FAIL: gcc.c-torture/execute/20010123-1.c execution, -O2
FAIL: gcc.c-torture/execute/20010123-1.c execution, -O3 -fomit-frame-pointer
FAIL: gcc.c-torture/execute/20010123-1.c execution, -O3 -fomit-frame-pointer -funroll-loops
FAIL: gcc.c-torture/execute/20010123-1.c execution, -O3 -fomit-frame-pointer -funroll-all-loops -finline-functions
FAIL: gcc.c-torture/execute/20010123-1.c execution, -O3 -g
FAIL: gcc.c-torture/execute/20010123-1.c execution, -Os
FAIL: gcc.c-torture/execute/960215-1.c execution, -O1
FAIL: gcc.c-torture/execute/960215-1.c execution, -O2
FAIL: gcc.c-torture/execute/960215-1.c execution, -O3 -fomit-frame-pointer
FAIL: gcc.c-torture/execute/960215-1.c execution, -O3 -g
FAIL: gcc.c-torture/execute/960215-1.c execution, -Os
FAIL: gcc.c-torture/execute/regstack-1.c execution, -O1
FAIL: gcc.c-torture/execute/regstack-1.c execution, -O2
FAIL: gcc.c-torture/execute/regstack-1.c execution, -O3 -fomit-frame-pointer
FAIL: gcc.c-torture/execute/regstack-1.c execution, -O3 -g
FAIL: gcc.c-torture/execute/regstack-1.c execution, -Os
FAIL: gcc.dg/20001013-1.c (test for excess errors)
FAIL: gcc.dg/c99-float-1.c (test for excess errors)
FAIL: gcc.dg/sequence-pt-1.c sequence point warning (test for warnings, line 59)
=== gcc Summary ===
# of expected passes 15053
# of unexpected failures 30
# of expected failures 72
# of unsupported tests 47
/devel/src/gcc-20010423.chk/gcc/xgcc version 3.0 20010423 (prerelease)
=== g++ tests ===
+: pass, -b: build failure, -r: run failure, x: disabled
------------------------------------------------------------------------
static shared test
------------------------------------------------------------------------
-b -b 17_intro/header_ciso646.cc
+ + 17_intro/header_cstdio.cc
+ + 17_intro/header_cstdlib.cc
+ + 17_intro/header_cstring.cc
+ + 17_intro/header_ctime.cc
+ + 17_intro/header_cwchar.cc
+ + 17_intro/header_cwctype.cc
+ + 17_intro/header_fstream.cc
+ + 17_intro/header_iomanip.cc
+ + 17_intro/header_ios.cc
+ + 17_intro/header_iosfwd.cc
+ + 17_intro/header_iostream.cc
+ + 17_intro/header_istream.cc
+ + 17_intro/header_ostream.cc
+ + 17_intro/header_sstream.cc
+ + 17_intro/header_streambuf.cc
-b -b 17_intro/headers.cc
-b -b 17_intro/headers_c++.cc
-b -b 17_intro/headers_c.cc
+ + 18_support/numeric_limits.cc
+ + 19_diagnostics/stdexceptions.cc
+ + 20_util/auto_ptr.cc
+ + 21_strings/append.cc
+ + 21_strings/capacity.cc
+ + 21_strings/char_traits_requirements.cc
+ + 21_strings/char_traits_typedefs.cc
+ + 21_strings/compare.cc
+ + 21_strings/ctor_copy_dtor.cc
+ + 21_strings/element_access.cc
+ + 21_strings/find.cc
+ + 21_strings/insert.cc
+ + 21_strings/inserters_extractors.cc
+ + 21_strings/invariants.cc
+ + 21_strings/nonmember.cc
+ + 21_strings/operations.cc
+ + 21_strings/replace.cc
+ + 21_strings/rfind.cc
+ + 21_strings/substr.cc
+ + 22_locale/codecvt_char_char.cc
+ + 22_locale/codecvt_unicode_char.cc
+ + 22_locale/codecvt_unicode_wchar_t.cc
+ + 22_locale/codecvt_wchar_t_char.cc
+ + 22_locale/ctor_copy_dtor.cc
+ + 22_locale/ctype.cc
+ + 22_locale/ctype_char_members.cc
+ + 22_locale/ctype_wchar_t_members.cc
+ + 22_locale/facet.cc
+ + 22_locale/global_templates.cc
+ + 22_locale/members.cc
+ + 22_locale/numpunct.cc
+ + 22_locale/numpunct_byname.cc
+ + 22_locale/numpunct_char_members.cc
+ + 22_locale/operators.cc
+ + 22_locale/static_members.cc
+ + 23_containers/bitset_ctor.cc
+ + 23_containers/bitset_shift.cc
-b -b 23_containers/map_operators.cc
+ + 23_containers/multiset.cc
-b -b 23_containers/set_operators.cc
+ + 23_containers/vector_capacity.cc
+ + 23_containers/vector_ctor.cc
+ + 23_containers/vector_element_access.cc
+ + 23_containers/vector_modifiers.cc
+ + 24_iterators/istreambuf_iterator.cc
+ + 24_iterators/iterator.cc
+ + 25_algorithms/equal.cc
+ + 25_algorithms/lower_bound.cc
+ + 25_algorithms/min_max.cc
+ + 26_numerics/binary_closure.cc
+ + 26_numerics/buggy_complex.cc
+ + 26_numerics/c99_macros.cc
+ + 26_numerics/c_math.cc
+ + 26_numerics/complex_inserters_extractors.cc
+ + 26_numerics/complex_value.cc
+ + 26_numerics/valarray.cc
-b -b 27_io/filebuf.cc
-r -r 27_io/filebuf_members.cc
+ + 27_io/fpos.cc
-r -r 27_io/ifstream_members.cc
+ + 27_io/ios_base_callbacks.cc
-r -r 27_io/ios_base_members_static.cc
+ + 27_io/ios_base_storage.cc
+ + 27_io/ios_ctor.cc
+ + 27_io/ios_manip_basefield.cc
+ + 27_io/ios_manip_fmtflags.cc
+ + 27_io/ios_members.cc
+ + 27_io/istream.cc
+ + 27_io/istream_extractor_arith.cc
-r -r 27_io/istream_extractor_char.cc
+ + 27_io/istream_extractor_other.cc
+ + 27_io/istream_manip.cc
-b -b 27_io/istream_seeks.cc
+ + 27_io/istream_sentry.cc
diff: ./istream_unformatted-2.txt: No such file or directory
+ diff: ./istream_unformatted-2.txt: No such file or directory
+ 27_io/istream_unformatted.cc
+ + 27_io/istringstream_members.cc
-b -b 27_io/narrow_stream_objects.cc
+ + 27_io/ofstream_members.cc
+ + 27_io/ostream.cc
+ + 27_io/ostream_inserter_arith.cc
+ + 27_io/ostream_inserter_char.cc
+ + 27_io/ostream_inserter_other.cc
+ + 27_io/ostream_manip.cc
+ + 27_io/ostream_seeks.cc
+ + 27_io/ostream_unformatted.cc
+ + 27_io/streambuf.cc
+ + 27_io/stringbuf.cc
+ + 27_io/stringstream.cc
-b -b 27_io/wide_stream_objects.cc
+ + ext/headers.cc
testrun == 17221 seconds
Running target unix
FAIL: g++.ext/instantiate1.C not instantiated (test for errors, line 20)
FAIL: g++.other/crash31.C parse error (test for errors, line 11)
FAIL: g++.other/crash31.C (test for excess errors)
FAIL: g++.other/headers1.C (test for excess errors)
FAIL: g++.pt/static11.C Execution test
=== g++ Summary ===
# of expected passes 6412
# of unexpected failures 5
# of expected failures 87
# of untested testcases 18
/devel/src/gcc-20010423.chk/gcc/testsuite/../g++ version 3.0 20010423 (prerelease)
=== g77 tests ===
Running target unix
=== g77 Summary ===
# of expected passes 925
# of unsupported tests 8
=== objc tests ===
Running target unix
FAIL: objc/execute/IMP.m compilation, -O
FAIL: objc/execute/_cmd.m compilation, -O
FAIL: objc/execute/accessing_ivars.m compilation, -O
FAIL: objc/execute/bf-1.m compilation, -O
FAIL: objc/execute/bf-10.m compilation, -O
FAIL: objc/execute/bf-11.m compilation, -O
FAIL: objc/execute/bf-12.m compilation, -O
FAIL: objc/execute/bf-13.m compilation, -O
FAIL: objc/execute/bf-14.m compilation, -O
FAIL: objc/execute/bf-15.m compilation, -O
FAIL: objc/execute/bf-16.m compilation, -O
FAIL: objc/execute/bf-17.m compilation, -O
FAIL: objc/execute/bf-18.m compilation, -O
FAIL: objc/execute/bf-19.m compilation, -O
FAIL: objc/execute/bf-2.m compilation, -O
FAIL: objc/execute/bf-20.m compilation, -O
FAIL: objc/execute/bf-3.m compilation, -O
FAIL: objc/execute/bf-4.m compilation, -O
FAIL: objc/execute/bf-5.m compilation, -O
FAIL: objc/execute/bf-6.m compilation, -O
FAIL: objc/execute/bf-7.m compilation, -O
FAIL: objc/execute/bf-8.m compilation, -O
FAIL: objc/execute/bf-9.m compilation, -O
FAIL: objc/execute/bycopy-1.m compilation, -O
FAIL: objc/execute/bycopy-2.m compilation, -O
FAIL: objc/execute/bycopy-3.m compilation, -O
FAIL: objc/execute/class-1.m compilation, -O
FAIL: objc/execute/class-10.m compilation, -O
FAIL: objc/execute/class-11.m compilation, -O
FAIL: objc/execute/class-12.m compilation, -O
FAIL: objc/execute/class-13.m compilation, -O
FAIL: objc/execute/class-14.m compilation, -O
FAIL: objc/execute/class-2.m compilation, -O
FAIL: objc/execute/class-3.m compilation, -O
FAIL: objc/execute/class-4.m compilation, -O
FAIL: objc/execute/class-5.m compilation, -O
FAIL: objc/execute/class-6.m compilation, -O
FAIL: objc/execute/class-7.m compilation, -O
FAIL: objc/execute/class-8.m compilation, -O
FAIL: objc/execute/class-9.m compilation, -O
FAIL: objc/execute/compatibility_alias.m compilation, -O
FAIL: objc/execute/fdecl.m compilation, -O
FAIL: objc/execute/formal_protocol-1.m compilation, -O
FAIL: objc/execute/formal_protocol-2.m compilation, -O
FAIL: objc/execute/formal_protocol-3.m compilation, -O
FAIL: objc/execute/formal_protocol-4.m compilation, -O
FAIL: objc/execute/formal_protocol-5.m compilation, -O
FAIL: objc/execute/formal_protocol-6.m compilation, -O
FAIL: objc/execute/formal_protocol-7.m compilation, -O
FAIL: objc/execute/initialize.m compilation, -O
FAIL: objc/execute/load.m compilation, -O
FAIL: objc/execute/many_args_method.m compilation, -O
FAIL: objc/execute/nested-3.m compilation, -O
FAIL: objc/execute/no_clash.m compilation, -O
FAIL: objc/execute/np-1.m compilation, -O
FAIL: objc/execute/np-2.m compilation, -O
FAIL: objc/execute/private.m compilation, -O
FAIL: objc/execute/protocol.m compilation, -O
FAIL: objc/execute/redefining_self.m compilation, -O
FAIL: objc/execute/root_methods.m compilation, -O
FAIL: objc/execute/selector-1.m compilation, -O
FAIL: objc/execute/static-1.m compilation, -O
FAIL: objc/execute/static-2.m compilation, -O
FAIL: objc/execute/string1.m compilation, -O
FAIL: objc/execute/string2.m compilation, -O
FAIL: objc/execute/string3.m compilation, -O
FAIL: objc/execute/string4.m compilation, -O
FAIL: objc/execute/va_method.m compilation, -O
=== objc Summary ===
# of expected passes 10
# of unexpected failures 68
# of untested testcases 68
/devel/src/gcc-20010423.chk/gcc/xgcc version 3.0 20010423 (prerelease)
Compiler version: 3.0 20010423 (prerelease)
Platform: sparc-sun-solaris2.5.1
configure flags: --host=sparc-sun-solaris2.5.1 --enable-checking --with-gnu-as --with-gnu-ld
Counting all warnings,
there are 102 warnings in stage3 of this bootstrap.
Number of warnings per file:
29 gcc/combine.c
6 gcc/libgcc2.c
6 gcc/frame-dwarf2.c
6 gcc/cse.c
6 gcc/cp/pt.c
5 gcc/reload1.c
5 gcc/expr.c
5 gcc/cp/error.c
4 gcc/gcc.c
4 gcc/cp/call.c
4 gcc/config/sparc/sparc.c
2 gcc/reload.c
2 gcc/function.c
2 gcc/fold-const.c
2 gcc/alias.c
1 gcc/sched-deps.c
1 gcc/regmove.c
1 gcc/objc/lang-specs.h
1 gcc/ggc-page.c
1 gcc/flow.c
1 gcc/final.c
1 gcc/f/lang-specs.h
1 gcc/expmed.c
1 gcc/dwarfout.c
1 gcc/cppfiles.c
1 gcc/cp/typeck2.c
1 gcc/cp/lang-specs.h
1 gcc/cp/init.c
1 gcc/cp/errfn.c
Number of warning types:
52 comparison between signed and unsigned
11 signed and unsigned type in conditional expression
10 \`???' might be used uninitialized in this function
7 string length \`???' is greater than the length \`???' ISO C89 compilers are required to support
5 initialization from incompatible pointer type
5 (near initialization for \`???')
4 implicit declaration of function \`???'
3 missing braces around initializer
2 missing initializer
1 pointer targets in passing arg ??? of \`???' differ in signedness
1 passing arg ??? of \`???' discards qualifiers from pointer target type
1 function declaration isn't a prototype