This is the mail archive of the
gcc-testresults@gcc.gnu.org
mailing list for the GCC project.
Results for 3.0 20010421 (prerelease) testsuite on i686-pc-linux-gnu
- To: dave at hiamlx dot hia dot nrc dot ca, gcc-testresults at gcc dot gnu dot org
- Subject: Results for 3.0 20010421 (prerelease) testsuite on i686-pc-linux-gnu
- From: John David Anglin <dave at hiamlx dot hia dot nrc dot ca>
- Date: Sat, 21 Apr 2001 23:06:08 -0400
Native configuration is i686-pc-linux-gnu
=== gcc tests ===
Running target unix/-fPIC
FAIL: gcc.c-torture/compile/20000804-1.c, -O0
FAIL: gcc.c-torture/execute/20010114-2.c execution, -O1
FAIL: gcc.c-torture/execute/20010114-2.c execution, -O2
FAIL: gcc.c-torture/execute/20010114-2.c execution, -O3 -fomit-frame-pointer
FAIL: gcc.c-torture/execute/20010114-2.c execution, -O3 -g
FAIL: gcc.c-torture/execute/20010114-2.c execution, -Os
FAIL: gcc.c-torture/execute/20010123-1.c execution, -O0
FAIL: gcc.c-torture/execute/20010123-1.c execution, -O1
FAIL: gcc.c-torture/execute/20010123-1.c execution, -O2
FAIL: gcc.c-torture/execute/20010123-1.c execution, -O3 -fomit-frame-pointer
FAIL: gcc.c-torture/execute/20010123-1.c execution, -O3 -fomit-frame-pointer -funroll-loops
FAIL: gcc.c-torture/execute/20010123-1.c execution, -O3 -fomit-frame-pointer -funroll-all-loops -finline-functions
FAIL: gcc.c-torture/execute/20010123-1.c execution, -O3 -g
FAIL: gcc.c-torture/execute/20010123-1.c execution, -Os
FAIL: gcc.c-torture/execute/990127-2.c execution, -O3 -fomit-frame-pointer
FAIL: gcc.c-torture/execute/990127-2.c execution, -O3 -g
FAIL: gcc.c-torture/execute/conversion.c execution, -O3 -fomit-frame-pointer
FAIL: gcc.c-torture/execute/conversion.c execution, -O3 -g
FAIL: gcc.dg/20000724-1.c execution test
FAIL: gcc.dg/asm-names.c (test for excess errors)
FAIL: gcc.dg/sequence-pt-1.c sequence point warning (test for warnings, line 59)
=== gcc Summary for unix/-fPIC ===
# of expected passes 15103
# of unexpected failures 21
# of expected failures 78
# of unsupported tests 20
Running target unix
FAIL: gcc.c-torture/execute/20010114-2.c execution, -O1
FAIL: gcc.c-torture/execute/20010114-2.c execution, -O2
FAIL: gcc.c-torture/execute/20010114-2.c execution, -Os
FAIL: gcc.c-torture/execute/20010123-1.c execution, -O0
FAIL: gcc.c-torture/execute/20010123-1.c execution, -O1
FAIL: gcc.c-torture/execute/20010123-1.c execution, -O2
FAIL: gcc.c-torture/execute/20010123-1.c execution, -O3 -fomit-frame-pointer
FAIL: gcc.c-torture/execute/20010123-1.c execution, -O3 -fomit-frame-pointer -funroll-loops
FAIL: gcc.c-torture/execute/20010123-1.c execution, -O3 -fomit-frame-pointer -funroll-all-loops -finline-functions
FAIL: gcc.c-torture/execute/20010123-1.c execution, -O3 -g
FAIL: gcc.c-torture/execute/20010123-1.c execution, -Os
FAIL: gcc.c-torture/execute/loop-2b.c execution, -O2
FAIL: gcc.dg/20000724-1.c execution test
FAIL: gcc.dg/sequence-pt-1.c sequence point warning (test for warnings, line 59)
=== gcc Summary for unix ===
# of expected passes 15110
# of unexpected failures 14
# of expected failures 78
# of unsupported tests 20
=== gcc Summary ===
# of expected passes 30213
# of unexpected failures 35
# of expected failures 156
# of unsupported tests 40
/home/dave/gnu/gcc-3.0/objdir/gcc/xgcc version 3.0 20010421 (prerelease)
=== g++ tests ===
Running target unix/-fPIC
FAIL: g++.dg/vtgc1.C (test for excess errors)
FAIL: g++.ext/instantiate1.C not instantiated (test for errors, line 20)
FAIL: g++.other/crash18.C (test for excess errors)
FAIL: g++.other/crash31.C parse error (test for errors, line 11)
FAIL: g++.other/crash31.C (test for excess errors)
FAIL: g++.pt/asm1.C (test for excess errors)
FAIL: g++.pt/asm2.C (test for excess errors)
=== g++ Summary for unix/-fPIC ===
# of expected passes 6412
# of unexpected failures 7
# of expected failures 86
# of unresolved testcases 1
# of untested testcases 9
Running target unix
FAIL: g++.ext/instantiate1.C not instantiated (test for errors, line 20)
FAIL: g++.other/crash31.C parse error (test for errors, line 11)
FAIL: g++.other/crash31.C (test for excess errors)
=== g++ Summary for unix ===
# of expected passes 6429
# of unexpected failures 3
# of expected failures 86
# of untested testcases 9
=== g++ Summary ===
# of expected passes 12841
# of unexpected failures 10
# of expected failures 172
# of unresolved testcases 1
# of untested testcases 18
/home/dave/gnu/gcc-3.0/objdir/gcc/testsuite/../g++ version 3.0 20010421 (prerelease)
=== g77 tests ===
Running target unix/-fPIC
=== g77 Summary for unix/-fPIC ===
# of expected passes 941
Running target unix
=== g77 Summary for unix ===
# of expected passes 941
=== g77 Summary ===
# of expected passes 1882
=== objc tests ===
Running target unix/-fPIC
FAIL: objc/execute/formal_protocol-5.m compilation, -O
FAIL: objc/execute/formal_protocol-6.m compilation, -O
FAIL: objc/execute/protocol.m compilation, -O
=== objc Summary for unix/-fPIC ===
# of expected passes 140
# of unexpected failures 3
# of untested testcases 3
Running target unix
FAIL: objc/execute/formal_protocol-5.m compilation, -O
FAIL: objc/execute/formal_protocol-6.m compilation, -O
FAIL: objc/execute/protocol.m compilation, -O
=== objc Summary for unix ===
# of expected passes 140
# of unexpected failures 3
# of untested testcases 3
=== objc Summary ===
# of expected passes 280
# of unexpected failures 6
# of untested testcases 6
/home/dave/gnu/gcc-3.0/objdir/gcc/xgcc version 3.0 20010421 (prerelease)
Compiler version: 3.0 20010421 (prerelease)
Platform: i686-pc-linux-gnu
configure flags: --host=i686-pc-linux-gnu --with-gnu-as --with-gnu-ld --enable-shared --enable-threads=posix