This is the mail archive of the
gcc-testresults@gcc.gnu.org
mailing list for the GCC project.
Results for 3.0 20010413 (prerelease) testsuite on alphaev6-unknown-linux-gnu
- To: gcc-testresults at gcc dot gnu dot org
- Subject: Results for 3.0 20010413 (prerelease) testsuite on alphaev6-unknown-linux-gnu
- From: Brad Lucier <lucier at popov dot math dot purdue dot edu>
- Date: Fri, 13 Apr 2001 11:15:13 -0500
Native configuration is alphaev6-unknown-linux-gnu
=== gcc tests ===
Running target unix
FAIL: gcc.c-torture/compile/20010408-1.c, -O2
FAIL: gcc.c-torture/compile/20010408-1.c, -O3 -fomit-frame-pointer
FAIL: gcc.c-torture/compile/20010408-1.c, -O3 -fomit-frame-pointer -funroll-loops
FAIL: gcc.c-torture/compile/20010408-1.c, -O3 -fomit-frame-pointer -funroll-all-loops -finline-functions
FAIL: gcc.c-torture/compile/20010408-1.c, -O3 -g
FAIL: gcc.c-torture/compile/20010408-1.c, -Os
FAIL: gcc.c-torture/execute/20010123-1.c execution, -O0
FAIL: gcc.c-torture/execute/20010123-1.c execution, -O1
FAIL: gcc.c-torture/execute/20010123-1.c execution, -O2
FAIL: gcc.c-torture/execute/20010123-1.c execution, -O3 -fomit-frame-pointer
FAIL: gcc.c-torture/execute/20010123-1.c execution, -O3 -fomit-frame-pointer -funroll-loops
FAIL: gcc.c-torture/execute/20010123-1.c execution, -O3 -fomit-frame-pointer -funroll-all-loops -finline-functions
FAIL: gcc.c-torture/execute/20010123-1.c execution, -O3 -g
FAIL: gcc.c-torture/execute/20010123-1.c execution, -Os
FAIL: gcc.c-torture/execute/20010124-1.c execution, -O0
FAIL: gcc.c-torture/execute/20010124-1.c execution, -O1
FAIL: gcc.c-torture/execute/20010124-1.c execution, -O2
FAIL: gcc.c-torture/execute/20010124-1.c execution, -O3 -fomit-frame-pointer
FAIL: gcc.c-torture/execute/20010124-1.c execution, -O3 -g
FAIL: gcc.c-torture/execute/20010124-1.c execution, -Os
XPASS: gcc.c-torture/execute/memcheck/blkarg.c execution, -O0
XPASS: gcc.c-torture/execute/memcheck/blkarg.c execution, -O1
XPASS: gcc.c-torture/execute/memcheck/blkarg.c execution, -O2
XPASS: gcc.c-torture/execute/memcheck/blkarg.c execution, -Os
FAIL: gcc.dg/sequence-pt-1.c sequence point warning (test for warnings, line 59)
=== gcc Summary ===
# of expected passes 15055
# of unexpected failures 21
# of unexpected successes 4
# of expected failures 72
# of unsupported tests 49
/export/u11/lucier/programs/gcc/objdir/gcc/xgcc version 3.0 20010413 (prerelease)
=== g++ tests ===
Running target unix
FAIL: g++.dg/vtgc1.C (test for excess errors)
FAIL: g++.eh/badalloc1.C Execution test
FAIL: g++.ext/instantiate1.C not instantiated (test for errors, line 20)
FAIL: g++.ext/instantiate1.C not instantiated (test for errors, line 22)
FAIL: g++.ext/instantiate2.C not instantiated (test for errors, line 19)
FAIL: g++.ext/instantiate3.C not instantiated (test for errors, line 13)
FAIL: g++.other/call1.C Execution test
FAIL: g++.other/crash18.C (test for excess errors)
FAIL: g++.other/crash31.C parse error (test for errors, line 11)
FAIL: g++.other/crash31.C (test for excess errors)
FAIL: g++.other/ptrmem6.C (test for excess errors)
=== g++ Summary ===
# of expected passes 6382
# of unexpected failures 11
# of expected failures 86
# of unresolved testcases 1
# of untested testcases 19
/export/u11/lucier/programs/gcc/objdir/gcc/testsuite/../g++ version 3.0 20010413 (prerelease)
=== g77 tests ===
Running target unix
FAIL: g77.f-torture/compile/20000629-1.f, -O3 -g
=== g77 Summary ===
# of expected passes 924
# of unexpected failures 1
# of unsupported tests 8
=== objc tests ===
Running target unix
FAIL: objc/execute/formal_protocol-5.m compilation, -O
FAIL: objc/execute/formal_protocol-6.m compilation, -O
FAIL: objc/execute/protocol.m compilation, -O
=== objc Summary ===
# of expected passes 140
# of unexpected failures 3
# of untested testcases 3
/export/u11/lucier/programs/gcc/objdir/gcc/xgcc version 3.0 20010413 (prerelease)
Compiler version: 3.0 20010413 (prerelease)
Platform: alphaev6-unknown-linux-gnu
configure flags: --host=alphaev6-unknown-linux-gnu
Counting all warnings,
there are 1384 warnings in stage3 of this bootstrap.
Number of warnings per file:
117 gcc/gcc.c
111 cxxmain.c
109 gcc/dwarf2out.c
83 gcc/tradcpp.c
52 gcc/varasm.c
45 gcc/objc/objc-act.c
37 gcc/combine.c
35 gcc/profile.c
34 gcc/function.c
32 gcc/expr.c
31 gcc/fold-const.c
30 gcc/gcov.c
30 gcc/expmed.c
30 gcc/config/alpha/alpha.c
27 gcc/gcse.c
27 gcc/calls.c
27 gcc/builtins.c
25 gcc/reload1.c
22 gcc/tlink.c
21 gcc/genattrtab.c
16 gcc/flow.c
15 gcc/tree.c
15 gcc/loop.c
15 gcc/cppmacro.c
14 gcc/stmt.c
14 gcc/collect2.c
13 gcc/integrate.c
13 gcc/except.c
12 gcc/cppinit.c
11 gcc/sched-rgn.c
11 gcc/final.c
11 gcc/dominance.c
11 gcc/cpplex.c
11 gcc/cppfiles.c
11 gcc/alias.c
10 gcc/toplev.c
10 gcc/emit-rtl.c
10 gcc/cpplib.c
10 gcc/c-format.c
7 gcc/unroll.c
7 gcc/ssa.c
7 gcc/prefix.c
7 gcc/c-lex.c
7 gcc/c-decl.c
7 gcc/c-common.c
6 lib/bison.simple
6 gcc/stringpool.c
6 gcc/sbitmap.c
6 gcc/global.c
6 gcc/ggc-common.c
6 gcc/cp/pt.c
5 gcc/simplify-rtx.c
5 gcc/reload.c
5 gcc/local-alloc.c
5 gcc/ggc-page.c
5 gcc/genextract.c
5 gcc/cppexp.c
5 gcc/cp/error.c
5 gcc/c-typeck.c
4 gcc/sched-vis.c
4 gcc/rtl.c
4 gcc/ifcvt.c
4 gcc/gcov-io.h
4 gcc/dependence.c
4 gcc/dbxout.c
4 gcc/cp/call.c
4 gcc/bb-reorder.c
3 tradcif.y
3 gcc/stor-layout.c
3 gcc/regclass.c
3 gcc/optabs.c
3 gcc/jump.c
3 gcc/hash.c
3 gcc/haifa-sched.c
3 gcc/genrecog.c
3 gcc/cse.c
3 gcc/cpphash.c
2 objc-parse.y
2 hashtab.c
2 gcc/sdbout.c
2 gcc/sched-deps.c
2 gcc/resource.c
2 gcc/regmove.c
2 gcc/print-tree.c
2 gcc/genflags.c
2 gcc/genattr.c
2 gcc/explow.c
2 gcc/diagnostic.c
2 gcc/dce.c
2 gcc/cp/g++spec.c
2 gcc/c-dump.c
2 gcc/c-aux-info.c
2 c-parse.y
1 gcc/varray.c
1 gcc/objc/lang-specs.h
1 gcc/mkdeps.c
1 gcc/f/lang-specs.h
1 gcc/f/g77spec.c
1 gcc/cp/typeck2.c
1 gcc/cp/method.c
1 gcc/cp/lang-specs.h
1 gcc/cp/errfn.c
1 gcc/cp/class.c
1 gcc/conflict.c
1 gcc/caller-save.c
1 gcc/c-pragma.c
1 gcc/bitmap.c
Number of warning types:
1340 passing arg ??? of \`???' with different width due to prototype
17 comparison between signed and unsigned
9 \`???' might be used uninitialized in this function
5 string length \`???' is greater than the length \`???' ISO C89 compilers are required to support
5 initialization from incompatible pointer type
1 unused variable \`???'
1 unused parameter \`???'
1 traditional C rejects string concatenation
1 pointer targets in passing arg ??? of \`???' differ in signedness
1 function declaration isn't a prototype
1 assignment discards qualifiers from pointer target type
1 \`long' switch expression not converted to \`int' in ISO C
1 \`???' declared \`static' but never defined